{"text_format":"3","workbook":"xlsx","n_sheets":7,"sheets":["Welcome","Instructions","Snapshot","Transactions","Categories","HiddenCategories","Institutions"],"not_rendered":{"charts":3,"images":2,"defined_names":10},"read":"whole","date_system":"1900"}

{"sheet":"Welcome","index":0,"n_rows":21,"n_cols":1,"rows_kept":21}
[]
["Money in Excel"]
["This template helps you see all your financial accounts in one place, make a plan, and reach your financial goals"]
["Automatically import your transactions"]
["Keep a personal record of your finances"]
["Understand your financial habits"]
["Personalize your information for your needs"]
[]
["Did you know?"]
["You must trust the Excel add-in to access Money in Excel. (The add-in is to the right of the spreadsheet.)"]
["Arrow: scroll down to learn more"]
[]
["1.Add accounts to Money in Excel"]
["2.Customize your categories to reflect your spending"]
["Arrow: keep scrolling"]
[]
["3. Quickly switch sheets and glean information with the Money in Excel pane"]
["4.Get a clear view and make a plan with templates"]
["Arrow: keep scrolling"]
[]
["5. See how spending habits add up, make changes, and reach your financial goals"]

{"sheet":"Instructions","index":1,"n_rows":43,"n_cols":2,"rows_kept":43}
[]
["Learn how to get started with Money in Excel"]
["Follow these tips and instructions to get the most out of your workbook"]
["Arrow: scroll down to learn more"]
[]
["Get started"]
[1,"Make sure the Money in Excel pane is open. If it's not, click the Money in Excel icon in on the upper right corner of your ribbon."]
[2,"Trust the add-in"]
[3,"Sign in with a Microsoft 365 Family or Personal account"]
[4,"Connect a primary financial account"]
[5,"Categorize your transactions in the Categories sheet"]
[6,"Update your workbook to sync your recent transactions"]
["Note: Money in Excel only works on desktop or web, not on mobile"]
["Arrow: keep scrolling"]
[]
["Did you know?"]
["You must trust the Excel add-in to access Money in Excel. (The add-in is to the right of the spreadsheet.)"]
[]
["Save your workbook"]
[1,"Save your workbook before closing the file"]
[2,"Name your workbook by selecting \"Save as\" and renaming the file"]
[3,"Save your file in a secure location"]
[4,"Come back to that location when you're ready to use Money in Excel"]
["Note: To share your Money in Excel workbook, the recipient needs to download the Money in Excel template, sign in with your Microsoft account credentials, and have access to your workbook (online or a local copy)"]
["Arrow: keep scrolling"]
[]
["Sheets + Money in Excel pane"]
[1,"The Money in Excel pane sits to the right of the spreadsheet and is the \"brain\" of the workbook"]
[2,"The Money in Excel pane needs to be open in order to update your workbook with new transactions, capture changes you make to your templates, and view personalized insights on your spending"]
[3,"You can also add new templates from the Money in Excel pane for Recurring Expenses and Net Worth"]
["Arrow: keep scrolling"]
[]
["Transactions sheet"]
[1,"Your transactions sheet shows transactions from financial accounts you have connected. The Money in Excel pane will tell you when there are new transactions to update. In order for updates to work correctly, you cannot add columns or rows to the table."]
[2,"Review your transactions. All transactions have already been categorized, but you can change the Category and Merchant names."]
[3,"Do not delete your Transactions spreadsheet as that will affect all of your other sheets"]
["Arrow: keep scrolling"]
[]
["Categories sheet"]
[1,"There are 18 Default Categories that cannot be changed"]
[2,"You can add custom categories. Be sure to include a Category Type."]
[3,"The categories on this spreadsheet are reflected in \"Category\" column on \"Transactions\" spreadsheet"]
[4,"Do not delete your Categories spreadsheet as that will affect all your other sheets"]

{"sheet":"Snapshot","index":2,"n_rows":200,"n_cols":50,"rows_kept":200,"merged":[[1,2,1,15],[3,2,3,14],[3,16,3,18]]}
[]
[null,null,"Snapshot",{"$nulls":13},"Choose month below"]
[]
[null,null,"See your spending trends month over month with easy to read graphs. To switch months, click on the blue date box to the right.",{"$nulls":13},"March 2021",{"$nulls":5},{"$f":"_xlfn.XLOOKUP(TEXT(Q4,\"mmmm yyyy\"),$V$7:$V$200,$W$7:$W$200)","v":{"$error":"#N/A"}},null,"Monthly Summary",{"$nulls":3},"Category","Count","Rank","Order","Category","$",null,"Display Axis","Current Mon.","$",{"$f":"TEXT(AK6,\"MMMM\")&\" Spending\"","v":{"$error":"#N/A"}},"Max Date","Last Mon.","$",{"$f":"TEXT(AO6,\"MMMM\")&\" Spending\"","v":{"$error":"#N/A"}},"Max Date",null,"Merchants","$","Trans Count","Trans Rank","$ Rank"]
[]
[{"$nulls":21},"Input","Month Filter",null,{"$f":"TEXT(ABS(Z9),\"$#,##0\")&\" \"&IF(Z7>Z8,\"less was spent compared to last month\",\"more was spent compared to last month\")","v":"$0 more was spent compared to last month"},{"$nulls":3},{"$f":"_xlfn.UNIQUE(INDEX(_xlfn._xlws.FILTER(CategoriesTable[],(CategoriesTable[Category type]=\"expense\")*(NOT(CategoriesTable[ID]=0)),\"\"),0,2),FALSE)","v":{"$error":"#REF!"}},{"$f":"SUMIFS(Table1[Amount $],Table1[Category],Snapshot!AC6,Table1[Month],Snapshot!$W$4)*-1","v":0},{"$f":"RANK(AD6,$AD$6:$AD$35,0)+COUNTIF(AD6:$AD$6,AD6)-1","v":1},1,{"$f":"IF(INDEX($AD$6:$AD$35,MATCH(AF6,$AE$6:$AE$35,0),0)=0,\"\",INDEX($AC$6:$AC$35,MATCH(AF6,$AE$6:$AE$35,0),0))","v":""},{"$f":"IF(INDEX($AD$6:$AD$35,MATCH(AF6,$AE$6:$AE$35,0),0)=0,0,INDEX($AD$6:$AD$35,MATCH(AF6,$AE$6:$AE$35,0),0))","v":0},null,{"$f":"DATE(2000,1,1)","v":"2000-01-01"},{"$f":"DATE(YEAR(W4),MONTH(W4),DAY(W4))","v":{"$error":"#N/A"}},{"$f":"SUMIFS(Table1[Amount $],Table1[Category Type],\"Expense\",Table1[Date],Snapshot!AK6)*-1","v":{"v":0,"d":"$0"}},{"$f":"IF(AK6>TODAY(),NA(),SUM(AL6:$AL$6))","v":{"$error":"#N/A"}},{"$f":"IF(OR(AK6=EOMONTH($AK$6,0),AK6=TODAY()),AM6,NA())","v":{"$error":"#N/A"}},{"$f":"DATE(YEAR(AK6),MONTH(AK6)-1,DAY(AK6))","v":{"$error":"#N/A"}},{"$f":"SUMIFS(Table1[Amount $],Table1[Category Type],\"Expense\",Table1[Date],Snapshot!AO6)*-1","v":{"v":0,"d":"$0"}},{"$f":"IF(AO6<=EOMONTH($AO$6,0),SUM(AP$6:$AP6),NA())","v":{"$error":"#N/A"}},{"$f":"IF(AO6=EOMONTH($AO$6,0),AQ6,NA())","v":{"$error":"#N/A"}},null,{"$f":"_xlfn.UNIQUE(_xlfn._xlws.FILTER(Table1[Merchant],(Table1[Merchant]<>\"\")*(Table1[Amount $]<0)*(Table1[Month]=Snapshot!$W$4)*(Table1[Category Type]=\"Expense\")))","v":{"$error":"#N/A"}},{"$f":"IF(ISBLANK(AT6),\"\",SUMIFS(Table1[Amount $],Table1[Merchant],Snapshot!AT6,Table1[Month],Snapshot!$W$4)*-1)","v":{"v":0,"d":"$0"}},{"$f":"IF(ISBLANK(AT6),\"\",COUNTIFS(Table1[Merchant],Snapshot!AT6,Table1[Month],Snapshot!$W$4))","v":0},{"$f":"IFERROR(RANK(AV6,$AV$6:$AV$200)+COUNTIF($AV$6:AV6,AV6)-1,\"\")","v":1},{"$f":"IFERROR(RANK(AU6,$AU$6:$AU$200)+COUNTIF($AU$6:AU6,AU6)-1,\"\")","v":1}]
[{"$nulls":3},"Current vs. previous month spending",{"$nulls":8},"This month's top spending categories",{"$nulls":8},{"$f":"IF(ISBLANK(W7),\"--\",TEXT(W7,\"mmmm\")&\" \"&TEXT(W7,\"YYYY\"))","v":{"$error":"#VALUE!"}},{"$f":"_xlfn._xlws.SORT(_xlfn.UNIQUE(_xlfn._xlws.FILTER(Table1[Month],Table1[Month]<>\"\",)),1,-1)","v":{"$error":"#VALUE!"}},null,{"$f":"IFERROR(TEXT(AO6,\"mmmm\"),\"--\")","v":"--"},{"$f":"SUMIFS(Table1[Amount $],Table1[Category Type],\"Expense\",Table1[Month],DATE(YEAR(Snapshot!$W$4),MONTH(Snapshot!$W$4)-1,DAY(Snapshot!$W$4)))*-1","v":{"v":0,"d":"$0"}},{"$nulls":3},{"$f":"SUMIFS(Table1[Amount $],Table1[Category],Snapshot!AC7,Table1[Month],Snapshot!$W$4)*-1","v":0},{"$f":"RANK(AD7,$AD$6:$AD$35,0)+COUNTIF(AD$6:$AD7,AD7)-1","v":2},2,{"$f":"IF(INDEX($AD$6:$AD$35,MATCH(AF7,$AE$6:$AE$35,0),0)=0,\"\",INDEX($AC$6:$AC$35,MATCH(AF7,$AE$6:$AE$35,0),0))","v":""},{"$f":"IF(INDEX($AD$6:$AD$35,MATCH(AF7,$AE$6:$AE$35,0),0)=0,0,INDEX($AD$6:$AD$35,MATCH(AF7,$AE$6:$AE$35,0),0))","v":0},null,{"$f":"DATE(YEAR(AJ6),MONTH(AJ6),DAY(AJ6)+1)","v":"2000-01-02"},{"$f":"IF(MONTH(AK6)=MONTH(DATE(YEAR(AK6),MONTH(AK6),DAY(AK6)+1)),DATE(YEAR(AK6),MONTH(AK6),DAY(AK6)+1),NA())","v":{"$error":"#N/A"}},{"$f":"SUMIFS(Table1[Amount $],Table1[Category Type],\"Expense\",Table1[Date],Snapshot!AK7)*-1","v":{"v":0,"d":"$0"}},{"$f":"IF(AK7>TODAY(),NA(),SUM(AL$6:$AL7))","v":{"$error":"#N/A"}},{"$f":"IF(OR(AK7=EOMONTH($AK$6,0),AK7=TODAY()),AM7,NA())","v":{"$error":"#N/A"}},{"$f":"IF(MONTH(AO6)=MONTH(DATE(YEAR(AO6),MONTH(AO6),DAY(AO6)+1)),DATE(YEAR(AO6),MONTH(AO6),DAY(AO6)+1),NA())","v":{"$error":"#N/A"}},{"$f":"SUMIFS(Table1[Amount $],Table1[Category Type],\"Expense\",Table1[Date],Snapshot!AO7)*-1","v":{"v":0,"d":"$0"}},{"$f":"IF(AO7<=EOMONTH($AO$6,0),SUM(AP$6:$AP7),NA())","v":{"$error":"#N/A"}},{"$f":"IF(AO7=EOMONTH($AO$6,0),AQ7,NA())","v":{"$error":"#N/A"}},null,null,{"$f":"IF(ISBLANK(AT7),\"\",SUMIFS(Table1[Amount $],Table1[Merchant],Snapshot!AT7,Table1[Month],Snapshot!$W$4)*-1)","v":""},{"$f":"IF(ISBLANK(AT7),\"\",COUNTIFS(Table1[Merchant],Snapshot!AT7,Table1[Month],Snapshot!$W$4))","v":""},{"$f":"IFERROR(RANK(AV7,$AV$6:$AV$200)+COUNTIF($AV$6:AV7,AV7)-1,\"\")","v":""},{"$f":"IFERROR(RANK(AU7,$AU$6:$AU$200)+COUNTIF($AU$6:AU7,AU7)-1,\"\")","v":""}]
[{"$nulls":3},{"$f":"Y6","v":"$0 more was spent compared to last month"},{"$nulls":8},{"$f":"Q10&\" accounts for \"&TEXT(S10/S22,\"0%\")&\" of money spent this month\"","v":{"$error":"#DIV/0!"}},{"$nulls":8},"--",null,null,{"$f":"IFERROR(TEXT(AK6,\"mmmm\"),\"--\")","v":"--"},{"$f":"SUMIFS(Table1[Amount $],Table1[Category Type],\"Expense\",Table1[Month],Snapshot!$W$4)*-1","v":{"v":0,"d":"$0"}},{"$nulls":3},{"$f":"SUMIFS(Table1[Amount $],Table1[Category],Snapshot!AC8,Table1[Month],Snapshot!$W$4)*-1","v":0},{"$f":"RANK(AD8,$AD$6:$AD$35,0)+COUNTIF(AD$6:$AD8,AD8)-1","v":3},3,{"$f":"IF(INDEX($AD$6:$AD$35,MATCH(AF8,$AE$6:$AE$35,0),0)=0,\"\",INDEX($AC$6:$AC$35,MATCH(AF8,$AE$6:$AE$35,0),0))","v":""},{"$f":"IF(INDEX($AD$6:$AD$35,MATCH(AF8,$AE$6:$AE$35,0),0)=0,0,INDEX($AD$6:$AD$35,MATCH(AF8,$AE$6:$AE$35,0),0))","v":0},null,{"$f":"DATE(YEAR(AJ7),MONTH(AJ7),DAY(AJ7)+1)","v":"2000-01-03"},{"$f":"IF(MONTH(AK7)=MONTH(DATE(YEAR(AK7),MONTH(AK7),DAY(AK7)+1)),DATE(YEAR(AK7),MONTH(AK7),DAY(AK7)+1),NA())","v":{"$error":"#N/A"}},{"$f":"SUMIFS(Table1[Amount $],Table1[Category Type],\"Expense\",Table1[Date],Snapshot!AK8)*-1","v":{"v":0,"d":"$0"}},{"$f":"IF(AK8>TODAY(),NA(),SUM(AL$6:$AL8))","v":{"$error":"#N/A"}},{"$error":"#N/A"},{"$f":"IF(MONTH(AO7)=MONTH(DATE(YEAR(AO7),MONTH(AO7),DAY(AO7)+1)),DATE(YEAR(AO7),MONTH(AO7),DAY(AO7)+1),NA())","v":{"$error":"#N/A"}},{"$f":"SUMIFS(Table1[Amount $],Table1[Category Type],\"Expense\",Table1[Date],Snapshot!AO8)*-1","v":{"v":0,"d":"$0"}},{"$f":"IF(AO8<=EOMONTH($AO$6,0),SUM(AP$6:$AP8),NA())","v":{"$error":"#N/A"}},{"$error":"#N/A"},null,null,{"$f":"IF(ISBLANK(AT8),\"\",SUMIFS(Table1[Amount $],Table1[Merchant],Snapshot!AT8,Table1[Month],Snapshot!$W$4)*-1)","v":""},{"$f":"IF(ISBLANK(AT8),\"\",COUNTIFS(Table1[Merchant],Snapshot!AT8,Table1[Month],Snapshot!$W$4))","v":""},{"$f":"IFERROR(RANK(AV8,$AV$6:$AV$200)+COUNTIF($AV$6:AV8,AV8)-1,\"\")","v":""},{"$f":"IFERROR(RANK(AU8,$AU$6:$AU$200)+COUNTIF($AU$6:AU8,AU8)-1,\"\")","v":""}]
[{"$nulls":21},{"$f":"IF(ISBLANK(W9),\"--\",TEXT(W9,\"mmmm\")&\" \"&TEXT(W9,\"YYYY\"))","v":"--"},null,null,"Difference",{"$f":"Z8-Z7","v":{"v":0,"d":"$0"}},{"$nulls":3},{"$f":"SUMIFS(Table1[Amount $],Table1[Category],Snapshot!AC9,Table1[Month],Snapshot!$W$4)*-1","v":0},{"$f":"RANK(AD9,$AD$6:$AD$35,0)+COUNTIF(AD$6:$AD9,AD9)-1","v":4},4,{"$f":"IF(INDEX($AD$6:$AD$35,MATCH(AF9,$AE$6:$AE$35,0),0)=0,\"\",INDEX($AC$6:$AC$35,MATCH(AF9,$AE$6:$AE$35,0),0))","v":""},{"$f":"IF(INDEX($AD$6:$AD$35,MATCH(AF9,$AE$6:$AE$35,0),0)=0,0,INDEX($AD$6:$AD$35,MATCH(AF9,$AE$6:$AE$35,0),0))","v":0},null,"2000-01-04",{"$error":"#N/A"},{"$f":"SUMIFS(Table1[Amount $],Table1[Category Type],\"Expense\",Table1[Date],Snapshot!AK9)*-1","v":{"v":0,"d":"$0"}},{"$f":"IF(AK9>TODAY(),NA(),SUM(AL$6:$AL9))","v":{"$error":"#N/A"}},{"$error":"#N/A"},{"$error":"#N/A"},{"$f":"SUMIFS(Table1[Amount $],Table1[Category Type],\"Expense\",Table1[Date],Snapshot!AO9)*-1","v":{"v":0,"d":"$0"}},{"$f":"IF(AO9<=EOMONTH($AO$6,0),SUM(AP$6:$AP9),NA())","v":{"$error":"#N/A"}},{"$error":"#N/A"},null,null,{"$f":"IF(ISBLANK(AT9),\"\",SUMIFS(Table1[Amount $],Table1[Merchant],Snapshot!AT9,Table1[Month],Snapshot!$W$4)*-1)","v":""},{"$f":"IF(ISBLANK(AT9),\"\",COUNTIFS(Table1[Merchant],Snapshot!AT9,Table1[Month],Snapshot!$W$4))","v":""},{"$f":"IFERROR(RANK(AV9,$AV$6:$AV$200)+COUNTIF($AV$6:AV9,AV9)-1,\"\")","v":""},{"$f":"IFERROR(RANK(AU9,$AU$6:$AU$200)+COUNTIF($AU$6:AU9,AU9)-1,\"\")","v":""}]
[{"$nulls":16},{"$f":"INDEX($AG$6:$AG$11,MATCH(1,$AF$6:$AF$11,0),0)","v":""},null,{"$f":"INDEX($AH$6:$AH$11,MATCH(1,$AF$6:$AF$11,0),0)","v":{"v":0,"d":"$0"}},null,null,{"$f":"IF(ISBLANK(W10),\"--\",TEXT(W10,\"mmmm\")&\" \"&TEXT(W10,\"YYYY\"))","v":"--"},{"$nulls":7},{"$f":"SUMIFS(Table1[Amount $],Table1[Category],Snapshot!AC10,Table1[Month],Snapshot!$W$4)*-1","v":0},{"$f":"RANK(AD10,$AD$6:$AD$35,0)+COUNTIF(AD$6:$AD10,AD10)-1","v":5},5,{"$f":"IF(INDEX($AD$6:$AD$35,MATCH(AF10,$AE$6:$AE$35,0),0)=0,\"\",INDEX($AC$6:$AC$35,MATCH(AF10,$AE$6:$AE$35,0),0))","v":""},{"$f":"IF(INDEX($AD$6:$AD$35,MATCH(AF10,$AE$6:$AE$35,0),0)=0,0,INDEX($AD$6:$AD$35,MATCH(AF10,$AE$6:$AE$35,0),0))","v":0},null,"2000-01-05",{"$error":"#N/A"},{"$f":"SUMIFS(Table1[Amount $],Table1[Category Type],\"Expense\",Table1[Date],Snapshot!AK10)*-1","v":{"v":0,"d":"$0"}},{"$f":"IF(AK10>TODAY(),NA(),SUM(AL$6:$AL10))","v":{"$error":"#N/A"}},{"$error":"#N/A"},{"$error":"#N/A"},{"$f":"SUMIFS(Table1[Amount $],Table1[Category Type],\"Expense\",Table1[Date],Snapshot!AO10)*-1","v":{"v":0,"d":"$0"}},{"$f":"IF(AO10<=EOMONTH($AO$6,0),SUM(AP$6:$AP10),NA())","v":{"$error":"#N/A"}},{"$error":"#N/A"},null,null,{"$f":"IF(ISBLANK(AT10),\"\",SUMIFS(Table1[Amount $],Table1[Merchant],Snapshot!AT10,Table1[Month],Snapshot!$W$4)*-1)","v":""},{"$f":"IF(ISBLANK(AT10),\"\",COUNTIFS(Table1[Merchant],Snapshot!AT10,Table1[Month],Snapshot!$W$4))","v":""},{"$f":"IFERROR(RANK(AV10,$AV$6:$AV$200)+COUNTIF($AV$6:AV10,AV10)-1,\"\")","v":""},{"$f":"IFERROR(RANK(AU10,$AU$6:$AU$200)+COUNTIF($AU$6:AU10,AU10)-1,\"\")","v":""}]
[{"$nulls":21},"--",{"$nulls":7},{"$f":"SUMIFS(Table1[Amount $],Table1[Category],Snapshot!AC11,Table1[Month],Snapshot!$W$4)*-1","v":0},{"$f":"RANK(AD11,$AD$6:$AD$35,0)+COUNTIF(AD$6:$AD11,AD11)-1","v":6},6,{"$f":"IF(SUM(AH6:AH10)=SUM(AD6:AD35),\"\",\"All Other Categories\")","v":""},{"$f":"SUM(AD6:AD35)-SUM(AH6:AH10)","v":0},null,"2000-01-06",{"$error":"#N/A"},{"$f":"SUMIFS(Table1[Amount $],Table1[Category Type],\"Expense\",Table1[Date],Snapshot!AK11)*-1","v":{"v":0,"d":"$0"}},{"$f":"IF(AK11>TODAY(),NA(),SUM(AL$6:$AL11))","v":{"$error":"#N/A"}},{"$error":"#N/A"},{"$error":"#N/A"},{"$f":"SUMIFS(Table1[Amount $],Table1[Category Type],\"Expense\",Table1[Date],Snapshot!AO11)*-1","v":{"v":0,"d":"$0"}},{"$f":"IF(AO11<=EOMONTH($AO$6,0),SUM(AP$6:$AP11),NA())","v":{"$error":"#N/A"}},{"$error":"#N/A"},null,null,{"$f":"IF(ISBLANK(AT11),\"\",SUMIFS(Table1[Amount $],Table1[Merchant],Snapshot!AT11,Table1[Month],Snapshot!$W$4)*-1)","v":""},{"$f":"IF(ISBLANK(AT11),\"\",COUNTIFS(Table1[Merchant],Snapshot!AT11,Table1[Month],Snapshot!$W$4))","v":""},{"$f":"IFERROR(RANK(AV11,$AV$6:$AV$200)+COUNTIF($AV$6:AV11,AV11)-1,\"\")","v":""},{"$f":"IFERROR(RANK(AU11,$AU$6:$AU$200)+COUNTIF($AU$6:AU11,AU11)-1,\"\")","v":""}]
[{"$nulls":16},{"$f":"INDEX($AG$6:$AG$11,MATCH(2,$AF$6:$AF$11,0),0)","v":""},null,{"$f":"INDEX($AH$6:$AH$11,MATCH(2,$AF$6:$AF$11,0),0)","v":{"v":0,"d":"$0"}},null,null,"--",{"$nulls":7},{"$f":"SUMIFS(Table1[Amount $],Table1[Category],Snapshot!AC12,Table1[Month],Snapshot!$W$4)*-1","v":0},{"$f":"RANK(AD12,$AD$6:$AD$35,0)+COUNTIF(AD$6:$AD12,AD12)-1","v":7},null,"Total",{"$f":"SUM(AH6:AH11)","v":0},null,"2000-01-07",{"$error":"#N/A"},{"$f":"SUMIFS(Table1[Amount $],Table1[Category Type],\"Expense\",Table1[Date],Snapshot!AK12)*-1","v":{"v":0,"d":"$0"}},{"$f":"IF(AK12>TODAY(),NA(),SUM(AL$6:$AL12))","v":{"$error":"#N/A"}},{"$error":"#N/A"},{"$error":"#N/A"},{"$f":"SUMIFS(Table1[Amount $],Table1[Category Type],\"Expense\",Table1[Date],Snapshot!AO12)*-1","v":{"v":0,"d":"$0"}},{"$f":"IF(AO12<=EOMONTH($AO$6,0),SUM(AP$6:$AP12),NA())","v":{"$error":"#N/A"}},{"$error":"#N/A"},null,null,{"$f":"IF(ISBLANK(AT12),\"\",SUMIFS(Table1[Amount $],Table1[Merchant],Snapshot!AT12,Table1[Month],Snapshot!$W$4)*-1)","v":""},{"$f":"IF(ISBLANK(AT12),\"\",COUNTIFS(Table1[Merchant],Snapshot!AT12,Table1[Month],Snapshot!$W$4))","v":""},{"$f":"IFERROR(RANK(AV12,$AV$6:$AV$200)+COUNTIF($AV$6:AV12,AV12)-1,\"\")","v":""},{"$f":"IFERROR(RANK(AU12,$AU$6:$AU$200)+COUNTIF($AU$6:AU12,AU12)-1,\"\")","v":""}]
[{"$nulls":21},"--",{"$nulls":7},{"$f":"SUMIFS(Table1[Amount $],Table1[Category],Snapshot!AC13,Table1[Month],Snapshot!$W$4)*-1","v":0},{"$f":"RANK(AD13,$AD$6:$AD$35,0)+COUNTIF(AD$6:$AD13,AD13)-1","v":8},{"$nulls":4},"2000-01-08",{"$error":"#N/A"},{"$f":"SUMIFS(Table1[Amount $],Table1[Category Type],\"Expense\",Table1[Date],Snapshot!AK13)*-1","v":{"v":0,"d":"$0"}},{"$f":"IF(AK13>TODAY(),NA(),SUM(AL$6:$AL13))","v":{"$error":"#N/A"}},{"$error":"#N/A"},{"$error":"#N/A"},{"$f":"SUMIFS(Table1[Amount $],Table1[Category Type],\"Expense\",Table1[Date],Snapshot!AO13)*-1","v":{"v":0,"d":"$0"}},{"$f":"IF(AO13<=EOMONTH($AO$6,0),SUM(AP$6:$AP13),NA())","v":{"$error":"#N/A"}},{"$error":"#N/A"},null,null,{"$f":"IF(ISBLANK(AT13),\"\",SUMIFS(Table1[Amount $],Table1[Merchant],Snapshot!AT13,Table1[Month],Snapshot!$W$4)*-1)","v":""},{"$f":"IF(ISBLANK(AT13),\"\",COUNTIFS(Table1[Merchant],Snapshot!AT13,Table1[Month],Snapshot!$W$4))","v":""},{"$f":"IFERROR(RANK(AV13,$AV$6:$AV$200)+COUNTIF($AV$6:AV13,AV13)-1,\"\")","v":""},{"$f":"IFERROR(RANK(AU13,$AU$6:$AU$200)+COUNTIF($AU$6:AU13,AU13)-1,\"\")","v":""}]
[{"$nulls":16},{"$f":"INDEX($AG$6:$AG$11,MATCH(3,$AF$6:$AF$11,0),0)","v":""},null,{"$f":"INDEX($AH$6:$AH$11,MATCH(3,$AF$6:$AF$11,0),0)","v":{"v":0,"d":"$0"}},null,null,"--",{"$nulls":7},{"$f":"SUMIFS(Table1[Amount $],Table1[Category],Snapshot!AC14,Table1[Month],Snapshot!$W$4)*-1","v":0},{"$f":"RANK(AD14,$AD$6:$AD$35,0)+COUNTIF(AD$6:$AD14,AD14)-1","v":9},{"$nulls":4},"2000-01-09",{"$error":"#N/A"},{"$f":"SUMIFS(Table1[Amount $],Table1[Category Type],\"Expense\",Table1[Date],Snapshot!AK14)*-1","v":{"v":0,"d":"$0"}},{"$f":"IF(AK14>TODAY(),NA(),SUM(AL$6:$AL14))","v":{"$error":"#N/A"}},{"$error":"#N/A"},{"$error":"#N/A"},{"$f":"SUMIFS(Table1[Amount $],Table1[Category Type],\"Expense\",Table1[Date],Snapshot!AO14)*-1","v":{"v":0,"d":"$0"}},{"$f":"IF(AO14<=EOMONTH($AO$6,0),SUM(AP$6:$AP14),NA())","v":{"$error":"#N/A"}},{"$error":"#N/A"},null,null,{"$f":"IF(ISBLANK(AT14),\"\",SUMIFS(Table1[Amount $],Table1[Merchant],Snapshot!AT14,Table1[Month],Snapshot!$W$4)*-1)","v":""},{"$f":"IF(ISBLANK(AT14),\"\",COUNTIFS(Table1[Merchant],Snapshot!AT14,Table1[Month],Snapshot!$W$4))","v":""},{"$f":"IFERROR(RANK(AV14,$AV$6:$AV$200)+COUNTIF($AV$6:AV14,AV14)-1,\"\")","v":""},{"$f":"IFERROR(RANK(AU14,$AU$6:$AU$200)+COUNTIF($AU$6:AU14,AU14)-1,\"\")","v":""}]
[{"$nulls":21},"--",{"$nulls":7},{"$f":"SUMIFS(Table1[Amount $],Table1[Category],Snapshot!AC15,Table1[Month],Snapshot!$W$4)*-1","v":0},{"$f":"RANK(AD15,$AD$6:$AD$35,0)+COUNTIF(AD$6:$AD15,AD15)-1","v":10},{"$nulls":4},"2000-01-10",{"$error":"#N/A"},{"$f":"SUMIFS(Table1[Amount $],Table1[Category Type],\"Expense\",Table1[Date],Snapshot!AK15)*-1","v":{"v":0,"d":"$0"}},{"$f":"IF(AK15>TODAY(),NA(),SUM(AL$6:$AL15))","v":{"$error":"#N/A"}},{"$error":"#N/A"},{"$error":"#N/A"},{"$f":"SUMIFS(Table1[Amount $],Table1[Category Type],\"Expense\",Table1[Date],Snapshot!AO15)*-1","v":{"v":0,"d":"$0"}},{"$f":"IF(AO15<=EOMONTH($AO$6,0),SUM(AP$6:$AP15),NA())","v":{"$error":"#N/A"}},{"$error":"#N/A"},null,null,{"$f":"IF(ISBLANK(AT15),\"\",SUMIFS(Table1[Amount $],Table1[Merchant],Snapshot!AT15,Table1[Month],Snapshot!$W$4)*-1)","v":""},{"$f":"IF(ISBLANK(AT15),\"\",COUNTIFS(Table1[Merchant],Snapshot!AT15,Table1[Month],Snapshot!$W$4))","v":""},{"$f":"IFERROR(RANK(AV15,$AV$6:$AV$200)+COUNTIF($AV$6:AV15,AV15)-1,\"\")","v":""},{"$f":"IFERROR(RANK(AU15,$AU$6:$AU$200)+COUNTIF($AU$6:AU15,AU15)-1,\"\")","v":""}]
[{"$nulls":16},{"$f":"INDEX($AG$6:$AG$11,MATCH(4,$AF$6:$AF$11,0),0)","v":""},null,{"$f":"INDEX($AH$6:$AH$11,MATCH(4,$AF$6:$AF$11,0),0)","v":{"v":0,"d":"$0"}},null,null,"--",{"$nulls":7},{"$f":"SUMIFS(Table1[Amount $],Table1[Category],Snapshot!AC16,Table1[Month],Snapshot!$W$4)*-1","v":0},{"$f":"RANK(AD16,$AD$6:$AD$35,0)+COUNTIF(AD$6:$AD16,AD16)-1","v":11},{"$nulls":4},"2000-01-11",{"$error":"#N/A"},{"$f":"SUMIFS(Table1[Amount $],Table1[Category Type],\"Expense\",Table1[Date],Snapshot!AK16)*-1","v":{"v":0,"d":"$0"}},{"$f":"IF(AK16>TODAY(),NA(),SUM(AL$6:$AL16))","v":{"$error":"#N/A"}},{"$error":"#N/A"},{"$error":"#N/A"},{"$f":"SUMIFS(Table1[Amount $],Table1[Category Type],\"Expense\",Table1[Date],Snapshot!AO16)*-1","v":{"v":0,"d":"$0"}},{"$f":"IF(AO16<=EOMONTH($AO$6,0),SUM(AP$6:$AP16),NA())","v":{"$error":"#N/A"}},{"$error":"#N/A"},null,null,{"$f":"IF(ISBLANK(AT16),\"\",SUMIFS(Table1[Amount $],Table1[Merchant],Snapshot!AT16,Table1[Month],Snapshot!$W$4)*-1)","v":""},{"$f":"IF(ISBLANK(AT16),\"\",COUNTIFS(Table1[Merchant],Snapshot!AT16,Table1[Month],Snapshot!$W$4))","v":""},{"$f":"IFERROR(RANK(AV16,$AV$6:$AV$200)+COUNTIF($AV$6:AV16,AV16)-1,\"\")","v":""},{"$f":"IFERROR(RANK(AU16,$AU$6:$AU$200)+COUNTIF($AU$6:AU16,AU16)-1,\"\")","v":""}]
[{"$nulls":21},"--",{"$nulls":7},{"$f":"SUMIFS(Table1[Amount $],Table1[Category],Snapshot!AC17,Table1[Month],Snapshot!$W$4)*-1","v":0},{"$f":"RANK(AD17,$AD$6:$AD$35,0)+COUNTIF(AD$6:$AD17,AD17)-1","v":12},{"$nulls":4},"2000-01-12",{"$error":"#N/A"},{"$f":"SUMIFS(Table1[Amount $],Table1[Category Type],\"Expense\",Table1[Date],Snapshot!AK17)*-1","v":{"v":0,"d":"$0"}},{"$f":"IF(AK17>TODAY(),NA(),SUM(AL$6:$AL17))","v":{"$error":"#N/A"}},{"$error":"#N/A"},{"$error":"#N/A"},{"$f":"SUMIFS(Table1[Amount $],Table1[Category Type],\"Expense\",Table1[Date],Snapshot!AO17)*-1","v":{"v":0,"d":"$0"}},{"$f":"IF(AO17<=EOMONTH($AO$6,0),SUM(AP$6:$AP17),NA())","v":{"$error":"#N/A"}},{"$error":"#N/A"},null,null,{"$f":"IF(ISBLANK(AT17),\"\",SUMIFS(Table1[Amount $],Table1[Merchant],Snapshot!AT17,Table1[Month],Snapshot!$W$4)*-1)","v":""},{"$f":"IF(ISBLANK(AT17),\"\",COUNTIFS(Table1[Merchant],Snapshot!AT17,Table1[Month],Snapshot!$W$4))","v":""},{"$f":"IFERROR(RANK(AV17,$AV$6:$AV$200)+COUNTIF($AV$6:AV17,AV17)-1,\"\")","v":""},{"$f":"IFERROR(RANK(AU17,$AU$6:$AU$200)+COUNTIF($AU$6:AU17,AU17)-1,\"\")","v":""}]
[{"$nulls":16},{"$f":"INDEX($AG$6:$AG$11,MATCH(5,$AF$6:$AF$11,0),0)","v":""},null,{"$f":"INDEX($AH$6:$AH$11,MATCH(5,$AF$6:$AF$11,0),0)","v":{"v":0,"d":"$0"}},null,null,"--",{"$nulls":7},{"$f":"SUMIFS(Table1[Amount $],Table1[Category],Snapshot!AC18,Table1[Month],Snapshot!$W$4)*-1","v":0},{"$f":"RANK(AD18,$AD$6:$AD$35,0)+COUNTIF(AD$6:$AD18,AD18)-1","v":13},{"$nulls":4},"2000-01-13",{"$error":"#N/A"},{"$f":"SUMIFS(Table1[Amount $],Table1[Category Type],\"Expense\",Table1[Date],Snapshot!AK18)*-1","v":{"v":0,"d":"$0"}},{"$f":"IF(AK18>TODAY(),NA(),SUM(AL$6:$AL18))","v":{"$error":"#N/A"}},{"$error":"#N/A"},{"$error":"#N/A"},{"$f":"SUMIFS(Table1[Amount $],Table1[Category Type],\"Expense\",Table1[Date],Snapshot!AO18)*-1","v":{"v":0,"d":"$0"}},{"$f":"IF(AO18<=EOMONTH($AO$6,0),SUM(AP$6:$AP18),NA())","v":{"$error":"#N/A"}},{"$error":"#N/A"},null,null,{"$f":"IF(ISBLANK(AT18),\"\",SUMIFS(Table1[Amount $],Table1[Merchant],Snapshot!AT18,Table1[Month],Snapshot!$W$4)*-1)","v":""},{"$f":"IF(ISBLANK(AT18),\"\",COUNTIFS(Table1[Merchant],Snapshot!AT18,Table1[Month],Snapshot!$W$4))","v":""},{"$f":"IFERROR(RANK(AV18,$AV$6:$AV$200)+COUNTIF($AV$6:AV18,AV18)-1,\"\")","v":""},{"$f":"IFERROR(RANK(AU18,$AU$6:$AU$200)+COUNTIF($AU$6:AU18,AU18)-1,\"\")","v":""}]
[{"$nulls":21},"--",{"$nulls":7},{"$f":"SUMIFS(Table1[Amount $],Table1[Category],Snapshot!AC19,Table1[Month],Snapshot!$W$4)*-1","v":0},{"$f":"RANK(AD19,$AD$6:$AD$35,0)+COUNTIF(AD$6:$AD19,AD19)-1","v":14},{"$nulls":4},"2000-01-14",{"$error":"#N/A"},{"$f":"SUMIFS(Table1[Amount $],Table1[Category Type],\"Expense\",Table1[Date],Snapshot!AK19)*-1","v":{"v":0,"d":"$0"}},{"$f":"IF(AK19>TODAY(),NA(),SUM(AL$6:$AL19))","v":{"$error":"#N/A"}},{"$error":"#N/A"},{"$error":"#N/A"},{"$f":"SUMIFS(Table1[Amount $],Table1[Category Type],\"Expense\",Table1[Date],Snapshot!AO19)*-1","v":{"v":0,"d":"$0"}},{"$f":"IF(AO19<=EOMONTH($AO$6,0),SUM(AP$6:$AP19),NA())","v":{"$error":"#N/A"}},{"$error":"#N/A"},null,null,{"$f":"IF(ISBLANK(AT19),\"\",SUMIFS(Table1[Amount $],Table1[Merchant],Snapshot!AT19,Table1[Month],Snapshot!$W$4)*-1)","v":""},{"$f":"IF(ISBLANK(AT19),\"\",COUNTIFS(Table1[Merchant],Snapshot!AT19,Table1[Month],Snapshot!$W$4))","v":""},{"$f":"IFERROR(RANK(AV19,$AV$6:$AV$200)+COUNTIF($AV$6:AV19,AV19)-1,\"\")","v":""},{"$f":"IFERROR(RANK(AU19,$AU$6:$AU$200)+COUNTIF($AU$6:AU19,AU19)-1,\"\")","v":""}]
[{"$nulls":16},{"$f":"INDEX($AG$6:$AG$11,MATCH(6,$AF$6:$AF$11,0),0)","v":""},null,{"$f":"INDEX($AH$6:$AH$11,MATCH(6,$AF$6:$AF$11,0),0)","v":{"v":0,"d":"$0"}},null,null,"--",{"$nulls":7},{"$f":"SUMIFS(Table1[Amount $],Table1[Category],Snapshot!AC20,Table1[Month],Snapshot!$W$4)*-1","v":0},{"$f":"RANK(AD20,$AD$6:$AD$35,0)+COUNTIF(AD$6:$AD20,AD20)-1","v":15},{"$nulls":4},"2000-01-15",{"$error":"#N/A"},{"$f":"SUMIFS(Table1[Amount $],Table1[Category Type],\"Expense\",Table1[Date],Snapshot!AK20)*-1","v":{"v":0,"d":"$0"}},{"$f":"IF(AK20>TODAY(),NA(),SUM(AL$6:$AL20))","v":{"$error":"#N/A"}},{"$error":"#N/A"},{"$error":"#N/A"},{"$f":"SUMIFS(Table1[Amount $],Table1[Category Type],\"Expense\",Table1[Date],Snapshot!AO20)*-1","v":{"v":0,"d":"$0"}},{"$f":"IF(AO20<=EOMONTH($AO$6,0),SUM(AP$6:$AP20),NA())","v":{"$error":"#N/A"}},{"$error":"#N/A"},null,null,{"$f":"IF(ISBLANK(AT20),\"\",SUMIFS(Table1[Amount $],Table1[Merchant],Snapshot!AT20,Table1[Month],Snapshot!$W$4)*-1)","v":""},{"$f":"IF(ISBLANK(AT20),\"\",COUNTIFS(Table1[Merchant],Snapshot!AT20,Table1[Month],Snapshot!$W$4))","v":""},{"$f":"IFERROR(RANK(AV20,$AV$6:$AV$200)+COUNTIF($AV$6:AV20,AV20)-1,\"\")","v":""},{"$f":"IFERROR(RANK(AU20,$AU$6:$AU$200)+COUNTIF($AU$6:AU20,AU20)-1,\"\")","v":""}]
[{"$nulls":21},"--",{"$nulls":7},{"$f":"SUMIFS(Table1[Amount $],Table1[Category],Snapshot!AC21,Table1[Month],Snapshot!$W$4)*-1","v":0},{"$f":"RANK(AD21,$AD$6:$AD$35,0)+COUNTIF(AD$6:$AD21,AD21)-1","v":16},{"$nulls":4},"2000-01-16",{"$error":"#N/A"},{"$f":"SUMIFS(Table1[Amount $],Table1[Category Type],\"Expense\",Table1[Date],Snapshot!AK21)*-1","v":{"v":0,"d":"$0"}},{"$f":"IF(AK21>TODAY(),NA(),SUM(AL$6:$AL21))","v":{"$error":"#N/A"}},{"$error":"#N/A"},{"$error":"#N/A"},{"$f":"SUMIFS(Table1[Amount $],Table1[Category Type],\"Expense\",Table1[Date],Snapshot!AO21)*-1","v":{"v":0,"d":"$0"}},{"$f":"IF(AO21<=EOMONTH($AO$6,0),SUM(AP$6:$AP21),NA())","v":{"$error":"#N/A"}},{"$error":"#N/A"},null,null,{"$f":"IF(ISBLANK(AT21),\"\",SUMIFS(Table1[Amount $],Table1[Merchant],Snapshot!AT21,Table1[Month],Snapshot!$W$4)*-1)","v":""},{"$f":"IF(ISBLANK(AT21),\"\",COUNTIFS(Table1[Merchant],Snapshot!AT21,Table1[Month],Snapshot!$W$4))","v":""},{"$f":"IFERROR(RANK(AV21,$AV$6:$AV$200)+COUNTIF($AV$6:AV21,AV21)-1,\"\")","v":""},{"$f":"IFERROR(RANK(AU21,$AU$6:$AU$200)+COUNTIF($AU$6:AU21,AU21)-1,\"\")","v":""}]
[{"$nulls":15},"Total spending",null,null,{"$f":"S10+S12+S14+S16+S18+S20","v":{"v":0,"d":"$0"}},null,null,"--",{"$nulls":7},{"$f":"SUMIFS(Table1[Amount $],Table1[Category],Snapshot!AC22,Table1[Month],Snapshot!$W$4)*-1","v":0},{"$f":"RANK(AD22,$AD$6:$AD$35,0)+COUNTIF(AD$6:$AD22,AD22)-1","v":17},{"$nulls":4},"2000-01-17",{"$error":"#N/A"},{"$f":"SUMIFS(Table1[Amount $],Table1[Category Type],\"Expense\",Table1[Date],Snapshot!AK22)*-1","v":{"v":0,"d":"$0"}},{"$f":"IF(AK22>TODAY(),NA(),SUM(AL$6:$AL22))","v":{"$error":"#N/A"}},{"$error":"#N/A"},{"$error":"#N/A"},{"$f":"SUMIFS(Table1[Amount $],Table1[Category Type],\"Expense\",Table1[Date],Snapshot!AO22)*-1","v":{"v":0,"d":"$0"}},{"$f":"IF(AO22<=EOMONTH($AO$6,0),SUM(AP$6:$AP22),NA())","v":{"$error":"#N/A"}},{"$error":"#N/A"},null,null,{"$f":"IF(ISBLANK(AT22),\"\",SUMIFS(Table1[Amount $],Table1[Merchant],Snapshot!AT22,Table1[Month],Snapshot!$W$4)*-1)","v":""},{"$f":"IF(ISBLANK(AT22),\"\",COUNTIFS(Table1[Merchant],Snapshot!AT22,Table1[Month],Snapshot!$W$4))","v":""},{"$f":"IFERROR(RANK(AV22,$AV$6:$AV$200)+COUNTIF($AV$6:AV22,AV22)-1,\"\")","v":""},{"$f":"IFERROR(RANK(AU22,$AU$6:$AU$200)+COUNTIF($AU$6:AU22,AU22)-1,\"\")","v":""}]
[{"$nulls":21},"--",{"$nulls":7},{"$f":"SUMIFS(Table1[Amount $],Table1[Category],Snapshot!AC23,Table1[Month],Snapshot!$W$4)*-1","v":0},{"$f":"RANK(AD23,$AD$6:$AD$35,0)+COUNTIF(AD$6:$AD23,AD23)-1","v":18},{"$nulls":4},"2000-01-18",{"$error":"#N/A"},{"$f":"SUMIFS(Table1[Amount $],Table1[Category Type],\"Expense\",Table1[Date],Snapshot!AK23)*-1","v":{"v":0,"d":"$0"}},{"$f":"IF(AK23>TODAY(),NA(),SUM(AL$6:$AL23))","v":{"$error":"#N/A"}},{"$error":"#N/A"},{"$error":"#N/A"},{"$f":"SUMIFS(Table1[Amount $],Table1[Category Type],\"Expense\",Table1[Date],Snapshot!AO23)*-1","v":{"v":0,"d":"$0"}},{"$f":"IF(AO23<=EOMONTH($AO$6,0),SUM(AP$6:$AP23),NA())","v":{"$error":"#N/A"}},{"$error":"#N/A"},null,null,{"$f":"IF(ISBLANK(AT23),\"\",SUMIFS(Table1[Amount $],Table1[Merchant],Snapshot!AT23,Table1[Month],Snapshot!$W$4)*-1)","v":""},{"$f":"IF(ISBLANK(AT23),\"\",COUNTIFS(Table1[Merchant],Snapshot!AT23,Table1[Month],Snapshot!$W$4))","v":""},{"$f":"IFERROR(RANK(AV23,$AV$6:$AV$200)+COUNTIF($AV$6:AV23,AV23)-1,\"\")","v":""},{"$f":"IFERROR(RANK(AU23,$AU$6:$AU$200)+COUNTIF($AU$6:AU23,AU23)-1,\"\")","v":""}]
[{"$nulls":21},"--",{"$nulls":7},{"$f":"SUMIFS(Table1[Amount $],Table1[Category],Snapshot!AC24,Table1[Month],Snapshot!$W$4)*-1","v":0},{"$f":"RANK(AD24,$AD$6:$AD$35,0)+COUNTIF(AD$6:$AD24,AD24)-1","v":19},{"$nulls":4},"2000-01-19",{"$error":"#N/A"},{"$f":"SUMIFS(Table1[Amount $],Table1[Category Type],\"Expense\",Table1[Date],Snapshot!AK24)*-1","v":{"v":0,"d":"$0"}},{"$f":"IF(AK24>TODAY(),NA(),SUM(AL$6:$AL24))","v":{"$error":"#N/A"}},{"$error":"#N/A"},{"$error":"#N/A"},{"$f":"SUMIFS(Table1[Amount $],Table1[Category Type],\"Expense\",Table1[Date],Snapshot!AO24)*-1","v":{"v":0,"d":"$0"}},{"$f":"IF(AO24<=EOMONTH($AO$6,0),SUM(AP$6:$AP24),NA())","v":{"$error":"#N/A"}},{"$error":"#N/A"},null,null,{"$f":"IF(ISBLANK(AT24),\"\",SUMIFS(Table1[Amount $],Table1[Merchant],Snapshot!AT24,Table1[Month],Snapshot!$W$4)*-1)","v":""},{"$f":"IF(ISBLANK(AT24),\"\",COUNTIFS(Table1[Merchant],Snapshot!AT24,Table1[Month],Snapshot!$W$4))","v":""},{"$f":"IFERROR(RANK(AV24,$AV$6:$AV$200)+COUNTIF($AV$6:AV24,AV24)-1,\"\")","v":""},{"$f":"IFERROR(RANK(AU24,$AU$6:$AU$200)+COUNTIF($AU$6:AU24,AU24)-1,\"\")","v":""}]
[{"$nulls":21},"--",{"$nulls":7},{"$f":"SUMIFS(Table1[Amount $],Table1[Category],Snapshot!AC25,Table1[Month],Snapshot!$W$4)*-1","v":0},{"$f":"RANK(AD25,$AD$6:$AD$35,0)+COUNTIF(AD$6:$AD25,AD25)-1","v":20},{"$nulls":4},"2000-01-20",{"$error":"#N/A"},{"$f":"SUMIFS(Table1[Amount $],Table1[Category Type],\"Expense\",Table1[Date],Snapshot!AK25)*-1","v":{"v":0,"d":"$0"}},{"$f":"IF(AK25>TODAY(),NA(),SUM(AL$6:$AL25))","v":{"$error":"#N/A"}},{"$error":"#N/A"},{"$error":"#N/A"},{"$f":"SUMIFS(Table1[Amount $],Table1[Category Type],\"Expense\",Table1[Date],Snapshot!AO25)*-1","v":{"v":0,"d":"$0"}},{"$f":"IF(AO25<=EOMONTH($AO$6,0),SUM(AP$6:$AP25),NA())","v":{"$error":"#N/A"}},{"$error":"#N/A"},null,null,{"$f":"IF(ISBLANK(AT25),\"\",SUMIFS(Table1[Amount $],Table1[Merchant],Snapshot!AT25,Table1[Month],Snapshot!$W$4)*-1)","v":""},{"$f":"IF(ISBLANK(AT25),\"\",COUNTIFS(Table1[Merchant],Snapshot!AT25,Table1[Month],Snapshot!$W$4))","v":""},{"$f":"IFERROR(RANK(AV25,$AV$6:$AV$200)+COUNTIF($AV$6:AV25,AV25)-1,\"\")","v":""},{"$f":"IFERROR(RANK(AU25,$AU$6:$AU$200)+COUNTIF($AU$6:AU25,AU25)-1,\"\")","v":""}]
[{"$nulls":21},"--",{"$nulls":7},{"$f":"SUMIFS(Table1[Amount $],Table1[Category],Snapshot!AC26,Table1[Month],Snapshot!$W$4)*-1","v":0},{"$f":"RANK(AD26,$AD$6:$AD$35,0)+COUNTIF(AD$6:$AD26,AD26)-1","v":21},{"$nulls":4},"2000-01-21",{"$error":"#N/A"},{"$f":"SUMIFS(Table1[Amount $],Table1[Category Type],\"Expense\",Table1[Date],Snapshot!AK26)*-1","v":{"v":0,"d":"$0"}},{"$f":"IF(AK26>TODAY(),NA(),SUM(AL$6:$AL26))","v":{"$error":"#N/A"}},{"$error":"#N/A"},{"$error":"#N/A"},{"$f":"SUMIFS(Table1[Amount $],Table1[Category Type],\"Expense\",Table1[Date],Snapshot!AO26)*-1","v":{"v":0,"d":"$0"}},{"$f":"IF(AO26<=EOMONTH($AO$6,0),SUM(AP$6:$AP26),NA())","v":{"$error":"#N/A"}},{"$error":"#N/A"},null,null,{"$f":"IF(ISBLANK(AT26),\"\",SUMIFS(Table1[Amount $],Table1[Merchant],Snapshot!AT26,Table1[Month],Snapshot!$W$4)*-1)","v":""},{"$f":"IF(ISBLANK(AT26),\"\",COUNTIFS(Table1[Merchant],Snapshot!AT26,Table1[Month],Snapshot!$W$4))","v":""},{"$f":"IFERROR(RANK(AV26,$AV$6:$AV$200)+COUNTIF($AV$6:AV26,AV26)-1,\"\")","v":""},{"$f":"IFERROR(RANK(AU26,$AU$6:$AU$200)+COUNTIF($AU$6:AU26,AU26)-1,\"\")","v":""}]
[{"$nulls":3},"Cumulative spending throughout month",{"$nulls":17},"--",{"$nulls":7},{"$f":"SUMIFS(Table1[Amount $],Table1[Category],Snapshot!AC27,Table1[Month],Snapshot!$W$4)*-1","v":0},{"$f":"RANK(AD27,$AD$6:$AD$35,0)+COUNTIF(AD$6:$AD27,AD27)-1","v":22},{"$nulls":4},"2000-01-22",{"$error":"#N/A"},{"$f":"SUMIFS(Table1[Amount $],Table1[Category Type],\"Expense\",Table1[Date],Snapshot!AK27)*-1","v":{"v":0,"d":"$0"}},{"$f":"IF(AK27>TODAY(),NA(),SUM(AL$6:$AL27))","v":{"$error":"#N/A"}},{"$error":"#N/A"},{"$error":"#N/A"},{"$f":"SUMIFS(Table1[Amount $],Table1[Category Type],\"Expense\",Table1[Date],Snapshot!AO27)*-1","v":{"v":0,"d":"$0"}},{"$f":"IF(AO27<=EOMONTH($AO$6,0),SUM(AP$6:$AP27),NA())","v":{"$error":"#N/A"}},{"$error":"#N/A"},null,null,{"$f":"IF(ISBLANK(AT27),\"\",SUMIFS(Table1[Amount $],Table1[Merchant],Snapshot!AT27,Table1[Month],Snapshot!$W$4)*-1)","v":""},{"$f":"IF(ISBLANK(AT27),\"\",COUNTIFS(Table1[Merchant],Snapshot!AT27,Table1[Month],Snapshot!$W$4))","v":""},{"$f":"IFERROR(RANK(AV27,$AV$6:$AV$200)+COUNTIF($AV$6:AV27,AV27)-1,\"\")","v":""},{"$f":"IFERROR(RANK(AU27,$AU$6:$AU$200)+COUNTIF($AU$6:AU27,AU27)-1,\"\")","v":""}]
[{"$nulls":3},{"$f":"IFERROR(IF(AND(MONTH(W4)=MONTH(TODAY()),YEAR(W4)=YEAR(TODAY())),AK39,AK42),\"\")","v":""},{"$nulls":17},"--",{"$nulls":7},{"$f":"SUMIFS(Table1[Amount $],Table1[Category],Snapshot!AC28,Table1[Month],Snapshot!$W$4)*-1","v":0},{"$f":"RANK(AD28,$AD$6:$AD$35,0)+COUNTIF(AD$6:$AD28,AD28)-1","v":23},{"$nulls":4},"2000-01-23",{"$error":"#N/A"},{"$f":"SUMIFS(Table1[Amount $],Table1[Category Type],\"Expense\",Table1[Date],Snapshot!AK28)*-1","v":{"v":0,"d":"$0"}},{"$f":"IF(AK28>TODAY(),NA(),SUM(AL$6:$AL28))","v":{"$error":"#N/A"}},{"$error":"#N/A"},{"$error":"#N/A"},{"$f":"SUMIFS(Table1[Amount $],Table1[Category Type],\"Expense\",Table1[Date],Snapshot!AO28)*-1","v":{"v":0,"d":"$0"}},{"$f":"IF(AO28<=EOMONTH($AO$6,0),SUM(AP$6:$AP28),NA())","v":{"$error":"#N/A"}},{"$error":"#N/A"},null,null,{"$f":"IF(ISBLANK(AT28),\"\",SUMIFS(Table1[Amount $],Table1[Merchant],Snapshot!AT28,Table1[Month],Snapshot!$W$4)*-1)","v":""},{"$f":"IF(ISBLANK(AT28),\"\",COUNTIFS(Table1[Merchant],Snapshot!AT28,Table1[Month],Snapshot!$W$4))","v":""},{"$f":"IFERROR(RANK(AV28,$AV$6:$AV$200)+COUNTIF($AV$6:AV28,AV28)-1,\"\")","v":""},{"$f":"IFERROR(RANK(AU28,$AU$6:$AU$200)+COUNTIF($AU$6:AU28,AU28)-1,\"\")","v":""}]
[{"$nulls":21},"--",{"$nulls":7},{"$f":"SUMIFS(Table1[Amount $],Table1[Category],Snapshot!AC29,Table1[Month],Snapshot!$W$4)*-1","v":0},{"$f":"RANK(AD29,$AD$6:$AD$35,0)+COUNTIF(AD$6:$AD29,AD29)-1","v":24},{"$nulls":4},"2000-01-24",{"$error":"#N/A"},{"$f":"SUMIFS(Table1[Amount $],Table1[Category Type],\"Expense\",Table1[Date],Snapshot!AK29)*-1","v":{"v":0,"d":"$0"}},{"$f":"IF(AK29>TODAY(),NA(),SUM(AL$6:$AL29))","v":{"$error":"#N/A"}},{"$error":"#N/A"},{"$error":"#N/A"},{"$f":"SUMIFS(Table1[Amount $],Table1[Category Type],\"Expense\",Table1[Date],Snapshot!AO29)*-1","v":{"v":0,"d":"$0"}},{"$f":"IF(AO29<=EOMONTH($AO$6,0),SUM(AP$6:$AP29),NA())","v":{"$error":"#N/A"}},{"$error":"#N/A"},null,null,{"$f":"IF(ISBLANK(AT29),\"\",SUMIFS(Table1[Amount $],Table1[Merchant],Snapshot!AT29,Table1[Month],Snapshot!$W$4)*-1)","v":""},{"$f":"IF(ISBLANK(AT29),\"\",COUNTIFS(Table1[Merchant],Snapshot!AT29,Table1[Month],Snapshot!$W$4))","v":""},{"$f":"IFERROR(RANK(AV29,$AV$6:$AV$200)+COUNTIF($AV$6:AV29,AV29)-1,\"\")","v":""},{"$f":"IFERROR(RANK(AU29,$AU$6:$AU$200)+COUNTIF($AU$6:AU29,AU29)-1,\"\")","v":""}]
[{"$nulls":21},"--",{"$nulls":7},{"$f":"SUMIFS(Table1[Amount $],Table1[Category],Snapshot!AC30,Table1[Month],Snapshot!$W$4)*-1","v":0},{"$f":"RANK(AD30,$AD$6:$AD$35,0)+COUNTIF(AD$6:$AD30,AD30)-1","v":25},{"$nulls":4},"2000-01-25",{"$error":"#N/A"},{"$f":"SUMIFS(Table1[Amount $],Table1[Category Type],\"Expense\",Table1[Date],Snapshot!AK30)*-1","v":{"v":0,"d":"$0"}},{"$f":"IF(AK30>TODAY(),NA(),SUM(AL$6:$AL30))","v":{"$error":"#N/A"}},{"$error":"#N/A"},{"$error":"#N/A"},{"$f":"SUMIFS(Table1[Amount $],Table1[Category Type],\"Expense\",Table1[Date],Snapshot!AO30)*-1","v":{"v":0,"d":"$0"}},{"$f":"IF(AO30<=EOMONTH($AO$6,0),SUM(AP$6:$AP30),NA())","v":{"$error":"#N/A"}},{"$error":"#N/A"},null,null,{"$f":"IF(ISBLANK(AT30),\"\",SUMIFS(Table1[Amount $],Table1[Merchant],Snapshot!AT30,Table1[Month],Snapshot!$W$4)*-1)","v":""},{"$f":"IF(ISBLANK(AT30),\"\",COUNTIFS(Table1[Merchant],Snapshot!AT30,Table1[Month],Snapshot!$W$4))","v":""},{"$f":"IFERROR(RANK(AV30,$AV$6:$AV$200)+COUNTIF($AV$6:AV30,AV30)-1,\"\")","v":""},{"$f":"IFERROR(RANK(AU30,$AU$6:$AU$200)+COUNTIF($AU$6:AU30,AU30)-1,\"\")","v":""}]
[{"$nulls":21},"--",{"$nulls":7},{"$f":"SUMIFS(Table1[Amount $],Table1[Category],Snapshot!AC31,Table1[Month],Snapshot!$W$4)*-1","v":0},{"$f":"RANK(AD31,$AD$6:$AD$35,0)+COUNTIF(AD$6:$AD31,AD31)-1","v":26},{"$nulls":4},"2000-01-26",{"$error":"#N/A"},{"$f":"SUMIFS(Table1[Amount $],Table1[Category Type],\"Expense\",Table1[Date],Snapshot!AK31)*-1","v":{"v":0,"d":"$0"}},{"$f":"IF(AK31>TODAY(),NA(),SUM(AL$6:$AL31))","v":{"$error":"#N/A"}},{"$error":"#N/A"},{"$error":"#N/A"},{"$f":"SUMIFS(Table1[Amount $],Table1[Category Type],\"Expense\",Table1[Date],Snapshot!AO31)*-1","v":{"v":0,"d":"$0"}},{"$f":"IF(AO31<=EOMONTH($AO$6,0),SUM(AP$6:$AP31),NA())","v":{"$error":"#N/A"}},{"$error":"#N/A"},null,null,{"$f":"IF(ISBLANK(AT31),\"\",SUMIFS(Table1[Amount $],Table1[Merchant],Snapshot!AT31,Table1[Month],Snapshot!$W$4)*-1)","v":""},{"$f":"IF(ISBLANK(AT31),\"\",COUNTIFS(Table1[Merchant],Snapshot!AT31,Table1[Month],Snapshot!$W$4))","v":""},{"$f":"IFERROR(RANK(AV31,$AV$6:$AV$200)+COUNTIF($AV$6:AV31,AV31)-1,\"\")","v":""},{"$f":"IFERROR(RANK(AU31,$AU$6:$AU$200)+COUNTIF($AU$6:AU31,AU31)-1,\"\")","v":""}]
[{"$nulls":21},"--",{"$nulls":7},{"$f":"SUMIFS(Table1[Amount $],Table1[Category],Snapshot!AC32,Table1[Month],Snapshot!$W$4)*-1","v":0},{"$f":"RANK(AD32,$AD$6:$AD$35,0)+COUNTIF(AD$6:$AD32,AD32)-1","v":27},{"$nulls":4},"2000-01-27",{"$error":"#N/A"},{"$f":"SUMIFS(Table1[Amount $],Table1[Category Type],\"Expense\",Table1[Date],Snapshot!AK32)*-1","v":{"v":0,"d":"$0"}},{"$f":"IF(AK32>TODAY(),NA(),SUM(AL$6:$AL32))","v":{"$error":"#N/A"}},{"$error":"#N/A"},{"$error":"#N/A"},{"$f":"SUMIFS(Table1[Amount $],Table1[Category Type],\"Expense\",Table1[Date],Snapshot!AO32)*-1","v":{"v":0,"d":"$0"}},{"$f":"IF(AO32<=EOMONTH($AO$6,0),SUM(AP$6:$AP32),NA())","v":{"$error":"#N/A"}},{"$error":"#N/A"},null,null,{"$f":"IF(ISBLANK(AT32),\"\",SUMIFS(Table1[Amount $],Table1[Merchant],Snapshot!AT32,Table1[Month],Snapshot!$W$4)*-1)","v":""},{"$f":"IF(ISBLANK(AT32),\"\",COUNTIFS(Table1[Merchant],Snapshot!AT32,Table1[Month],Snapshot!$W$4))","v":""},{"$f":"IFERROR(RANK(AV32,$AV$6:$AV$200)+COUNTIF($AV$6:AV32,AV32)-1,\"\")","v":""},{"$f":"IFERROR(RANK(AU32,$AU$6:$AU$200)+COUNTIF($AU$6:AU32,AU32)-1,\"\")","v":""}]
[{"$nulls":21},"--",{"$nulls":7},{"$f":"SUMIFS(Table1[Amount $],Table1[Category],Snapshot!AC33,Table1[Month],Snapshot!$W$4)*-1","v":0},{"$f":"RANK(AD33,$AD$6:$AD$35,0)+COUNTIF(AD$6:$AD33,AD33)-1","v":28},{"$nulls":4},"2000-01-28",{"$error":"#N/A"},{"$f":"SUMIFS(Table1[Amount $],Table1[Category Type],\"Expense\",Table1[Date],Snapshot!AK33)*-1","v":{"v":0,"d":"$0"}},{"$f":"IF(AK33>TODAY(),NA(),SUM(AL$6:$AL33))","v":{"$error":"#N/A"}},{"$error":"#N/A"},{"$error":"#N/A"},{"$f":"SUMIFS(Table1[Amount $],Table1[Category Type],\"Expense\",Table1[Date],Snapshot!AO33)*-1","v":{"v":0,"d":"$0"}},{"$f":"IF(AO33<=EOMONTH($AO$6,0),SUM(AP$6:$AP33),NA())","v":{"$error":"#N/A"}},{"$error":"#N/A"},null,null,{"$f":"IF(ISBLANK(AT33),\"\",SUMIFS(Table1[Amount $],Table1[Merchant],Snapshot!AT33,Table1[Month],Snapshot!$W$4)*-1)","v":""},{"$f":"IF(ISBLANK(AT33),\"\",COUNTIFS(Table1[Merchant],Snapshot!AT33,Table1[Month],Snapshot!$W$4))","v":""},{"$f":"IFERROR(RANK(AV33,$AV$6:$AV$200)+COUNTIF($AV$6:AV33,AV33)-1,\"\")","v":""},{"$f":"IFERROR(RANK(AU33,$AU$6:$AU$200)+COUNTIF($AU$6:AU33,AU33)-1,\"\")","v":""}]
[{"$nulls":21},"--",{"$nulls":7},{"$f":"SUMIFS(Table1[Amount $],Table1[Category],Snapshot!AC34,Table1[Month],Snapshot!$W$4)*-1","v":0},{"$f":"RANK(AD34,$AD$6:$AD$35,0)+COUNTIF(AD$6:$AD34,AD34)-1","v":29},{"$nulls":4},"2000-01-29",{"$error":"#N/A"},{"$f":"SUMIFS(Table1[Amount $],Table1[Category Type],\"Expense\",Table1[Date],Snapshot!AK34)*-1","v":{"v":0,"d":"$0"}},{"$f":"IF(AK34>TODAY(),NA(),SUM(AL$6:$AL34))","v":{"$error":"#N/A"}},{"$error":"#N/A"},{"$error":"#N/A"},{"$f":"SUMIFS(Table1[Amount $],Table1[Category Type],\"Expense\",Table1[Date],Snapshot!AO34)*-1","v":{"v":0,"d":"$0"}},{"$f":"IF(AO34<=EOMONTH($AO$6,0),SUM(AP$6:$AP34),NA())","v":{"$error":"#N/A"}},{"$error":"#N/A"},null,null,{"$f":"IF(ISBLANK(AT34),\"\",SUMIFS(Table1[Amount $],Table1[Merchant],Snapshot!AT34,Table1[Month],Snapshot!$W$4)*-1)","v":""},{"$f":"IF(ISBLANK(AT34),\"\",COUNTIFS(Table1[Merchant],Snapshot!AT34,Table1[Month],Snapshot!$W$4))","v":""},{"$f":"IFERROR(RANK(AV34,$AV$6:$AV$200)+COUNTIF($AV$6:AV34,AV34)-1,\"\")","v":""},{"$f":"IFERROR(RANK(AU34,$AU$6:$AU$200)+COUNTIF($AU$6:AU34,AU34)-1,\"\")","v":""}]
[{"$nulls":21},"--",{"$nulls":7},{"$f":"SUMIFS(Table1[Amount $],Table1[Category],Snapshot!AC35,Table1[Month],Snapshot!$W$4)*-1","v":0},{"$f":"RANK(AD35,$AD$6:$AD$35,0)+COUNTIF(AD$6:$AD35,AD35)-1","v":30},{"$nulls":4},"2000-01-30",{"$error":"#N/A"},{"$f":"SUMIFS(Table1[Amount $],Table1[Category Type],\"Expense\",Table1[Date],Snapshot!AK35)*-1","v":{"v":0,"d":"$0"}},{"$f":"IF(AK35>TODAY(),NA(),SUM(AL$6:$AL35))","v":{"$error":"#N/A"}},{"$error":"#N/A"},{"$error":"#N/A"},{"$f":"SUMIFS(Table1[Amount $],Table1[Category Type],\"Expense\",Table1[Date],Snapshot!AO35)*-1","v":{"v":0,"d":"$0"}},{"$f":"IF(AO35<=EOMONTH($AO$6,0),SUM(AP$6:$AP35),NA())","v":{"$error":"#N/A"}},{"$error":"#N/A"},null,null,{"$f":"IF(ISBLANK(AT35),\"\",SUMIFS(Table1[Amount $],Table1[Merchant],Snapshot!AT35,Table1[Month],Snapshot!$W$4)*-1)","v":""},{"$f":"IF(ISBLANK(AT35),\"\",COUNTIFS(Table1[Merchant],Snapshot!AT35,Table1[Month],Snapshot!$W$4))","v":""},{"$f":"IFERROR(RANK(AV35,$AV$6:$AV$200)+COUNTIF($AV$6:AV35,AV35)-1,\"\")","v":""},{"$f":"IFERROR(RANK(AU35,$AU$6:$AU$200)+COUNTIF($AU$6:AU35,AU35)-1,\"\")","v":""}]
[{"$nulls":21},"--",{"$nulls":7},{"$f":"SUMIFS(Table1[Amount $],Table1[Category],Snapshot!AC36,Table1[Month],Snapshot!$W$4)*-1","v":0},{"$f":"RANK(AD36,$AD$6:$AD$35,0)+COUNTIF(AD$6:$AD36,AD36)-1","v":31},{"$nulls":4},"2000-01-31",{"$error":"#N/A"},{"$f":"SUMIFS(Table1[Amount $],Table1[Category Type],\"Expense\",Table1[Date],Snapshot!AK36)*-1","v":{"v":0,"d":"$0"}},{"$f":"IF(AK36>TODAY(),NA(),SUM(AL$6:$AL36))","v":{"$error":"#N/A"}},{"$error":"#N/A"},{"$error":"#N/A"},{"$f":"SUMIFS(Table1[Amount $],Table1[Category Type],\"Expense\",Table1[Date],Snapshot!AO36)*-1","v":{"v":0,"d":"$0"}},{"$f":"IF(AO36<=EOMONTH($AO$6,0),SUM(AP$6:$AP36),NA())","v":{"$error":"#N/A"}},{"$error":"#N/A"},null,null,{"$f":"IF(ISBLANK(AT36),\"\",SUMIFS(Table1[Amount $],Table1[Merchant],Snapshot!AT36,Table1[Month],Snapshot!$W$4)*-1)","v":""},{"$f":"IF(ISBLANK(AT36),\"\",COUNTIFS(Table1[Merchant],Snapshot!AT36,Table1[Month],Snapshot!$W$4))","v":""},{"$f":"IFERROR(RANK(AV36,$AV$6:$AV$200)+COUNTIF($AV$6:AV36,AV36)-1,\"\")","v":""},{"$f":"IFERROR(RANK(AU36,$AU$6:$AU$200)+COUNTIF($AU$6:AU36,AU36)-1,\"\")","v":""}]
[{"$nulls":21},"--",{"$nulls":7},{"$f":"SUMIFS(Table1[Amount $],Table1[Category],Snapshot!AC37,Table1[Month],Snapshot!$W$4)*-1","v":0},{"$f":"RANK(AD37,$AD$6:$AD$35,0)+COUNTIF(AD$6:$AD37,AD37)-1","v":32},{"$nulls":15},{"$f":"IF(ISBLANK(AT37),\"\",SUMIFS(Table1[Amount $],Table1[Merchant],Snapshot!AT37,Table1[Month],Snapshot!$W$4)*-1)","v":""},{"$f":"IF(ISBLANK(AT37),\"\",COUNTIFS(Table1[Merchant],Snapshot!AT37,Table1[Month],Snapshot!$W$4))","v":""},{"$f":"IFERROR(RANK(AV37,$AV$6:$AV$200)+COUNTIF($AV$6:AV37,AV37)-1,\"\")","v":""},{"$f":"IFERROR(RANK(AU37,$AU$6:$AU$200)+COUNTIF($AU$6:AU37,AU37)-1,\"\")","v":""}]
[{"$nulls":21},"--",{"$nulls":7},{"$f":"SUMIFS(Table1[Amount $],Table1[Category],Snapshot!AC38,Table1[Month],Snapshot!$W$4)*-1","v":0},{"$f":"RANK(AD38,$AD$6:$AD$35,0)+COUNTIF(AD$6:$AD38,AD38)-1","v":33},{"$nulls":5},{"$f":"TODAY()","v":"2021-12-13"},null,{"$f":"INDEX(AM6:AM36,MATCH(AK38,AK6:AK36,0),0)","v":{"$error":"#N/A"}},null,{"$f":"DATE(YEAR(AK38),MONTH(AK38)-1,DAY(AK38))","v":"2021-11-13"},null,{"$f":"INDEX(AQ6:AQ36,MATCH(AO38,AO6:AO36,0),0)","v":{"$error":"#N/A"}},{"$nulls":3},{"$f":"IF(ISBLANK(AT38),\"\",SUMIFS(Table1[Amount $],Table1[Merchant],Snapshot!AT38,Table1[Month],Snapshot!$W$4)*-1)","v":""},{"$f":"IF(ISBLANK(AT38),\"\",COUNTIFS(Table1[Merchant],Snapshot!AT38,Table1[Month],Snapshot!$W$4))","v":""},{"$f":"IFERROR(RANK(AV38,$AV$6:$AV$200)+COUNTIF($AV$6:AV38,AV38)-1,\"\")","v":""},{"$f":"IFERROR(RANK(AU38,$AU$6:$AU$200)+COUNTIF($AU$6:AU38,AU38)-1,\"\")","v":""}]
[{"$nulls":21},"--",{"$nulls":7},{"$f":"SUMIFS(Table1[Amount $],Table1[Category],Snapshot!AC39,Table1[Month],Snapshot!$W$4)*-1","v":0},{"$f":"RANK(AD39,$AD$6:$AD$35,0)+COUNTIF(AD$6:$AD39,AD39)-1","v":34},{"$nulls":5},{"$f":"IF(AM38>AQ38,\"Spent \"&TEXT(AM38-AQ38,\"$#,##0\")&\" more\",\"Spent \"&TEXT((AM38-AQ38)*-1,\"$#,##0\")&\" less\")&\" than this time last month\"","v":{"$error":"#N/A"}},{"$nulls":9},{"$f":"IF(ISBLANK(AT39),\"\",SUMIFS(Table1[Amount $],Table1[Merchant],Snapshot!AT39,Table1[Month],Snapshot!$W$4)*-1)","v":""},{"$f":"IF(ISBLANK(AT39),\"\",COUNTIFS(Table1[Merchant],Snapshot!AT39,Table1[Month],Snapshot!$W$4))","v":""},{"$f":"IFERROR(RANK(AV39,$AV$6:$AV$200)+COUNTIF($AV$6:AV39,AV39)-1,\"\")","v":""},{"$f":"IFERROR(RANK(AU39,$AU$6:$AU$200)+COUNTIF($AU$6:AU39,AU39)-1,\"\")","v":""}]
[{"$nulls":21},"--",{"$nulls":7},{"$f":"SUMIFS(Table1[Amount $],Table1[Category],Snapshot!AC40,Table1[Month],Snapshot!$W$4)*-1","v":0},{"$f":"RANK(AD40,$AD$6:$AD$35,0)+COUNTIF(AD$6:$AD40,AD40)-1","v":35},{"$nulls":15},{"$f":"IF(ISBLANK(AT40),\"\",SUMIFS(Table1[Amount $],Table1[Merchant],Snapshot!AT40,Table1[Month],Snapshot!$W$4)*-1)","v":""},{"$f":"IF(ISBLANK(AT40),\"\",COUNTIFS(Table1[Merchant],Snapshot!AT40,Table1[Month],Snapshot!$W$4))","v":""},{"$f":"IFERROR(RANK(AV40,$AV$6:$AV$200)+COUNTIF($AV$6:AV40,AV40)-1,\"\")","v":""},{"$f":"IFERROR(RANK(AU40,$AU$6:$AU$200)+COUNTIF($AU$6:AU40,AU40)-1,\"\")","v":""}]
[{"$nulls":21},"--",{"$nulls":7},{"$f":"SUMIFS(Table1[Amount $],Table1[Category],Snapshot!AC41,Table1[Month],Snapshot!$W$4)*-1","v":0},{"$f":"RANK(AD41,$AD$6:$AD$35,0)+COUNTIF(AD$6:$AD41,AD41)-1","v":36},{"$nulls":5},{"$f":"IFERROR(MAX(AK6:AK36),IFERROR(AK35,IF(AK34,AK33)))","v":{"$error":"#N/A"}},null,{"$f":"INDEX(AM6:AM36,MATCH(AK41,AK6:AK36,0),0)","v":{"$error":"#N/A"}},null,{"$f":"IFERROR(MAX(AO6:AO36),IFERROR(AO35,IF(AO34,AO33)))","v":{"$error":"#N/A"}},null,{"$f":"INDEX(AQ6:AQ36,MATCH(AO41,AO6:AO36,0),0)","v":{"$error":"#N/A"}},{"$nulls":3},{"$f":"IF(ISBLANK(AT41),\"\",SUMIFS(Table1[Amount $],Table1[Merchant],Snapshot!AT41,Table1[Month],Snapshot!$W$4)*-1)","v":""},{"$f":"IF(ISBLANK(AT41),\"\",COUNTIFS(Table1[Merchant],Snapshot!AT41,Table1[Month],Snapshot!$W$4))","v":""},{"$f":"IFERROR(RANK(AV41,$AV$6:$AV$200)+COUNTIF($AV$6:AV41,AV41)-1,\"\")","v":""},{"$f":"IFERROR(RANK(AU41,$AU$6:$AU$200)+COUNTIF($AU$6:AU41,AU41)-1,\"\")","v":""}]
[{"$nulls":21},"--",{"$nulls":7},{"$f":"SUMIFS(Table1[Amount $],Table1[Category],Snapshot!AC42,Table1[Month],Snapshot!$W$4)*-1","v":0},{"$f":"RANK(AD42,$AD$6:$AD$35,0)+COUNTIF(AD$6:$AD42,AD42)-1","v":37},{"$nulls":5},{"$f":"\"Compared to \"&TEXT(AO6,\"mmmm\")&\", you \"&IF(AM41>AQ41,\"spent \"&TEXT(AM41-AQ41,\"$#,##0\")&\" more\",\"spent \"&TEXT((AM41-AQ41)*-1,\"$#,##0\")&\" less\")","v":{"$error":"#N/A"}},{"$nulls":9},{"$f":"IF(ISBLANK(AT42),\"\",SUMIFS(Table1[Amount $],Table1[Merchant],Snapshot!AT42,Table1[Month],Snapshot!$W$4)*-1)","v":""},{"$f":"IF(ISBLANK(AT42),\"\",COUNTIFS(Table1[Merchant],Snapshot!AT42,Table1[Month],Snapshot!$W$4))","v":""},{"$f":"IFERROR(RANK(AV42,$AV$6:$AV$200)+COUNTIF($AV$6:AV42,AV42)-1,\"\")","v":""},{"$f":"IFERROR(RANK(AU42,$AU$6:$AU$200)+COUNTIF($AU$6:AU42,AU42)-1,\"\")","v":""}]
[{"$nulls":21},"--",{"$nulls":7},{"$f":"SUMIFS(Table1[Amount $],Table1[Category],Snapshot!AC43,Table1[Month],Snapshot!$W$4)*-1","v":0},{"$f":"RANK(AD43,$AD$6:$AD$35,0)+COUNTIF(AD$6:$AD43,AD43)-1","v":38},{"$nulls":15},{"$f":"IF(ISBLANK(AT43),\"\",SUMIFS(Table1[Amount $],Table1[Merchant],Snapshot!AT43,Table1[Month],Snapshot!$W$4)*-1)","v":""},{"$f":"IF(ISBLANK(AT43),\"\",COUNTIFS(Table1[Merchant],Snapshot!AT43,Table1[Month],Snapshot!$W$4))","v":""},{"$f":"IFERROR(RANK(AV43,$AV$6:$AV$200)+COUNTIF($AV$6:AV43,AV43)-1,\"\")","v":""},{"$f":"IFERROR(RANK(AU43,$AU$6:$AU$200)+COUNTIF($AU$6:AU43,AU43)-1,\"\")","v":""}]
[{"$nulls":3},"Frequented merchants",{"$nulls":8},"Merchants where the most was spent",{"$nulls":8},"--",{"$nulls":7},{"$f":"SUMIFS(Table1[Amount $],Table1[Category],Snapshot!AC44,Table1[Month],Snapshot!$W$4)*-1","v":0},{"$f":"RANK(AD44,$AD$6:$AD$35,0)+COUNTIF(AD$6:$AD44,AD44)-1","v":39},{"$nulls":15},{"$f":"IF(ISBLANK(AT44),\"\",SUMIFS(Table1[Amount $],Table1[Merchant],Snapshot!AT44,Table1[Month],Snapshot!$W$4)*-1)","v":""},{"$f":"IF(ISBLANK(AT44),\"\",COUNTIFS(Table1[Merchant],Snapshot!AT44,Table1[Month],Snapshot!$W$4))","v":""},{"$f":"IFERROR(RANK(AV44,$AV$6:$AV$200)+COUNTIF($AV$6:AV44,AV44)-1,\"\")","v":""},{"$f":"IFERROR(RANK(AU44,$AU$6:$AU$200)+COUNTIF($AU$6:AU44,AU44)-1,\"\")","v":""}]
[{"$nulls":21},"--",{"$nulls":7},{"$f":"SUMIFS(Table1[Amount $],Table1[Category],Snapshot!AC45,Table1[Month],Snapshot!$W$4)*-1","v":0},{"$f":"RANK(AD45,$AD$6:$AD$35,0)+COUNTIF(AD$6:$AD45,AD45)-1","v":40},{"$nulls":15},{"$f":"IF(ISBLANK(AT45),\"\",SUMIFS(Table1[Amount $],Table1[Merchant],Snapshot!AT45,Table1[Month],Snapshot!$W$4)*-1)","v":""},{"$f":"IF(ISBLANK(AT45),\"\",COUNTIFS(Table1[Merchant],Snapshot!AT45,Table1[Month],Snapshot!$W$4))","v":""},{"$f":"IFERROR(RANK(AV45,$AV$6:$AV$200)+COUNTIF($AV$6:AV45,AV45)-1,\"\")","v":""},{"$f":"IFERROR(RANK(AU45,$AU$6:$AU$200)+COUNTIF($AU$6:AU45,AU45)-1,\"\")","v":""}]
[{"$nulls":3},"Merchant",null,null,"Count",null,"Total cost",{"$nulls":3},"Merchant",{"$nulls":3},"Category",null,"Total cost",null,null,"--",{"$nulls":7},{"$f":"SUMIFS(Table1[Amount $],Table1[Category],Snapshot!AC46,Table1[Month],Snapshot!$W$4)*-1","v":0},{"$f":"RANK(AD46,$AD$6:$AD$35,0)+COUNTIF(AD$6:$AD46,AD46)-1","v":41},{"$nulls":15},{"$f":"IF(ISBLANK(AT46),\"\",SUMIFS(Table1[Amount $],Table1[Merchant],Snapshot!AT46,Table1[Month],Snapshot!$W$4)*-1)","v":""},{"$f":"IF(ISBLANK(AT46),\"\",COUNTIFS(Table1[Merchant],Snapshot!AT46,Table1[Month],Snapshot!$W$4))","v":""},{"$f":"IFERROR(RANK(AV46,$AV$6:$AV$200)+COUNTIF($AV$6:AV46,AV46)-1,\"\")","v":""},{"$f":"IFERROR(RANK(AU46,$AU$6:$AU$200)+COUNTIF($AU$6:AU46,AU46)-1,\"\")","v":""}]
[null,1,null,{"$f":"IFERROR(INDEX($AT:$AT,MATCH($B47,$AW:$AW,0),0),\"\")","v":""},null,null,{"$f":"IF(IFERROR(INDEX($AV:$AV,MATCH($B47,$AW:$AW,0),0),\"\")=0,\"\",IFERROR(INDEX($AV:$AV,MATCH($B47,$AW:$AW,0),0),\"\"))","v":""},null,{"$f":"IF(IFERROR(INDEX($AU:$AU,MATCH($B47,$AW:$AW,0),0),\"\")=0,\"\",IFERROR(INDEX($AU:$AU,MATCH($B47,$AW:$AW,0),0),\"\"))","v":""},{"$nulls":3},{"$f":"IFERROR(INDEX($AT:$AT,MATCH($B47,$AX:$AX,0),0),\"\")","v":""},{"$nulls":3},{"$f":"IFERROR(INDEX(Table1[Category],MATCH(Snapshot!M47,Table1[Merchant],0),0),\"\")","v":""},null,{"$f":"IF(IFERROR(INDEX($AU:$AU,MATCH($B47,$AX:$AX,0),0),\"\")=0,\"\",IFERROR(INDEX($AU:$AU,MATCH($B47,$AX:$AX,0),0),\"\"))","v":""},null,null,"--",{"$nulls":7},{"$f":"SUMIFS(Table1[Amount $],Table1[Category],Snapshot!AC47,Table1[Month],Snapshot!$W$4)*-1","v":0},{"$f":"RANK(AD47,$AD$6:$AD$35,0)+COUNTIF(AD$6:$AD47,AD47)-1","v":42},{"$nulls":15},{"$f":"IF(ISBLANK(AT47),\"\",SUMIFS(Table1[Amount $],Table1[Merchant],Snapshot!AT47,Table1[Month],Snapshot!$W$4)*-1)","v":""},{"$f":"IF(ISBLANK(AT47),\"\",COUNTIFS(Table1[Merchant],Snapshot!AT47,Table1[Month],Snapshot!$W$4))","v":""},{"$f":"IFERROR(RANK(AV47,$AV$6:$AV$200)+COUNTIF($AV$6:AV47,AV47)-1,\"\")","v":""},{"$f":"IFERROR(RANK(AU47,$AU$6:$AU$200)+COUNTIF($AU$6:AU47,AU47)-1,\"\")","v":""}]
[null,{"$f":"B47+1","v":2},null,{"$f":"IFERROR(INDEX($AT:$AT,MATCH($B48,$AW:$AW,0),0),\"\")","v":""},null,null,{"$f":"IF(IFERROR(INDEX($AV:$AV,MATCH($B48,$AW:$AW,0),0),\"\")=0,\"\",IFERROR(INDEX($AV:$AV,MATCH($B48,$AW:$AW,0),0),\"\"))","v":""},null,{"$f":"IF(IFERROR(INDEX($AU:$AU,MATCH($B48,$AW:$AW,0),0),\"\")=0,\"\",IFERROR(INDEX($AU:$AU,MATCH($B48,$AW:$AW,0),0),\"\"))","v":""},{"$nulls":3},{"$f":"IFERROR(INDEX($AT:$AT,MATCH($B48,$AX:$AX,0),0),\"\")","v":""},{"$nulls":3},{"$f":"IFERROR(INDEX(Table1[Category],MATCH(Snapshot!M48,Table1[Merchant],0),0),\"\")","v":""},null,{"$f":"IF(IFERROR(INDEX($AU:$AU,MATCH($B48,$AX:$AX,0),0),\"\")=0,\"\",IFERROR(INDEX($AU:$AU,MATCH($B48,$AX:$AX,0),0),\"\"))","v":""},null,null,"--",{"$nulls":7},{"$f":"SUMIFS(Table1[Amount $],Table1[Category],Snapshot!AC48,Table1[Month],Snapshot!$W$4)*-1","v":0},{"$f":"RANK(AD48,$AD$6:$AD$35,0)+COUNTIF(AD$6:$AD48,AD48)-1","v":43},{"$nulls":15},{"$f":"IF(ISBLANK(AT48),\"\",SUMIFS(Table1[Amount $],Table1[Merchant],Snapshot!AT48,Table1[Month],Snapshot!$W$4)*-1)","v":""},{"$f":"IF(ISBLANK(AT48),\"\",COUNTIFS(Table1[Merchant],Snapshot!AT48,Table1[Month],Snapshot!$W$4))","v":""},{"$f":"IFERROR(RANK(AV48,$AV$6:$AV$200)+COUNTIF($AV$6:AV48,AV48)-1,\"\")","v":""},{"$f":"IFERROR(RANK(AU48,$AU$6:$AU$200)+COUNTIF($AU$6:AU48,AU48)-1,\"\")","v":""}]
[null,{"$f":"B48+1","v":3},null,{"$f":"IFERROR(INDEX($AT:$AT,MATCH($B49,$AW:$AW,0),0),\"\")","v":""},null,null,{"$f":"IF(IFERROR(INDEX($AV:$AV,MATCH($B49,$AW:$AW,0),0),\"\")=0,\"\",IFERROR(INDEX($AV:$AV,MATCH($B49,$AW:$AW,0),0),\"\"))","v":""},null,{"$f":"IF(IFERROR(INDEX($AU:$AU,MATCH($B49,$AW:$AW,0),0),\"\")=0,\"\",IFERROR(INDEX($AU:$AU,MATCH($B49,$AW:$AW,0),0),\"\"))","v":""},{"$nulls":3},{"$f":"IFERROR(INDEX($AT:$AT,MATCH($B49,$AX:$AX,0),0),\"\")","v":""},{"$nulls":3},{"$f":"IFERROR(INDEX(Table1[Category],MATCH(Snapshot!M49,Table1[Merchant],0),0),\"\")","v":""},null,{"$f":"IF(IFERROR(INDEX($AU:$AU,MATCH($B49,$AX:$AX,0),0),\"\")=0,\"\",IFERROR(INDEX($AU:$AU,MATCH($B49,$AX:$AX,0),0),\"\"))","v":""},null,null,"--",{"$nulls":7},{"$f":"SUMIFS(Table1[Amount $],Table1[Category],Snapshot!AC49,Table1[Month],Snapshot!$W$4)*-1","v":0},{"$f":"RANK(AD49,$AD$6:$AD$35,0)+COUNTIF(AD$6:$AD49,AD49)-1","v":44},{"$nulls":15},{"$f":"IF(ISBLANK(AT49),\"\",SUMIFS(Table1[Amount $],Table1[Merchant],Snapshot!AT49,Table1[Month],Snapshot!$W$4)*-1)","v":""},{"$f":"IF(ISBLANK(AT49),\"\",COUNTIFS(Table1[Merchant],Snapshot!AT49,Table1[Month],Snapshot!$W$4))","v":""},{"$f":"IFERROR(RANK(AV49,$AV$6:$AV$200)+COUNTIF($AV$6:AV49,AV49)-1,\"\")","v":""},{"$f":"IFERROR(RANK(AU49,$AU$6:$AU$200)+COUNTIF($AU$6:AU49,AU49)-1,\"\")","v":""}]
[null,4,null,{"$f":"IFERROR(INDEX($AT:$AT,MATCH($B50,$AW:$AW,0),0),\"\")","v":""},null,null,{"$f":"IF(IFERROR(INDEX($AV:$AV,MATCH($B50,$AW:$AW,0),0),\"\")=0,\"\",IFERROR(INDEX($AV:$AV,MATCH($B50,$AW:$AW,0),0),\"\"))","v":""},null,{"$f":"IF(IFERROR(INDEX($AU:$AU,MATCH($B50,$AW:$AW,0),0),\"\")=0,\"\",IFERROR(INDEX($AU:$AU,MATCH($B50,$AW:$AW,0),0),\"\"))","v":""},{"$nulls":3},{"$f":"IFERROR(INDEX($AT:$AT,MATCH($B50,$AX:$AX,0),0),\"\")","v":""},{"$nulls":3},{"$f":"IFERROR(INDEX(Table1[Category],MATCH(Snapshot!M50,Table1[Merchant],0),0),\"\")","v":""},null,{"$f":"IF(IFERROR(INDEX($AU:$AU,MATCH($B50,$AX:$AX,0),0),\"\")=0,\"\",IFERROR(INDEX($AU:$AU,MATCH($B50,$AX:$AX,0),0),\"\"))","v":""},null,null,"--",{"$nulls":7},{"$f":"SUMIFS(Table1[Amount $],Table1[Category],Snapshot!AC50,Table1[Month],Snapshot!$W$4)*-1","v":0},{"$f":"RANK(AD50,$AD$6:$AD$35,0)+COUNTIF(AD$6:$AD50,AD50)-1","v":45},{"$nulls":15},{"$f":"IF(ISBLANK(AT50),\"\",SUMIFS(Table1[Amount $],Table1[Merchant],Snapshot!AT50,Table1[Month],Snapshot!$W$4)*-1)","v":""},{"$f":"IF(ISBLANK(AT50),\"\",COUNTIFS(Table1[Merchant],Snapshot!AT50,Table1[Month],Snapshot!$W$4))","v":""},{"$f":"IFERROR(RANK(AV50,$AV$6:$AV$200)+COUNTIF($AV$6:AV50,AV50)-1,\"\")","v":""},{"$f":"IFERROR(RANK(AU50,$AU$6:$AU$200)+COUNTIF($AU$6:AU50,AU50)-1,\"\")","v":""}]
[null,5,null,{"$f":"IFERROR(INDEX($AT:$AT,MATCH($B51,$AW:$AW,0),0),\"\")","v":""},null,null,{"$f":"IF(IFERROR(INDEX($AV:$AV,MATCH($B51,$AW:$AW,0),0),\"\")=0,\"\",IFERROR(INDEX($AV:$AV,MATCH($B51,$AW:$AW,0),0),\"\"))","v":""},null,{"$f":"IF(IFERROR(INDEX($AU:$AU,MATCH($B51,$AW:$AW,0),0),\"\")=0,\"\",IFERROR(INDEX($AU:$AU,MATCH($B51,$AW:$AW,0),0),\"\"))","v":""},{"$nulls":3},{"$f":"IFERROR(INDEX($AT:$AT,MATCH($B51,$AX:$AX,0),0),\"\")","v":""},{"$nulls":3},{"$f":"IFERROR(INDEX(Table1[Category],MATCH(Snapshot!M51,Table1[Merchant],0),0),\"\")","v":""},null,{"$f":"IF(IFERROR(INDEX($AU:$AU,MATCH($B51,$AX:$AX,0),0),\"\")=0,\"\",IFERROR(INDEX($AU:$AU,MATCH($B51,$AX:$AX,0),0),\"\"))","v":""},null,null,"--",{"$nulls":7},{"$f":"SUMIFS(Table1[Amount $],Table1[Category],Snapshot!AC51,Table1[Month],Snapshot!$W$4)*-1","v":0},{"$f":"RANK(AD51,$AD$6:$AD$35,0)+COUNTIF(AD$6:$AD51,AD51)-1","v":46},{"$nulls":15},{"$f":"IF(ISBLANK(AT51),\"\",SUMIFS(Table1[Amount $],Table1[Merchant],Snapshot!AT51,Table1[Month],Snapshot!$W$4)*-1)","v":""},{"$f":"IF(ISBLANK(AT51),\"\",COUNTIFS(Table1[Merchant],Snapshot!AT51,Table1[Month],Snapshot!$W$4))","v":""},{"$f":"IFERROR(RANK(AV51,$AV$6:$AV$200)+COUNTIF($AV$6:AV51,AV51)-1,\"\")","v":""},{"$f":"IFERROR(RANK(AU51,$AU$6:$AU$200)+COUNTIF($AU$6:AU51,AU51)-1,\"\")","v":""}]
[null,6,null,{"$f":"IFERROR(INDEX($AT:$AT,MATCH($B52,$AW:$AW,0),0),\"\")","v":""},null,null,{"$f":"IF(IFERROR(INDEX($AV:$AV,MATCH($B52,$AW:$AW,0),0),\"\")=0,\"\",IFERROR(INDEX($AV:$AV,MATCH($B52,$AW:$AW,0),0),\"\"))","v":""},null,{"$f":"IF(IFERROR(INDEX($AU:$AU,MATCH($B52,$AW:$AW,0),0),\"\")=0,\"\",IFERROR(INDEX($AU:$AU,MATCH($B52,$AW:$AW,0),0),\"\"))","v":""},{"$nulls":3},{"$f":"IFERROR(INDEX($AT:$AT,MATCH($B52,$AX:$AX,0),0),\"\")","v":""},{"$nulls":3},{"$f":"IFERROR(INDEX(Table1[Category],MATCH(Snapshot!M52,Table1[Merchant],0),0),\"\")","v":""},null,{"$f":"IF(IFERROR(INDEX($AU:$AU,MATCH($B52,$AX:$AX,0),0),\"\")=0,\"\",IFERROR(INDEX($AU:$AU,MATCH($B52,$AX:$AX,0),0),\"\"))","v":""},null,null,"--",{"$nulls":7},{"$f":"SUMIFS(Table1[Amount $],Table1[Category],Snapshot!AC52,Table1[Month],Snapshot!$W$4)*-1","v":0},{"$f":"RANK(AD52,$AD$6:$AD$35,0)+COUNTIF(AD$6:$AD52,AD52)-1","v":47},{"$nulls":15},{"$f":"IF(ISBLANK(AT52),\"\",SUMIFS(Table1[Amount $],Table1[Merchant],Snapshot!AT52,Table1[Month],Snapshot!$W$4)*-1)","v":""},{"$f":"IF(ISBLANK(AT52),\"\",COUNTIFS(Table1[Merchant],Snapshot!AT52,Table1[Month],Snapshot!$W$4))","v":""},{"$f":"IFERROR(RANK(AV52,$AV$6:$AV$200)+COUNTIF($AV$6:AV52,AV52)-1,\"\")","v":""},{"$f":"IFERROR(RANK(AU52,$AU$6:$AU$200)+COUNTIF($AU$6:AU52,AU52)-1,\"\")","v":""}]
[null,7,null,{"$f":"IFERROR(INDEX($AT:$AT,MATCH($B53,$AW:$AW,0),0),\"\")","v":""},null,null,{"$f":"IF(IFERROR(INDEX($AV:$AV,MATCH($B53,$AW:$AW,0),0),\"\")=0,\"\",IFERROR(INDEX($AV:$AV,MATCH($B53,$AW:$AW,0),0),\"\"))","v":""},null,{"$f":"IF(IFERROR(INDEX($AU:$AU,MATCH($B53,$AW:$AW,0),0),\"\")=0,\"\",IFERROR(INDEX($AU:$AU,MATCH($B53,$AW:$AW,0),0),\"\"))","v":""},{"$nulls":3},{"$f":"IFERROR(INDEX($AT:$AT,MATCH($B53,$AX:$AX,0),0),\"\")","v":""},{"$nulls":3},{"$f":"IFERROR(INDEX(Table1[Category],MATCH(Snapshot!M53,Table1[Merchant],0),0),\"\")","v":""},null,{"$f":"IF(IFERROR(INDEX($AU:$AU,MATCH($B53,$AX:$AX,0),0),\"\")=0,\"\",IFERROR(INDEX($AU:$AU,MATCH($B53,$AX:$AX,0),0),\"\"))","v":""},null,null,"--",{"$nulls":7},{"$f":"SUMIFS(Table1[Amount $],Table1[Category],Snapshot!AC53,Table1[Month],Snapshot!$W$4)*-1","v":0},{"$f":"RANK(AD53,$AD$6:$AD$35,0)+COUNTIF(AD$6:$AD53,AD53)-1","v":48},{"$nulls":15},{"$f":"IF(ISBLANK(AT53),\"\",SUMIFS(Table1[Amount $],Table1[Merchant],Snapshot!AT53,Table1[Month],Snapshot!$W$4)*-1)","v":""},{"$f":"IF(ISBLANK(AT53),\"\",COUNTIFS(Table1[Merchant],Snapshot!AT53,Table1[Month],Snapshot!$W$4))","v":""},{"$f":"IFERROR(RANK(AV53,$AV$6:$AV$200)+COUNTIF($AV$6:AV53,AV53)-1,\"\")","v":""},{"$f":"IFERROR(RANK(AU53,$AU$6:$AU$200)+COUNTIF($AU$6:AU53,AU53)-1,\"\")","v":""}]
[null,8,null,{"$f":"IFERROR(INDEX($AT:$AT,MATCH($B54,$AW:$AW,0),0),\"\")","v":""},null,null,{"$f":"IF(IFERROR(INDEX($AV:$AV,MATCH($B54,$AW:$AW,0),0),\"\")=0,\"\",IFERROR(INDEX($AV:$AV,MATCH($B54,$AW:$AW,0),0),\"\"))","v":""},null,{"$f":"IF(IFERROR(INDEX($AU:$AU,MATCH($B54,$AW:$AW,0),0),\"\")=0,\"\",IFERROR(INDEX($AU:$AU,MATCH($B54,$AW:$AW,0),0),\"\"))","v":""},{"$nulls":3},{"$f":"IFERROR(INDEX($AT:$AT,MATCH($B54,$AX:$AX,0),0),\"\")","v":""},{"$nulls":3},{"$f":"IFERROR(INDEX(Table1[Category],MATCH(Snapshot!M54,Table1[Merchant],0),0),\"\")","v":""},null,{"$f":"IF(IFERROR(INDEX($AU:$AU,MATCH($B54,$AX:$AX,0),0),\"\")=0,\"\",IFERROR(INDEX($AU:$AU,MATCH($B54,$AX:$AX,0),0),\"\"))","v":""},null,null,"--",{"$nulls":7},{"$f":"SUMIFS(Table1[Amount $],Table1[Category],Snapshot!AC54,Table1[Month],Snapshot!$W$4)*-1","v":0},{"$f":"RANK(AD54,$AD$6:$AD$35,0)+COUNTIF(AD$6:$AD54,AD54)-1","v":49},{"$nulls":15},{"$f":"IF(ISBLANK(AT54),\"\",SUMIFS(Table1[Amount $],Table1[Merchant],Snapshot!AT54,Table1[Month],Snapshot!$W$4)*-1)","v":""},{"$f":"IF(ISBLANK(AT54),\"\",COUNTIFS(Table1[Merchant],Snapshot!AT54,Table1[Month],Snapshot!$W$4))","v":""},{"$f":"IFERROR(RANK(AV54,$AV$6:$AV$200)+COUNTIF($AV$6:AV54,AV54)-1,\"\")","v":""},{"$f":"IFERROR(RANK(AU54,$AU$6:$AU$200)+COUNTIF($AU$6:AU54,AU54)-1,\"\")","v":""}]
[null,9,null,{"$f":"IFERROR(INDEX($AT:$AT,MATCH($B55,$AW:$AW,0),0),\"\")","v":""},null,null,{"$f":"IF(IFERROR(INDEX($AV:$AV,MATCH($B55,$AW:$AW,0),0),\"\")=0,\"\",IFERROR(INDEX($AV:$AV,MATCH($B55,$AW:$AW,0),0),\"\"))","v":""},null,{"$f":"IF(IFERROR(INDEX($AU:$AU,MATCH($B55,$AW:$AW,0),0),\"\")=0,\"\",IFERROR(INDEX($AU:$AU,MATCH($B55,$AW:$AW,0),0),\"\"))","v":""},{"$nulls":3},{"$f":"IFERROR(INDEX($AT:$AT,MATCH($B55,$AX:$AX,0),0),\"\")","v":""},{"$nulls":3},{"$f":"IFERROR(INDEX(Table1[Category],MATCH(Snapshot!M55,Table1[Merchant],0),0),\"\")","v":""},null,{"$f":"IF(IFERROR(INDEX($AU:$AU,MATCH($B55,$AX:$AX,0),0),\"\")=0,\"\",IFERROR(INDEX($AU:$AU,MATCH($B55,$AX:$AX,0),0),\"\"))","v":""},null,null,"--",{"$nulls":7},{"$f":"SUMIFS(Table1[Amount $],Table1[Category],Snapshot!AC55,Table1[Month],Snapshot!$W$4)*-1","v":0},{"$f":"RANK(AD55,$AD$6:$AD$35,0)+COUNTIF(AD$6:$AD55,AD55)-1","v":50},{"$nulls":15},{"$f":"IF(ISBLANK(AT55),\"\",SUMIFS(Table1[Amount $],Table1[Merchant],Snapshot!AT55,Table1[Month],Snapshot!$W$4)*-1)","v":""},{"$f":"IF(ISBLANK(AT55),\"\",COUNTIFS(Table1[Merchant],Snapshot!AT55,Table1[Month],Snapshot!$W$4))","v":""},{"$f":"IFERROR(RANK(AV55,$AV$6:$AV$200)+COUNTIF($AV$6:AV55,AV55)-1,\"\")","v":""},{"$f":"IFERROR(RANK(AU55,$AU$6:$AU$200)+COUNTIF($AU$6:AU55,AU55)-1,\"\")","v":""}]
[null,10,null,{"$f":"IFERROR(INDEX($AT:$AT,MATCH($B56,$AW:$AW,0),0),\"\")","v":""},null,null,{"$f":"IF(IFERROR(INDEX($AV:$AV,MATCH($B56,$AW:$AW,0),0),\"\")=0,\"\",IFERROR(INDEX($AV:$AV,MATCH($B56,$AW:$AW,0),0),\"\"))","v":""},null,{"$f":"IF(IFERROR(INDEX($AU:$AU,MATCH($B56,$AW:$AW,0),0),\"\")=0,\"\",IFERROR(INDEX($AU:$AU,MATCH($B56,$AW:$AW,0),0),\"\"))","v":""},{"$nulls":3},{"$f":"IFERROR(INDEX($AT:$AT,MATCH($B56,$AX:$AX,0),0),\"\")","v":""},{"$nulls":3},{"$f":"IFERROR(INDEX(Table1[Category],MATCH(Snapshot!M56,Table1[Merchant],0),0),\"\")","v":""},null,{"$f":"IF(IFERROR(INDEX($AU:$AU,MATCH($B56,$AX:$AX,0),0),\"\")=0,\"\",IFERROR(INDEX($AU:$AU,MATCH($B56,$AX:$AX,0),0),\"\"))","v":""},null,null,"--",{"$nulls":7},{"$f":"SUMIFS(Table1[Amount $],Table1[Category],Snapshot!AC56,Table1[Month],Snapshot!$W$4)*-1","v":0},{"$f":"RANK(AD56,$AD$6:$AD$35,0)+COUNTIF(AD$6:$AD56,AD56)-1","v":51},{"$nulls":15},{"$f":"IF(ISBLANK(AT56),\"\",SUMIFS(Table1[Amount $],Table1[Merchant],Snapshot!AT56,Table1[Month],Snapshot!$W$4)*-1)","v":""},{"$f":"IF(ISBLANK(AT56),\"\",COUNTIFS(Table1[Merchant],Snapshot!AT56,Table1[Month],Snapshot!$W$4))","v":""},{"$f":"IFERROR(RANK(AV56,$AV$6:$AV$200)+COUNTIF($AV$6:AV56,AV56)-1,\"\")","v":""},{"$f":"IFERROR(RANK(AU56,$AU$6:$AU$200)+COUNTIF($AU$6:AU56,AU56)-1,\"\")","v":""}]
[{"$nulls":21},"--",{"$nulls":7},{"$f":"SUMIFS(Table1[Amount $],Table1[Category],Snapshot!AC57,Table1[Month],Snapshot!$W$4)*-1","v":0},{"$f":"RANK(AD57,$AD$6:$AD$35,0)+COUNTIF(AD$6:$AD57,AD57)-1","v":52},{"$nulls":15},{"$f":"IF(ISBLANK(AT57),\"\",SUMIFS(Table1[Amount $],Table1[Merchant],Snapshot!AT57,Table1[Month],Snapshot!$W$4)*-1)","v":""},{"$f":"IF(ISBLANK(AT57),\"\",COUNTIFS(Table1[Merchant],Snapshot!AT57,Table1[Month],Snapshot!$W$4))","v":""},{"$f":"IFERROR(RANK(AV57,$AV$6:$AV$200)+COUNTIF($AV$6:AV57,AV57)-1,\"\")","v":""},{"$f":"IFERROR(RANK(AU57,$AU$6:$AU$200)+COUNTIF($AU$6:AU57,AU57)-1,\"\")","v":""}]
[{"$nulls":21},"--",{"$nulls":7},{"$f":"SUMIFS(Table1[Amount $],Table1[Category],Snapshot!AC58,Table1[Month],Snapshot!$W$4)*-1","v":0},{"$f":"RANK(AD58,$AD$6:$AD$35,0)+COUNTIF(AD$6:$AD58,AD58)-1","v":53},{"$nulls":15},{"$f":"IF(ISBLANK(AT58),\"\",SUMIFS(Table1[Amount $],Table1[Merchant],Snapshot!AT58,Table1[Month],Snapshot!$W$4)*-1)","v":""},{"$f":"IF(ISBLANK(AT58),\"\",COUNTIFS(Table1[Merchant],Snapshot!AT58,Table1[Month],Snapshot!$W$4))","v":""},{"$f":"IFERROR(RANK(AV58,$AV$6:$AV$200)+COUNTIF($AV$6:AV58,AV58)-1,\"\")","v":""},{"$f":"IFERROR(RANK(AU58,$AU$6:$AU$200)+COUNTIF($AU$6:AU58,AU58)-1,\"\")","v":""}]
[{"$nulls":21},"--",{"$nulls":7},{"$f":"SUMIFS(Table1[Amount $],Table1[Category],Snapshot!AC59,Table1[Month],Snapshot!$W$4)*-1","v":0},{"$f":"RANK(AD59,$AD$6:$AD$35,0)+COUNTIF(AD$6:$AD59,AD59)-1","v":54},{"$nulls":15},{"$f":"IF(ISBLANK(AT59),\"\",SUMIFS(Table1[Amount $],Table1[Merchant],Snapshot!AT59,Table1[Month],Snapshot!$W$4)*-1)","v":""},{"$f":"IF(ISBLANK(AT59),\"\",COUNTIFS(Table1[Merchant],Snapshot!AT59,Table1[Month],Snapshot!$W$4))","v":""},{"$f":"IFERROR(RANK(AV59,$AV$6:$AV$200)+COUNTIF($AV$6:AV59,AV59)-1,\"\")","v":""},{"$f":"IFERROR(RANK(AU59,$AU$6:$AU$200)+COUNTIF($AU$6:AU59,AU59)-1,\"\")","v":""}]
[{"$nulls":21},"--",{"$nulls":7},{"$f":"SUMIFS(Table1[Amount $],Table1[Category],Snapshot!AC60,Table1[Month],Snapshot!$W$4)*-1","v":0},{"$f":"RANK(AD60,$AD$6:$AD$35,0)+COUNTIF(AD$6:$AD60,AD60)-1","v":55},{"$nulls":15},{"$f":"IF(ISBLANK(AT60),\"\",SUMIFS(Table1[Amount $],Table1[Merchant],Snapshot!AT60,Table1[Month],Snapshot!$W$4)*-1)","v":""},{"$f":"IF(ISBLANK(AT60),\"\",COUNTIFS(Table1[Merchant],Snapshot!AT60,Table1[Month],Snapshot!$W$4))","v":""},{"$f":"IFERROR(RANK(AV60,$AV$6:$AV$200)+COUNTIF($AV$6:AV60,AV60)-1,\"\")","v":""},{"$f":"IFERROR(RANK(AU60,$AU$6:$AU$200)+COUNTIF($AU$6:AU60,AU60)-1,\"\")","v":""}]
[{"$nulls":21},"--",{"$nulls":7},{"$f":"SUMIFS(Table1[Amount $],Table1[Category],Snapshot!AC61,Table1[Month],Snapshot!$W$4)*-1","v":0},{"$f":"RANK(AD61,$AD$6:$AD$35,0)+COUNTIF(AD$6:$AD61,AD61)-1","v":56},{"$nulls":15},{"$f":"IF(ISBLANK(AT61),\"\",SUMIFS(Table1[Amount $],Table1[Merchant],Snapshot!AT61,Table1[Month],Snapshot!$W$4)*-1)","v":""},{"$f":"IF(ISBLANK(AT61),\"\",COUNTIFS(Table1[Merchant],Snapshot!AT61,Table1[Month],Snapshot!$W$4))","v":""},{"$f":"IFERROR(RANK(AV61,$AV$6:$AV$200)+COUNTIF($AV$6:AV61,AV61)-1,\"\")","v":""},{"$f":"IFERROR(RANK(AU61,$AU$6:$AU$200)+COUNTIF($AU$6:AU61,AU61)-1,\"\")","v":""}]
[{"$nulls":21},"--",{"$nulls":7},{"$f":"SUMIFS(Table1[Amount $],Table1[Category],Snapshot!AC62,Table1[Month],Snapshot!$W$4)*-1","v":0},{"$f":"RANK(AD62,$AD$6:$AD$35,0)+COUNTIF(AD$6:$AD62,AD62)-1","v":57},{"$nulls":15},{"$f":"IF(ISBLANK(AT62),\"\",SUMIFS(Table1[Amount $],Table1[Merchant],Snapshot!AT62,Table1[Month],Snapshot!$W$4)*-1)","v":""},{"$f":"IF(ISBLANK(AT62),\"\",COUNTIFS(Table1[Merchant],Snapshot!AT62,Table1[Month],Snapshot!$W$4))","v":""},{"$f":"IFERROR(RANK(AV62,$AV$6:$AV$200)+COUNTIF($AV$6:AV62,AV62)-1,\"\")","v":""},{"$f":"IFERROR(RANK(AU62,$AU$6:$AU$200)+COUNTIF($AU$6:AU62,AU62)-1,\"\")","v":""}]
[{"$nulls":21},"--",{"$nulls":7},{"$f":"SUMIFS(Table1[Amount $],Table1[Category],Snapshot!AC63,Table1[Month],Snapshot!$W$4)*-1","v":0},{"$f":"RANK(AD63,$AD$6:$AD$35,0)+COUNTIF(AD$6:$AD63,AD63)-1","v":58},{"$nulls":15},{"$f":"IF(ISBLANK(AT63),\"\",SUMIFS(Table1[Amount $],Table1[Merchant],Snapshot!AT63,Table1[Month],Snapshot!$W$4)*-1)","v":""},{"$f":"IF(ISBLANK(AT63),\"\",COUNTIFS(Table1[Merchant],Snapshot!AT63,Table1[Month],Snapshot!$W$4))","v":""},{"$f":"IFERROR(RANK(AV63,$AV$6:$AV$200)+COUNTIF($AV$6:AV63,AV63)-1,\"\")","v":""},{"$f":"IFERROR(RANK(AU63,$AU$6:$AU$200)+COUNTIF($AU$6:AU63,AU63)-1,\"\")","v":""}]
[{"$nulls":21},"--",{"$nulls":7},{"$f":"SUMIFS(Table1[Amount $],Table1[Category],Snapshot!AC64,Table1[Month],Snapshot!$W$4)*-1","v":0},{"$f":"RANK(AD64,$AD$6:$AD$35,0)+COUNTIF(AD$6:$AD64,AD64)-1","v":59},{"$nulls":15},{"$f":"IF(ISBLANK(AT64),\"\",SUMIFS(Table1[Amount $],Table1[Merchant],Snapshot!AT64,Table1[Month],Snapshot!$W$4)*-1)","v":""},{"$f":"IF(ISBLANK(AT64),\"\",COUNTIFS(Table1[Merchant],Snapshot!AT64,Table1[Month],Snapshot!$W$4))","v":""},{"$f":"IFERROR(RANK(AV64,$AV$6:$AV$200)+COUNTIF($AV$6:AV64,AV64)-1,\"\")","v":""},{"$f":"IFERROR(RANK(AU64,$AU$6:$AU$200)+COUNTIF($AU$6:AU64,AU64)-1,\"\")","v":""}]
[{"$nulls":21},{"$f":"IF(ISBLANK(W65),\"--\",TEXT(W65,\"mmmm\")&\" \"&TEXT(W65,\"YYYY\"))","v":"--"},{"$nulls":7},{"$f":"SUMIFS(Table1[Amount $],Table1[Category],Snapshot!AC65,Table1[Month],Snapshot!$W$4)*-1","v":0},{"$f":"RANK(AD65,$AD$6:$AD$35,0)+COUNTIF(AD$6:$AD65,AD65)-1","v":60},{"$nulls":15},{"$f":"IF(ISBLANK(AT65),\"\",SUMIFS(Table1[Amount $],Table1[Merchant],Snapshot!AT65,Table1[Month],Snapshot!$W$4)*-1)","v":""},{"$f":"IF(ISBLANK(AT65),\"\",COUNTIFS(Table1[Merchant],Snapshot!AT65,Table1[Month],Snapshot!$W$4))","v":""},{"$f":"IFERROR(RANK(AV65,$AV$6:$AV$200)+COUNTIF($AV$6:AV65,AV65)-1,\"\")","v":""},{"$f":"IFERROR(RANK(AU65,$AU$6:$AU$200)+COUNTIF($AU$6:AU65,AU65)-1,\"\")","v":""}]
[{"$nulls":21},"--",{"$nulls":7},{"$f":"SUMIFS(Table1[Amount $],Table1[Category],Snapshot!AC66,Table1[Month],Snapshot!$W$4)*-1","v":0},{"$f":"RANK(AD66,$AD$6:$AD$35,0)+COUNTIF(AD$6:$AD66,AD66)-1","v":61},{"$nulls":15},{"$f":"IF(ISBLANK(AT66),\"\",SUMIFS(Table1[Amount $],Table1[Merchant],Snapshot!AT66,Table1[Month],Snapshot!$W$4)*-1)","v":""},{"$f":"IF(ISBLANK(AT66),\"\",COUNTIFS(Table1[Merchant],Snapshot!AT66,Table1[Month],Snapshot!$W$4))","v":""},{"$f":"IFERROR(RANK(AV66,$AV$6:$AV$200)+COUNTIF($AV$6:AV66,AV66)-1,\"\")","v":""},{"$f":"IFERROR(RANK(AU66,$AU$6:$AU$200)+COUNTIF($AU$6:AU66,AU66)-1,\"\")","v":""}]
[{"$nulls":21},"--",{"$nulls":7},{"$f":"SUMIFS(Table1[Amount $],Table1[Category],Snapshot!AC67,Table1[Month],Snapshot!$W$4)*-1","v":0},{"$f":"RANK(AD67,$AD$6:$AD$35,0)+COUNTIF(AD$6:$AD67,AD67)-1","v":62},{"$nulls":15},{"$f":"IF(ISBLANK(AT67),\"\",SUMIFS(Table1[Amount $],Table1[Merchant],Snapshot!AT67,Table1[Month],Snapshot!$W$4)*-1)","v":""},{"$f":"IF(ISBLANK(AT67),\"\",COUNTIFS(Table1[Merchant],Snapshot!AT67,Table1[Month],Snapshot!$W$4))","v":""},{"$f":"IFERROR(RANK(AV67,$AV$6:$AV$200)+COUNTIF($AV$6:AV67,AV67)-1,\"\")","v":""},{"$f":"IFERROR(RANK(AU67,$AU$6:$AU$200)+COUNTIF($AU$6:AU67,AU67)-1,\"\")","v":""}]
[{"$nulls":21},"--",{"$nulls":7},{"$f":"SUMIFS(Table1[Amount $],Table1[Category],Snapshot!AC68,Table1[Month],Snapshot!$W$4)*-1","v":0},{"$f":"RANK(AD68,$AD$6:$AD$35,0)+COUNTIF(AD$6:$AD68,AD68)-1","v":63},{"$nulls":15},{"$f":"IF(ISBLANK(AT68),\"\",SUMIFS(Table1[Amount $],Table1[Merchant],Snapshot!AT68,Table1[Month],Snapshot!$W$4)*-1)","v":""},{"$f":"IF(ISBLANK(AT68),\"\",COUNTIFS(Table1[Merchant],Snapshot!AT68,Table1[Month],Snapshot!$W$4))","v":""},{"$f":"IFERROR(RANK(AV68,$AV$6:$AV$200)+COUNTIF($AV$6:AV68,AV68)-1,\"\")","v":""},{"$f":"IFERROR(RANK(AU68,$AU$6:$AU$200)+COUNTIF($AU$6:AU68,AU68)-1,\"\")","v":""}]
[{"$nulls":21},"--",{"$nulls":7},{"$f":"SUMIFS(Table1[Amount $],Table1[Category],Snapshot!AC69,Table1[Month],Snapshot!$W$4)*-1","v":0},{"$f":"RANK(AD69,$AD$6:$AD$35,0)+COUNTIF(AD$6:$AD69,AD69)-1","v":64},{"$nulls":15},{"$f":"IF(ISBLANK(AT69),\"\",SUMIFS(Table1[Amount $],Table1[Merchant],Snapshot!AT69,Table1[Month],Snapshot!$W$4)*-1)","v":""},{"$f":"IF(ISBLANK(AT69),\"\",COUNTIFS(Table1[Merchant],Snapshot!AT69,Table1[Month],Snapshot!$W$4))","v":""},{"$f":"IFERROR(RANK(AV69,$AV$6:$AV$200)+COUNTIF($AV$6:AV69,AV69)-1,\"\")","v":""},{"$f":"IFERROR(RANK(AU69,$AU$6:$AU$200)+COUNTIF($AU$6:AU69,AU69)-1,\"\")","v":""}]
[{"$nulls":21},"--",{"$nulls":7},{"$f":"SUMIFS(Table1[Amount $],Table1[Category],Snapshot!AC70,Table1[Month],Snapshot!$W$4)*-1","v":0},{"$f":"RANK(AD70,$AD$6:$AD$35,0)+COUNTIF(AD$6:$AD70,AD70)-1","v":65},{"$nulls":15},{"$f":"IF(ISBLANK(AT70),\"\",SUMIFS(Table1[Amount $],Table1[Merchant],Snapshot!AT70,Table1[Month],Snapshot!$W$4)*-1)","v":""},{"$f":"IF(ISBLANK(AT70),\"\",COUNTIFS(Table1[Merchant],Snapshot!AT70,Table1[Month],Snapshot!$W$4))","v":""},{"$f":"IFERROR(RANK(AV70,$AV$6:$AV$200)+COUNTIF($AV$6:AV70,AV70)-1,\"\")","v":""},{"$f":"IFERROR(RANK(AU70,$AU$6:$AU$200)+COUNTIF($AU$6:AU70,AU70)-1,\"\")","v":""}]
[{"$nulls":21},"--",{"$nulls":7},{"$f":"SUMIFS(Table1[Amount $],Table1[Category],Snapshot!AC71,Table1[Month],Snapshot!$W$4)*-1","v":0},{"$f":"RANK(AD71,$AD$6:$AD$35,0)+COUNTIF(AD$6:$AD71,AD71)-1","v":66},{"$nulls":15},{"$f":"IF(ISBLANK(AT71),\"\",SUMIFS(Table1[Amount $],Table1[Merchant],Snapshot!AT71,Table1[Month],Snapshot!$W$4)*-1)","v":""},{"$f":"IF(ISBLANK(AT71),\"\",COUNTIFS(Table1[Merchant],Snapshot!AT71,Table1[Month],Snapshot!$W$4))","v":""},{"$f":"IFERROR(RANK(AV71,$AV$6:$AV$200)+COUNTIF($AV$6:AV71,AV71)-1,\"\")","v":""},{"$f":"IFERROR(RANK(AU71,$AU$6:$AU$200)+COUNTIF($AU$6:AU71,AU71)-1,\"\")","v":""}]
[{"$nulls":21},"--",{"$nulls":7},{"$f":"SUMIFS(Table1[Amount $],Table1[Category],Snapshot!AC72,Table1[Month],Snapshot!$W$4)*-1","v":0},{"$f":"RANK(AD72,$AD$6:$AD$35,0)+COUNTIF(AD$6:$AD72,AD72)-1","v":67},{"$nulls":15},{"$f":"IF(ISBLANK(AT72),\"\",SUMIFS(Table1[Amount $],Table1[Merchant],Snapshot!AT72,Table1[Month],Snapshot!$W$4)*-1)","v":""},{"$f":"IF(ISBLANK(AT72),\"\",COUNTIFS(Table1[Merchant],Snapshot!AT72,Table1[Month],Snapshot!$W$4))","v":""},{"$f":"IFERROR(RANK(AV72,$AV$6:$AV$200)+COUNTIF($AV$6:AV72,AV72)-1,\"\")","v":""},{"$f":"IFERROR(RANK(AU72,$AU$6:$AU$200)+COUNTIF($AU$6:AU72,AU72)-1,\"\")","v":""}]
[{"$nulls":21},"--",{"$nulls":7},{"$f":"SUMIFS(Table1[Amount $],Table1[Category],Snapshot!AC73,Table1[Month],Snapshot!$W$4)*-1","v":0},{"$f":"RANK(AD73,$AD$6:$AD$35,0)+COUNTIF(AD$6:$AD73,AD73)-1","v":68},{"$nulls":15},{"$f":"IF(ISBLANK(AT73),\"\",SUMIFS(Table1[Amount $],Table1[Merchant],Snapshot!AT73,Table1[Month],Snapshot!$W$4)*-1)","v":""},{"$f":"IF(ISBLANK(AT73),\"\",COUNTIFS(Table1[Merchant],Snapshot!AT73,Table1[Month],Snapshot!$W$4))","v":""},{"$f":"IFERROR(RANK(AV73,$AV$6:$AV$200)+COUNTIF($AV$6:AV73,AV73)-1,\"\")","v":""},{"$f":"IFERROR(RANK(AU73,$AU$6:$AU$200)+COUNTIF($AU$6:AU73,AU73)-1,\"\")","v":""}]
[{"$nulls":21},"--",{"$nulls":7},{"$f":"SUMIFS(Table1[Amount $],Table1[Category],Snapshot!AC74,Table1[Month],Snapshot!$W$4)*-1","v":0},{"$f":"RANK(AD74,$AD$6:$AD$35,0)+COUNTIF(AD$6:$AD74,AD74)-1","v":69},{"$nulls":15},{"$f":"IF(ISBLANK(AT74),\"\",SUMIFS(Table1[Amount $],Table1[Merchant],Snapshot!AT74,Table1[Month],Snapshot!$W$4)*-1)","v":""},{"$f":"IF(ISBLANK(AT74),\"\",COUNTIFS(Table1[Merchant],Snapshot!AT74,Table1[Month],Snapshot!$W$4))","v":""},{"$f":"IFERROR(RANK(AV74,$AV$6:$AV$200)+COUNTIF($AV$6:AV74,AV74)-1,\"\")","v":""},{"$f":"IFERROR(RANK(AU74,$AU$6:$AU$200)+COUNTIF($AU$6:AU74,AU74)-1,\"\")","v":""}]
[{"$nulls":21},"--",{"$nulls":7},{"$f":"SUMIFS(Table1[Amount $],Table1[Category],Snapshot!AC75,Table1[Month],Snapshot!$W$4)*-1","v":0},{"$f":"RANK(AD75,$AD$6:$AD$35,0)+COUNTIF(AD$6:$AD75,AD75)-1","v":70},{"$nulls":15},{"$f":"IF(ISBLANK(AT75),\"\",SUMIFS(Table1[Amount $],Table1[Merchant],Snapshot!AT75,Table1[Month],Snapshot!$W$4)*-1)","v":""},{"$f":"IF(ISBLANK(AT75),\"\",COUNTIFS(Table1[Merchant],Snapshot!AT75,Table1[Month],Snapshot!$W$4))","v":""},{"$f":"IFERROR(RANK(AV75,$AV$6:$AV$200)+COUNTIF($AV$6:AV75,AV75)-1,\"\")","v":""},{"$f":"IFERROR(RANK(AU75,$AU$6:$AU$200)+COUNTIF($AU$6:AU75,AU75)-1,\"\")","v":""}]
[{"$nulls":21},"--",{"$nulls":7},{"$f":"SUMIFS(Table1[Amount $],Table1[Category],Snapshot!AC76,Table1[Month],Snapshot!$W$4)*-1","v":0},{"$f":"RANK(AD76,$AD$6:$AD$35,0)+COUNTIF(AD$6:$AD76,AD76)-1","v":71},{"$nulls":15},{"$f":"IF(ISBLANK(AT76),\"\",SUMIFS(Table1[Amount $],Table1[Merchant],Snapshot!AT76,Table1[Month],Snapshot!$W$4)*-1)","v":""},{"$f":"IF(ISBLANK(AT76),\"\",COUNTIFS(Table1[Merchant],Snapshot!AT76,Table1[Month],Snapshot!$W$4))","v":""},{"$f":"IFERROR(RANK(AV76,$AV$6:$AV$200)+COUNTIF($AV$6:AV76,AV76)-1,\"\")","v":""},{"$f":"IFERROR(RANK(AU76,$AU$6:$AU$200)+COUNTIF($AU$6:AU76,AU76)-1,\"\")","v":""}]
[{"$nulls":21},"--",{"$nulls":7},{"$f":"SUMIFS(Table1[Amount $],Table1[Category],Snapshot!AC77,Table1[Month],Snapshot!$W$4)*-1","v":0},{"$f":"RANK(AD77,$AD$6:$AD$35,0)+COUNTIF(AD$6:$AD77,AD77)-1","v":72},{"$nulls":15},{"$f":"IF(ISBLANK(AT77),\"\",SUMIFS(Table1[Amount $],Table1[Merchant],Snapshot!AT77,Table1[Month],Snapshot!$W$4)*-1)","v":""},{"$f":"IF(ISBLANK(AT77),\"\",COUNTIFS(Table1[Merchant],Snapshot!AT77,Table1[Month],Snapshot!$W$4))","v":""},{"$f":"IFERROR(RANK(AV77,$AV$6:$AV$200)+COUNTIF($AV$6:AV77,AV77)-1,\"\")","v":""},{"$f":"IFERROR(RANK(AU77,$AU$6:$AU$200)+COUNTIF($AU$6:AU77,AU77)-1,\"\")","v":""}]
[{"$nulls":21},"--",{"$nulls":7},{"$f":"SUMIFS(Table1[Amount $],Table1[Category],Snapshot!AC78,Table1[Month],Snapshot!$W$4)*-1","v":0},{"$f":"RANK(AD78,$AD$6:$AD$35,0)+COUNTIF(AD$6:$AD78,AD78)-1","v":73},{"$nulls":15},{"$f":"IF(ISBLANK(AT78),\"\",SUMIFS(Table1[Amount $],Table1[Merchant],Snapshot!AT78,Table1[Month],Snapshot!$W$4)*-1)","v":""},{"$f":"IF(ISBLANK(AT78),\"\",COUNTIFS(Table1[Merchant],Snapshot!AT78,Table1[Month],Snapshot!$W$4))","v":""},{"$f":"IFERROR(RANK(AV78,$AV$6:$AV$200)+COUNTIF($AV$6:AV78,AV78)-1,\"\")","v":""},{"$f":"IFERROR(RANK(AU78,$AU$6:$AU$200)+COUNTIF($AU$6:AU78,AU78)-1,\"\")","v":""}]
[{"$nulls":21},"--",{"$nulls":7},{"$f":"SUMIFS(Table1[Amount $],Table1[Category],Snapshot!AC79,Table1[Month],Snapshot!$W$4)*-1","v":0},{"$f":"RANK(AD79,$AD$6:$AD$35,0)+COUNTIF(AD$6:$AD79,AD79)-1","v":74},{"$nulls":15},{"$f":"IF(ISBLANK(AT79),\"\",SUMIFS(Table1[Amount $],Table1[Merchant],Snapshot!AT79,Table1[Month],Snapshot!$W$4)*-1)","v":""},{"$f":"IF(ISBLANK(AT79),\"\",COUNTIFS(Table1[Merchant],Snapshot!AT79,Table1[Month],Snapshot!$W$4))","v":""},{"$f":"IFERROR(RANK(AV79,$AV$6:$AV$200)+COUNTIF($AV$6:AV79,AV79)-1,\"\")","v":""},{"$f":"IFERROR(RANK(AU79,$AU$6:$AU$200)+COUNTIF($AU$6:AU79,AU79)-1,\"\")","v":""}]
[{"$nulls":21},"--",{"$nulls":7},{"$f":"SUMIFS(Table1[Amount $],Table1[Category],Snapshot!AC80,Table1[Month],Snapshot!$W$4)*-1","v":0},{"$f":"RANK(AD80,$AD$6:$AD$35,0)+COUNTIF(AD$6:$AD80,AD80)-1","v":75},{"$nulls":15},{"$f":"IF(ISBLANK(AT80),\"\",SUMIFS(Table1[Amount $],Table1[Merchant],Snapshot!AT80,Table1[Month],Snapshot!$W$4)*-1)","v":""},{"$f":"IF(ISBLANK(AT80),\"\",COUNTIFS(Table1[Merchant],Snapshot!AT80,Table1[Month],Snapshot!$W$4))","v":""},{"$f":"IFERROR(RANK(AV80,$AV$6:$AV$200)+COUNTIF($AV$6:AV80,AV80)-1,\"\")","v":""},{"$f":"IFERROR(RANK(AU80,$AU$6:$AU$200)+COUNTIF($AU$6:AU80,AU80)-1,\"\")","v":""}]
[{"$nulls":21},"--",{"$nulls":7},{"$f":"SUMIFS(Table1[Amount $],Table1[Category],Snapshot!AC81,Table1[Month],Snapshot!$W$4)*-1","v":0},{"$f":"RANK(AD81,$AD$6:$AD$35,0)+COUNTIF(AD$6:$AD81,AD81)-1","v":76},{"$nulls":15},{"$f":"IF(ISBLANK(AT81),\"\",SUMIFS(Table1[Amount $],Table1[Merchant],Snapshot!AT81,Table1[Month],Snapshot!$W$4)*-1)","v":""},{"$f":"IF(ISBLANK(AT81),\"\",COUNTIFS(Table1[Merchant],Snapshot!AT81,Table1[Month],Snapshot!$W$4))","v":""},{"$f":"IFERROR(RANK(AV81,$AV$6:$AV$200)+COUNTIF($AV$6:AV81,AV81)-1,\"\")","v":""},{"$f":"IFERROR(RANK(AU81,$AU$6:$AU$200)+COUNTIF($AU$6:AU81,AU81)-1,\"\")","v":""}]
[{"$nulls":21},"--",{"$nulls":7},{"$f":"SUMIFS(Table1[Amount $],Table1[Category],Snapshot!AC82,Table1[Month],Snapshot!$W$4)*-1","v":0},{"$f":"RANK(AD82,$AD$6:$AD$35,0)+COUNTIF(AD$6:$AD82,AD82)-1","v":77},{"$nulls":15},{"$f":"IF(ISBLANK(AT82),\"\",SUMIFS(Table1[Amount $],Table1[Merchant],Snapshot!AT82,Table1[Month],Snapshot!$W$4)*-1)","v":""},{"$f":"IF(ISBLANK(AT82),\"\",COUNTIFS(Table1[Merchant],Snapshot!AT82,Table1[Month],Snapshot!$W$4))","v":""},{"$f":"IFERROR(RANK(AV82,$AV$6:$AV$200)+COUNTIF($AV$6:AV82,AV82)-1,\"\")","v":""},{"$f":"IFERROR(RANK(AU82,$AU$6:$AU$200)+COUNTIF($AU$6:AU82,AU82)-1,\"\")","v":""}]
[{"$nulls":21},"--",{"$nulls":7},{"$f":"SUMIFS(Table1[Amount $],Table1[Category],Snapshot!AC83,Table1[Month],Snapshot!$W$4)*-1","v":0},{"$f":"RANK(AD83,$AD$6:$AD$35,0)+COUNTIF(AD$6:$AD83,AD83)-1","v":78},{"$nulls":15},{"$f":"IF(ISBLANK(AT83),\"\",SUMIFS(Table1[Amount $],Table1[Merchant],Snapshot!AT83,Table1[Month],Snapshot!$W$4)*-1)","v":""},{"$f":"IF(ISBLANK(AT83),\"\",COUNTIFS(Table1[Merchant],Snapshot!AT83,Table1[Month],Snapshot!$W$4))","v":""},{"$f":"IFERROR(RANK(AV83,$AV$6:$AV$200)+COUNTIF($AV$6:AV83,AV83)-1,\"\")","v":""},{"$f":"IFERROR(RANK(AU83,$AU$6:$AU$200)+COUNTIF($AU$6:AU83,AU83)-1,\"\")","v":""}]
[{"$nulls":21},"--",{"$nulls":7},{"$f":"SUMIFS(Table1[Amount $],Table1[Category],Snapshot!AC84,Table1[Month],Snapshot!$W$4)*-1","v":0},{"$f":"RANK(AD84,$AD$6:$AD$35,0)+COUNTIF(AD$6:$AD84,AD84)-1","v":79},{"$nulls":15},{"$f":"IF(ISBLANK(AT84),\"\",SUMIFS(Table1[Amount $],Table1[Merchant],Snapshot!AT84,Table1[Month],Snapshot!$W$4)*-1)","v":""},{"$f":"IF(ISBLANK(AT84),\"\",COUNTIFS(Table1[Merchant],Snapshot!AT84,Table1[Month],Snapshot!$W$4))","v":""},{"$f":"IFERROR(RANK(AV84,$AV$6:$AV$200)+COUNTIF($AV$6:AV84,AV84)-1,\"\")","v":""},{"$f":"IFERROR(RANK(AU84,$AU$6:$AU$200)+COUNTIF($AU$6:AU84,AU84)-1,\"\")","v":""}]
[{"$nulls":21},"--",{"$nulls":7},{"$f":"SUMIFS(Table1[Amount $],Table1[Category],Snapshot!AC85,Table1[Month],Snapshot!$W$4)*-1","v":0},{"$f":"RANK(AD85,$AD$6:$AD$35,0)+COUNTIF(AD$6:$AD85,AD85)-1","v":80},{"$nulls":15},{"$f":"IF(ISBLANK(AT85),\"\",SUMIFS(Table1[Amount $],Table1[Merchant],Snapshot!AT85,Table1[Month],Snapshot!$W$4)*-1)","v":""},{"$f":"IF(ISBLANK(AT85),\"\",COUNTIFS(Table1[Merchant],Snapshot!AT85,Table1[Month],Snapshot!$W$4))","v":""},{"$f":"IFERROR(RANK(AV85,$AV$6:$AV$200)+COUNTIF($AV$6:AV85,AV85)-1,\"\")","v":""},{"$f":"IFERROR(RANK(AU85,$AU$6:$AU$200)+COUNTIF($AU$6:AU85,AU85)-1,\"\")","v":""}]
[{"$nulls":21},"--",{"$nulls":7},{"$f":"SUMIFS(Table1[Amount $],Table1[Category],Snapshot!AC86,Table1[Month],Snapshot!$W$4)*-1","v":0},{"$f":"RANK(AD86,$AD$6:$AD$35,0)+COUNTIF(AD$6:$AD86,AD86)-1","v":81},{"$nulls":15},{"$f":"IF(ISBLANK(AT86),\"\",SUMIFS(Table1[Amount $],Table1[Merchant],Snapshot!AT86,Table1[Month],Snapshot!$W$4)*-1)","v":""},{"$f":"IF(ISBLANK(AT86),\"\",COUNTIFS(Table1[Merchant],Snapshot!AT86,Table1[Month],Snapshot!$W$4))","v":""},{"$f":"IFERROR(RANK(AV86,$AV$6:$AV$200)+COUNTIF($AV$6:AV86,AV86)-1,\"\")","v":""},{"$f":"IFERROR(RANK(AU86,$AU$6:$AU$200)+COUNTIF($AU$6:AU86,AU86)-1,\"\")","v":""}]
[{"$nulls":21},"--",{"$nulls":7},{"$f":"SUMIFS(Table1[Amount $],Table1[Category],Snapshot!AC87,Table1[Month],Snapshot!$W$4)*-1","v":0},{"$f":"RANK(AD87,$AD$6:$AD$35,0)+COUNTIF(AD$6:$AD87,AD87)-1","v":82},{"$nulls":15},{"$f":"IF(ISBLANK(AT87),\"\",SUMIFS(Table1[Amount $],Table1[Merchant],Snapshot!AT87,Table1[Month],Snapshot!$W$4)*-1)","v":""},{"$f":"IF(ISBLANK(AT87),\"\",COUNTIFS(Table1[Merchant],Snapshot!AT87,Table1[Month],Snapshot!$W$4))","v":""},{"$f":"IFERROR(RANK(AV87,$AV$6:$AV$200)+COUNTIF($AV$6:AV87,AV87)-1,\"\")","v":""},{"$f":"IFERROR(RANK(AU87,$AU$6:$AU$200)+COUNTIF($AU$6:AU87,AU87)-1,\"\")","v":""}]
[{"$nulls":21},"--",{"$nulls":7},{"$f":"SUMIFS(Table1[Amount $],Table1[Category],Snapshot!AC88,Table1[Month],Snapshot!$W$4)*-1","v":0},{"$f":"RANK(AD88,$AD$6:$AD$35,0)+COUNTIF(AD$6:$AD88,AD88)-1","v":83},{"$nulls":15},{"$f":"IF(ISBLANK(AT88),\"\",SUMIFS(Table1[Amount $],Table1[Merchant],Snapshot!AT88,Table1[Month],Snapshot!$W$4)*-1)","v":""},{"$f":"IF(ISBLANK(AT88),\"\",COUNTIFS(Table1[Merchant],Snapshot!AT88,Table1[Month],Snapshot!$W$4))","v":""},{"$f":"IFERROR(RANK(AV88,$AV$6:$AV$200)+COUNTIF($AV$6:AV88,AV88)-1,\"\")","v":""},{"$f":"IFERROR(RANK(AU88,$AU$6:$AU$200)+COUNTIF($AU$6:AU88,AU88)-1,\"\")","v":""}]
[{"$nulls":21},"--",{"$nulls":7},{"$f":"SUMIFS(Table1[Amount $],Table1[Category],Snapshot!AC89,Table1[Month],Snapshot!$W$4)*-1","v":0},{"$f":"RANK(AD89,$AD$6:$AD$35,0)+COUNTIF(AD$6:$AD89,AD89)-1","v":84},{"$nulls":15},{"$f":"IF(ISBLANK(AT89),\"\",SUMIFS(Table1[Amount $],Table1[Merchant],Snapshot!AT89,Table1[Month],Snapshot!$W$4)*-1)","v":""},{"$f":"IF(ISBLANK(AT89),\"\",COUNTIFS(Table1[Merchant],Snapshot!AT89,Table1[Month],Snapshot!$W$4))","v":""},{"$f":"IFERROR(RANK(AV89,$AV$6:$AV$200)+COUNTIF($AV$6:AV89,AV89)-1,\"\")","v":""},{"$f":"IFERROR(RANK(AU89,$AU$6:$AU$200)+COUNTIF($AU$6:AU89,AU89)-1,\"\")","v":""}]
[{"$nulls":21},"--",{"$nulls":7},{"$f":"SUMIFS(Table1[Amount $],Table1[Category],Snapshot!AC90,Table1[Month],Snapshot!$W$4)*-1","v":0},{"$f":"RANK(AD90,$AD$6:$AD$35,0)+COUNTIF(AD$6:$AD90,AD90)-1","v":85},{"$nulls":15},{"$f":"IF(ISBLANK(AT90),\"\",SUMIFS(Table1[Amount $],Table1[Merchant],Snapshot!AT90,Table1[Month],Snapshot!$W$4)*-1)","v":""},{"$f":"IF(ISBLANK(AT90),\"\",COUNTIFS(Table1[Merchant],Snapshot!AT90,Table1[Month],Snapshot!$W$4))","v":""},{"$f":"IFERROR(RANK(AV90,$AV$6:$AV$200)+COUNTIF($AV$6:AV90,AV90)-1,\"\")","v":""},{"$f":"IFERROR(RANK(AU90,$AU$6:$AU$200)+COUNTIF($AU$6:AU90,AU90)-1,\"\")","v":""}]
[{"$nulls":21},"--",{"$nulls":7},{"$f":"SUMIFS(Table1[Amount $],Table1[Category],Snapshot!AC91,Table1[Month],Snapshot!$W$4)*-1","v":0},{"$f":"RANK(AD91,$AD$6:$AD$35,0)+COUNTIF(AD$6:$AD91,AD91)-1","v":86},{"$nulls":15},{"$f":"IF(ISBLANK(AT91),\"\",SUMIFS(Table1[Amount $],Table1[Merchant],Snapshot!AT91,Table1[Month],Snapshot!$W$4)*-1)","v":""},{"$f":"IF(ISBLANK(AT91),\"\",COUNTIFS(Table1[Merchant],Snapshot!AT91,Table1[Month],Snapshot!$W$4))","v":""},{"$f":"IFERROR(RANK(AV91,$AV$6:$AV$200)+COUNTIF($AV$6:AV91,AV91)-1,\"\")","v":""},{"$f":"IFERROR(RANK(AU91,$AU$6:$AU$200)+COUNTIF($AU$6:AU91,AU91)-1,\"\")","v":""}]
[{"$nulls":21},"--",{"$nulls":7},{"$f":"SUMIFS(Table1[Amount $],Table1[Category],Snapshot!AC92,Table1[Month],Snapshot!$W$4)*-1","v":0},{"$f":"RANK(AD92,$AD$6:$AD$35,0)+COUNTIF(AD$6:$AD92,AD92)-1","v":87},{"$nulls":15},{"$f":"IF(ISBLANK(AT92),\"\",SUMIFS(Table1[Amount $],Table1[Merchant],Snapshot!AT92,Table1[Month],Snapshot!$W$4)*-1)","v":""},{"$f":"IF(ISBLANK(AT92),\"\",COUNTIFS(Table1[Merchant],Snapshot!AT92,Table1[Month],Snapshot!$W$4))","v":""},{"$f":"IFERROR(RANK(AV92,$AV$6:$AV$200)+COUNTIF($AV$6:AV92,AV92)-1,\"\")","v":""},{"$f":"IFERROR(RANK(AU92,$AU$6:$AU$200)+COUNTIF($AU$6:AU92,AU92)-1,\"\")","v":""}]
[{"$nulls":21},"--",{"$nulls":7},{"$f":"SUMIFS(Table1[Amount $],Table1[Category],Snapshot!AC93,Table1[Month],Snapshot!$W$4)*-1","v":0},{"$f":"RANK(AD93,$AD$6:$AD$35,0)+COUNTIF(AD$6:$AD93,AD93)-1","v":88},{"$nulls":15},{"$f":"IF(ISBLANK(AT93),\"\",SUMIFS(Table1[Amount $],Table1[Merchant],Snapshot!AT93,Table1[Month],Snapshot!$W$4)*-1)","v":""},{"$f":"IF(ISBLANK(AT93),\"\",COUNTIFS(Table1[Merchant],Snapshot!AT93,Table1[Month],Snapshot!$W$4))","v":""},{"$f":"IFERROR(RANK(AV93,$AV$6:$AV$200)+COUNTIF($AV$6:AV93,AV93)-1,\"\")","v":""},{"$f":"IFERROR(RANK(AU93,$AU$6:$AU$200)+COUNTIF($AU$6:AU93,AU93)-1,\"\")","v":""}]
[{"$nulls":21},"--",{"$nulls":7},{"$f":"SUMIFS(Table1[Amount $],Table1[Category],Snapshot!AC94,Table1[Month],Snapshot!$W$4)*-1","v":0},{"$f":"RANK(AD94,$AD$6:$AD$35,0)+COUNTIF(AD$6:$AD94,AD94)-1","v":89},{"$nulls":15},{"$f":"IF(ISBLANK(AT94),\"\",SUMIFS(Table1[Amount $],Table1[Merchant],Snapshot!AT94,Table1[Month],Snapshot!$W$4)*-1)","v":""},{"$f":"IF(ISBLANK(AT94),\"\",COUNTIFS(Table1[Merchant],Snapshot!AT94,Table1[Month],Snapshot!$W$4))","v":""},{"$f":"IFERROR(RANK(AV94,$AV$6:$AV$200)+COUNTIF($AV$6:AV94,AV94)-1,\"\")","v":""},{"$f":"IFERROR(RANK(AU94,$AU$6:$AU$200)+COUNTIF($AU$6:AU94,AU94)-1,\"\")","v":""}]
[{"$nulls":21},"--",{"$nulls":7},{"$f":"SUMIFS(Table1[Amount $],Table1[Category],Snapshot!AC95,Table1[Month],Snapshot!$W$4)*-1","v":0},{"$f":"RANK(AD95,$AD$6:$AD$35,0)+COUNTIF(AD$6:$AD95,AD95)-1","v":90},{"$nulls":15},{"$f":"IF(ISBLANK(AT95),\"\",SUMIFS(Table1[Amount $],Table1[Merchant],Snapshot!AT95,Table1[Month],Snapshot!$W$4)*-1)","v":""},{"$f":"IF(ISBLANK(AT95),\"\",COUNTIFS(Table1[Merchant],Snapshot!AT95,Table1[Month],Snapshot!$W$4))","v":""},{"$f":"IFERROR(RANK(AV95,$AV$6:$AV$200)+COUNTIF($AV$6:AV95,AV95)-1,\"\")","v":""},{"$f":"IFERROR(RANK(AU95,$AU$6:$AU$200)+COUNTIF($AU$6:AU95,AU95)-1,\"\")","v":""}]
[{"$nulls":21},"--",{"$nulls":7},{"$f":"SUMIFS(Table1[Amount $],Table1[Category],Snapshot!AC96,Table1[Month],Snapshot!$W$4)*-1","v":0},{"$f":"RANK(AD96,$AD$6:$AD$35,0)+COUNTIF(AD$6:$AD96,AD96)-1","v":91},{"$nulls":15},{"$f":"IF(ISBLANK(AT96),\"\",SUMIFS(Table1[Amount $],Table1[Merchant],Snapshot!AT96,Table1[Month],Snapshot!$W$4)*-1)","v":""},{"$f":"IF(ISBLANK(AT96),\"\",COUNTIFS(Table1[Merchant],Snapshot!AT96,Table1[Month],Snapshot!$W$4))","v":""},{"$f":"IFERROR(RANK(AV96,$AV$6:$AV$200)+COUNTIF($AV$6:AV96,AV96)-1,\"\")","v":""},{"$f":"IFERROR(RANK(AU96,$AU$6:$AU$200)+COUNTIF($AU$6:AU96,AU96)-1,\"\")","v":""}]
[{"$nulls":21},"--",{"$nulls":7},{"$f":"SUMIFS(Table1[Amount $],Table1[Category],Snapshot!AC97,Table1[Month],Snapshot!$W$4)*-1","v":0},{"$f":"RANK(AD97,$AD$6:$AD$35,0)+COUNTIF(AD$6:$AD97,AD97)-1","v":92},{"$nulls":15},{"$f":"IF(ISBLANK(AT97),\"\",SUMIFS(Table1[Amount $],Table1[Merchant],Snapshot!AT97,Table1[Month],Snapshot!$W$4)*-1)","v":""},{"$f":"IF(ISBLANK(AT97),\"\",COUNTIFS(Table1[Merchant],Snapshot!AT97,Table1[Month],Snapshot!$W$4))","v":""},{"$f":"IFERROR(RANK(AV97,$AV$6:$AV$200)+COUNTIF($AV$6:AV97,AV97)-1,\"\")","v":""},{"$f":"IFERROR(RANK(AU97,$AU$6:$AU$200)+COUNTIF($AU$6:AU97,AU97)-1,\"\")","v":""}]
[{"$nulls":21},"--",{"$nulls":7},{"$f":"SUMIFS(Table1[Amount $],Table1[Category],Snapshot!AC98,Table1[Month],Snapshot!$W$4)*-1","v":0},{"$f":"RANK(AD98,$AD$6:$AD$35,0)+COUNTIF(AD$6:$AD98,AD98)-1","v":93},{"$nulls":15},{"$f":"IF(ISBLANK(AT98),\"\",SUMIFS(Table1[Amount $],Table1[Merchant],Snapshot!AT98,Table1[Month],Snapshot!$W$4)*-1)","v":""},{"$f":"IF(ISBLANK(AT98),\"\",COUNTIFS(Table1[Merchant],Snapshot!AT98,Table1[Month],Snapshot!$W$4))","v":""},{"$f":"IFERROR(RANK(AV98,$AV$6:$AV$200)+COUNTIF($AV$6:AV98,AV98)-1,\"\")","v":""},{"$f":"IFERROR(RANK(AU98,$AU$6:$AU$200)+COUNTIF($AU$6:AU98,AU98)-1,\"\")","v":""}]
[{"$nulls":21},"--",{"$nulls":24},{"$f":"IF(ISBLANK(AT99),\"\",SUMIFS(Table1[Amount $],Table1[Merchant],Snapshot!AT99,Table1[Month],Snapshot!$W$4)*-1)","v":""},{"$f":"IF(ISBLANK(AT99),\"\",COUNTIFS(Table1[Merchant],Snapshot!AT99,Table1[Month],Snapshot!$W$4))","v":""},{"$f":"IFERROR(RANK(AV99,$AV$6:$AV$200)+COUNTIF($AV$6:AV99,AV99)-1,\"\")","v":""},{"$f":"IFERROR(RANK(AU99,$AU$6:$AU$200)+COUNTIF($AU$6:AU99,AU99)-1,\"\")","v":""}]
[{"$nulls":21},{"$f":"IF(ISBLANK(W100),\"--\",TEXT(W100,\"mmmm\")&\" \"&TEXT(W100,\"YYYY\"))","v":"--"},{"$nulls":24},{"$f":"IF(ISBLANK(AT100),\"\",SUMIFS(Table1[Amount $],Table1[Merchant],Snapshot!AT100,Table1[Month],Snapshot!$W$4)*-1)","v":""},{"$f":"IF(ISBLANK(AT100),\"\",COUNTIFS(Table1[Merchant],Snapshot!AT100,Table1[Month],Snapshot!$W$4))","v":""},{"$f":"IFERROR(RANK(AV100,$AV$6:$AV$200)+COUNTIF($AV$6:AV100,AV100)-1,\"\")","v":""},{"$f":"IFERROR(RANK(AU100,$AU$6:$AU$200)+COUNTIF($AU$6:AU100,AU100)-1,\"\")","v":""}]
[{"$nulls":21},"--",{"$nulls":24},{"$f":"IF(ISBLANK(AT101),\"\",SUMIFS(Table1[Amount $],Table1[Merchant],Snapshot!AT101,Table1[Month],Snapshot!$W$4)*-1)","v":""},{"$f":"IF(ISBLANK(AT101),\"\",COUNTIFS(Table1[Merchant],Snapshot!AT101,Table1[Month],Snapshot!$W$4))","v":""},{"$f":"IFERROR(RANK(AV101,$AV$6:$AV$200)+COUNTIF($AV$6:AV101,AV101)-1,\"\")","v":""},{"$f":"IFERROR(RANK(AU101,$AU$6:$AU$200)+COUNTIF($AU$6:AU101,AU101)-1,\"\")","v":""}]
[{"$nulls":21},"--",{"$nulls":24},{"$f":"IF(ISBLANK(AT102),\"\",SUMIFS(Table1[Amount $],Table1[Merchant],Snapshot!AT102,Table1[Month],Snapshot!$W$4)*-1)","v":""},{"$f":"IF(ISBLANK(AT102),\"\",COUNTIFS(Table1[Merchant],Snapshot!AT102,Table1[Month],Snapshot!$W$4))","v":""},{"$f":"IFERROR(RANK(AV102,$AV$6:$AV$200)+COUNTIF($AV$6:AV102,AV102)-1,\"\")","v":""},{"$f":"IFERROR(RANK(AU102,$AU$6:$AU$200)+COUNTIF($AU$6:AU102,AU102)-1,\"\")","v":""}]
[{"$nulls":21},"--",{"$nulls":24},{"$f":"IF(ISBLANK(AT103),\"\",SUMIFS(Table1[Amount $],Table1[Merchant],Snapshot!AT103,Table1[Month],Snapshot!$W$4)*-1)","v":""},{"$f":"IF(ISBLANK(AT103),\"\",COUNTIFS(Table1[Merchant],Snapshot!AT103,Table1[Month],Snapshot!$W$4))","v":""},{"$f":"IFERROR(RANK(AV103,$AV$6:$AV$200)+COUNTIF($AV$6:AV103,AV103)-1,\"\")","v":""},{"$f":"IFERROR(RANK(AU103,$AU$6:$AU$200)+COUNTIF($AU$6:AU103,AU103)-1,\"\")","v":""}]
[{"$nulls":21},"--",{"$nulls":24},{"$f":"IF(ISBLANK(AT104),\"\",SUMIFS(Table1[Amount $],Table1[Merchant],Snapshot!AT104,Table1[Month],Snapshot!$W$4)*-1)","v":""},{"$f":"IF(ISBLANK(AT104),\"\",COUNTIFS(Table1[Merchant],Snapshot!AT104,Table1[Month],Snapshot!$W$4))","v":""},{"$f":"IFERROR(RANK(AV104,$AV$6:$AV$200)+COUNTIF($AV$6:AV104,AV104)-1,\"\")","v":""},{"$f":"IFERROR(RANK(AU104,$AU$6:$AU$200)+COUNTIF($AU$6:AU104,AU104)-1,\"\")","v":""}]
[{"$nulls":21},"--",{"$nulls":24},{"$f":"IF(ISBLANK(AT105),\"\",SUMIFS(Table1[Amount $],Table1[Merchant],Snapshot!AT105,Table1[Month],Snapshot!$W$4)*-1)","v":""},{"$f":"IF(ISBLANK(AT105),\"\",COUNTIFS(Table1[Merchant],Snapshot!AT105,Table1[Month],Snapshot!$W$4))","v":""},{"$f":"IFERROR(RANK(AV105,$AV$6:$AV$200)+COUNTIF($AV$6:AV105,AV105)-1,\"\")","v":""},{"$f":"IFERROR(RANK(AU105,$AU$6:$AU$200)+COUNTIF($AU$6:AU105,AU105)-1,\"\")","v":""}]
[{"$nulls":21},{"$f":"IF(ISBLANK(W106),\"--\",TEXT(W106,\"mmmm\")&\" \"&TEXT(W106,\"YYYY\"))","v":"--"},{"$nulls":24},{"$f":"IF(ISBLANK(AT106),\"\",SUMIFS(Table1[Amount $],Table1[Merchant],Snapshot!AT106,Table1[Month],Snapshot!$W$4)*-1)","v":""},{"$f":"IF(ISBLANK(AT106),\"\",COUNTIFS(Table1[Merchant],Snapshot!AT106,Table1[Month],Snapshot!$W$4))","v":""},{"$f":"IFERROR(RANK(AV106,$AV$6:$AV$200)+COUNTIF($AV$6:AV106,AV106)-1,\"\")","v":""},{"$f":"IFERROR(RANK(AU106,$AU$6:$AU$200)+COUNTIF($AU$6:AU106,AU106)-1,\"\")","v":""}]
[{"$nulls":21},"--",{"$nulls":24},{"$f":"IF(ISBLANK(AT107),\"\",SUMIFS(Table1[Amount $],Table1[Merchant],Snapshot!AT107,Table1[Month],Snapshot!$W$4)*-1)","v":""},{"$f":"IF(ISBLANK(AT107),\"\",COUNTIFS(Table1[Merchant],Snapshot!AT107,Table1[Month],Snapshot!$W$4))","v":""},{"$f":"IFERROR(RANK(AV107,$AV$6:$AV$200)+COUNTIF($AV$6:AV107,AV107)-1,\"\")","v":""},{"$f":"IFERROR(RANK(AU107,$AU$6:$AU$200)+COUNTIF($AU$6:AU107,AU107)-1,\"\")","v":""}]
[{"$nulls":21},"--",{"$nulls":24},{"$f":"IF(ISBLANK(AT108),\"\",SUMIFS(Table1[Amount $],Table1[Merchant],Snapshot!AT108,Table1[Month],Snapshot!$W$4)*-1)","v":""},{"$f":"IF(ISBLANK(AT108),\"\",COUNTIFS(Table1[Merchant],Snapshot!AT108,Table1[Month],Snapshot!$W$4))","v":""},{"$f":"IFERROR(RANK(AV108,$AV$6:$AV$200)+COUNTIF($AV$6:AV108,AV108)-1,\"\")","v":""},{"$f":"IFERROR(RANK(AU108,$AU$6:$AU$200)+COUNTIF($AU$6:AU108,AU108)-1,\"\")","v":""}]
[{"$nulls":21},"--",{"$nulls":24},{"$f":"IF(ISBLANK(AT109),\"\",SUMIFS(Table1[Amount $],Table1[Merchant],Snapshot!AT109,Table1[Month],Snapshot!$W$4)*-1)","v":""},{"$f":"IF(ISBLANK(AT109),\"\",COUNTIFS(Table1[Merchant],Snapshot!AT109,Table1[Month],Snapshot!$W$4))","v":""},{"$f":"IFERROR(RANK(AV109,$AV$6:$AV$200)+COUNTIF($AV$6:AV109,AV109)-1,\"\")","v":""},{"$f":"IFERROR(RANK(AU109,$AU$6:$AU$200)+COUNTIF($AU$6:AU109,AU109)-1,\"\")","v":""}]
[{"$nulls":21},"--",{"$nulls":24},{"$f":"IF(ISBLANK(AT110),\"\",SUMIFS(Table1[Amount $],Table1[Merchant],Snapshot!AT110,Table1[Month],Snapshot!$W$4)*-1)","v":""},{"$f":"IF(ISBLANK(AT110),\"\",COUNTIFS(Table1[Merchant],Snapshot!AT110,Table1[Month],Snapshot!$W$4))","v":""},{"$f":"IFERROR(RANK(AV110,$AV$6:$AV$200)+COUNTIF($AV$6:AV110,AV110)-1,\"\")","v":""},{"$f":"IFERROR(RANK(AU110,$AU$6:$AU$200)+COUNTIF($AU$6:AU110,AU110)-1,\"\")","v":""}]
[{"$nulls":21},"--",{"$nulls":24},{"$f":"IF(ISBLANK(AT111),\"\",SUMIFS(Table1[Amount $],Table1[Merchant],Snapshot!AT111,Table1[Month],Snapshot!$W$4)*-1)","v":""},{"$f":"IF(ISBLANK(AT111),\"\",COUNTIFS(Table1[Merchant],Snapshot!AT111,Table1[Month],Snapshot!$W$4))","v":""},{"$f":"IFERROR(RANK(AV111,$AV$6:$AV$200)+COUNTIF($AV$6:AV111,AV111)-1,\"\")","v":""},{"$f":"IFERROR(RANK(AU111,$AU$6:$AU$200)+COUNTIF($AU$6:AU111,AU111)-1,\"\")","v":""}]
[{"$nulls":21},"--",{"$nulls":24},{"$f":"IF(ISBLANK(AT112),\"\",SUMIFS(Table1[Amount $],Table1[Merchant],Snapshot!AT112,Table1[Month],Snapshot!$W$4)*-1)","v":""},{"$f":"IF(ISBLANK(AT112),\"\",COUNTIFS(Table1[Merchant],Snapshot!AT112,Table1[Month],Snapshot!$W$4))","v":""},{"$f":"IFERROR(RANK(AV112,$AV$6:$AV$200)+COUNTIF($AV$6:AV112,AV112)-1,\"\")","v":""},{"$f":"IFERROR(RANK(AU112,$AU$6:$AU$200)+COUNTIF($AU$6:AU112,AU112)-1,\"\")","v":""}]
[{"$nulls":21},"--",{"$nulls":24},{"$f":"IF(ISBLANK(AT113),\"\",SUMIFS(Table1[Amount $],Table1[Merchant],Snapshot!AT113,Table1[Month],Snapshot!$W$4)*-1)","v":""},{"$f":"IF(ISBLANK(AT113),\"\",COUNTIFS(Table1[Merchant],Snapshot!AT113,Table1[Month],Snapshot!$W$4))","v":""},{"$f":"IFERROR(RANK(AV113,$AV$6:$AV$200)+COUNTIF($AV$6:AV113,AV113)-1,\"\")","v":""},{"$f":"IFERROR(RANK(AU113,$AU$6:$AU$200)+COUNTIF($AU$6:AU113,AU113)-1,\"\")","v":""}]
[{"$nulls":21},"--",{"$nulls":24},{"$f":"IF(ISBLANK(AT114),\"\",SUMIFS(Table1[Amount $],Table1[Merchant],Snapshot!AT114,Table1[Month],Snapshot!$W$4)*-1)","v":""},{"$f":"IF(ISBLANK(AT114),\"\",COUNTIFS(Table1[Merchant],Snapshot!AT114,Table1[Month],Snapshot!$W$4))","v":""},{"$f":"IFERROR(RANK(AV114,$AV$6:$AV$200)+COUNTIF($AV$6:AV114,AV114)-1,\"\")","v":""},{"$f":"IFERROR(RANK(AU114,$AU$6:$AU$200)+COUNTIF($AU$6:AU114,AU114)-1,\"\")","v":""}]
[{"$nulls":21},"--",{"$nulls":24},{"$f":"IF(ISBLANK(AT115),\"\",SUMIFS(Table1[Amount $],Table1[Merchant],Snapshot!AT115,Table1[Month],Snapshot!$W$4)*-1)","v":""},{"$f":"IF(ISBLANK(AT115),\"\",COUNTIFS(Table1[Merchant],Snapshot!AT115,Table1[Month],Snapshot!$W$4))","v":""},{"$f":"IFERROR(RANK(AV115,$AV$6:$AV$200)+COUNTIF($AV$6:AV115,AV115)-1,\"\")","v":""},{"$f":"IFERROR(RANK(AU115,$AU$6:$AU$200)+COUNTIF($AU$6:AU115,AU115)-1,\"\")","v":""}]
[{"$nulls":21},"--",{"$nulls":24},{"$f":"IF(ISBLANK(AT116),\"\",SUMIFS(Table1[Amount $],Table1[Merchant],Snapshot!AT116,Table1[Month],Snapshot!$W$4)*-1)","v":""},{"$f":"IF(ISBLANK(AT116),\"\",COUNTIFS(Table1[Merchant],Snapshot!AT116,Table1[Month],Snapshot!$W$4))","v":""},{"$f":"IFERROR(RANK(AV116,$AV$6:$AV$200)+COUNTIF($AV$6:AV116,AV116)-1,\"\")","v":""},{"$f":"IFERROR(RANK(AU116,$AU$6:$AU$200)+COUNTIF($AU$6:AU116,AU116)-1,\"\")","v":""}]
[{"$nulls":21},"--",{"$nulls":24},{"$f":"IF(ISBLANK(AT117),\"\",SUMIFS(Table1[Amount $],Table1[Merchant],Snapshot!AT117,Table1[Month],Snapshot!$W$4)*-1)","v":""},{"$f":"IF(ISBLANK(AT117),\"\",COUNTIFS(Table1[Merchant],Snapshot!AT117,Table1[Month],Snapshot!$W$4))","v":""},{"$f":"IFERROR(RANK(AV117,$AV$6:$AV$200)+COUNTIF($AV$6:AV117,AV117)-1,\"\")","v":""},{"$f":"IFERROR(RANK(AU117,$AU$6:$AU$200)+COUNTIF($AU$6:AU117,AU117)-1,\"\")","v":""}]
[{"$nulls":21},"--",{"$nulls":24},{"$f":"IF(ISBLANK(AT118),\"\",SUMIFS(Table1[Amount $],Table1[Merchant],Snapshot!AT118,Table1[Month],Snapshot!$W$4)*-1)","v":""},{"$f":"IF(ISBLANK(AT118),\"\",COUNTIFS(Table1[Merchant],Snapshot!AT118,Table1[Month],Snapshot!$W$4))","v":""},{"$f":"IFERROR(RANK(AV118,$AV$6:$AV$200)+COUNTIF($AV$6:AV118,AV118)-1,\"\")","v":""},{"$f":"IFERROR(RANK(AU118,$AU$6:$AU$200)+COUNTIF($AU$6:AU118,AU118)-1,\"\")","v":""}]
[{"$nulls":21},"--",{"$nulls":24},{"$f":"IF(ISBLANK(AT119),\"\",SUMIFS(Table1[Amount $],Table1[Merchant],Snapshot!AT119,Table1[Month],Snapshot!$W$4)*-1)","v":""},{"$f":"IF(ISBLANK(AT119),\"\",COUNTIFS(Table1[Merchant],Snapshot!AT119,Table1[Month],Snapshot!$W$4))","v":""},{"$f":"IFERROR(RANK(AV119,$AV$6:$AV$200)+COUNTIF($AV$6:AV119,AV119)-1,\"\")","v":""},{"$f":"IFERROR(RANK(AU119,$AU$6:$AU$200)+COUNTIF($AU$6:AU119,AU119)-1,\"\")","v":""}]
[{"$nulls":21},"--",{"$nulls":24},{"$f":"IF(ISBLANK(AT120),\"\",SUMIFS(Table1[Amount $],Table1[Merchant],Snapshot!AT120,Table1[Month],Snapshot!$W$4)*-1)","v":""},{"$f":"IF(ISBLANK(AT120),\"\",COUNTIFS(Table1[Merchant],Snapshot!AT120,Table1[Month],Snapshot!$W$4))","v":""},{"$f":"IFERROR(RANK(AV120,$AV$6:$AV$200)+COUNTIF($AV$6:AV120,AV120)-1,\"\")","v":""},{"$f":"IFERROR(RANK(AU120,$AU$6:$AU$200)+COUNTIF($AU$6:AU120,AU120)-1,\"\")","v":""}]
[{"$nulls":21},"--",{"$nulls":24},{"$f":"IF(ISBLANK(AT121),\"\",SUMIFS(Table1[Amount $],Table1[Merchant],Snapshot!AT121,Table1[Month],Snapshot!$W$4)*-1)","v":""},{"$f":"IF(ISBLANK(AT121),\"\",COUNTIFS(Table1[Merchant],Snapshot!AT121,Table1[Month],Snapshot!$W$4))","v":""},{"$f":"IFERROR(RANK(AV121,$AV$6:$AV$200)+COUNTIF($AV$6:AV121,AV121)-1,\"\")","v":""},{"$f":"IFERROR(RANK(AU121,$AU$6:$AU$200)+COUNTIF($AU$6:AU121,AU121)-1,\"\")","v":""}]
[{"$nulls":21},"--",{"$nulls":24},{"$f":"IF(ISBLANK(AT122),\"\",SUMIFS(Table1[Amount $],Table1[Merchant],Snapshot!AT122,Table1[Month],Snapshot!$W$4)*-1)","v":""},{"$f":"IF(ISBLANK(AT122),\"\",COUNTIFS(Table1[Merchant],Snapshot!AT122,Table1[Month],Snapshot!$W$4))","v":""},{"$f":"IFERROR(RANK(AV122,$AV$6:$AV$200)+COUNTIF($AV$6:AV122,AV122)-1,\"\")","v":""},{"$f":"IFERROR(RANK(AU122,$AU$6:$AU$200)+COUNTIF($AU$6:AU122,AU122)-1,\"\")","v":""}]
[{"$nulls":21},"--",{"$nulls":24},{"$f":"IF(ISBLANK(AT123),\"\",SUMIFS(Table1[Amount $],Table1[Merchant],Snapshot!AT123,Table1[Month],Snapshot!$W$4)*-1)","v":""},{"$f":"IF(ISBLANK(AT123),\"\",COUNTIFS(Table1[Merchant],Snapshot!AT123,Table1[Month],Snapshot!$W$4))","v":""},{"$f":"IFERROR(RANK(AV123,$AV$6:$AV$200)+COUNTIF($AV$6:AV123,AV123)-1,\"\")","v":""},{"$f":"IFERROR(RANK(AU123,$AU$6:$AU$200)+COUNTIF($AU$6:AU123,AU123)-1,\"\")","v":""}]
[{"$nulls":21},"--",{"$nulls":24},{"$f":"IF(ISBLANK(AT124),\"\",SUMIFS(Table1[Amount $],Table1[Merchant],Snapshot!AT124,Table1[Month],Snapshot!$W$4)*-1)","v":""},{"$f":"IF(ISBLANK(AT124),\"\",COUNTIFS(Table1[Merchant],Snapshot!AT124,Table1[Month],Snapshot!$W$4))","v":""},{"$f":"IFERROR(RANK(AV124,$AV$6:$AV$200)+COUNTIF($AV$6:AV124,AV124)-1,\"\")","v":""},{"$f":"IFERROR(RANK(AU124,$AU$6:$AU$200)+COUNTIF($AU$6:AU124,AU124)-1,\"\")","v":""}]
[{"$nulls":21},"--",{"$nulls":24},{"$f":"IF(ISBLANK(AT125),\"\",SUMIFS(Table1[Amount $],Table1[Merchant],Snapshot!AT125,Table1[Month],Snapshot!$W$4)*-1)","v":""},{"$f":"IF(ISBLANK(AT125),\"\",COUNTIFS(Table1[Merchant],Snapshot!AT125,Table1[Month],Snapshot!$W$4))","v":""},{"$f":"IFERROR(RANK(AV125,$AV$6:$AV$200)+COUNTIF($AV$6:AV125,AV125)-1,\"\")","v":""},{"$f":"IFERROR(RANK(AU125,$AU$6:$AU$200)+COUNTIF($AU$6:AU125,AU125)-1,\"\")","v":""}]
[{"$nulls":21},"--",{"$nulls":24},{"$f":"IF(ISBLANK(AT126),\"\",SUMIFS(Table1[Amount $],Table1[Merchant],Snapshot!AT126,Table1[Month],Snapshot!$W$4)*-1)","v":""},{"$f":"IF(ISBLANK(AT126),\"\",COUNTIFS(Table1[Merchant],Snapshot!AT126,Table1[Month],Snapshot!$W$4))","v":""},{"$f":"IFERROR(RANK(AV126,$AV$6:$AV$200)+COUNTIF($AV$6:AV126,AV126)-1,\"\")","v":""},{"$f":"IFERROR(RANK(AU126,$AU$6:$AU$200)+COUNTIF($AU$6:AU126,AU126)-1,\"\")","v":""}]
[{"$nulls":21},"--",{"$nulls":24},{"$f":"IF(ISBLANK(AT127),\"\",SUMIFS(Table1[Amount $],Table1[Merchant],Snapshot!AT127,Table1[Month],Snapshot!$W$4)*-1)","v":""},{"$f":"IF(ISBLANK(AT127),\"\",COUNTIFS(Table1[Merchant],Snapshot!AT127,Table1[Month],Snapshot!$W$4))","v":""},{"$f":"IFERROR(RANK(AV127,$AV$6:$AV$200)+COUNTIF($AV$6:AV127,AV127)-1,\"\")","v":""},{"$f":"IFERROR(RANK(AU127,$AU$6:$AU$200)+COUNTIF($AU$6:AU127,AU127)-1,\"\")","v":""}]
[{"$nulls":21},"--",{"$nulls":24},{"$f":"IF(ISBLANK(AT128),\"\",SUMIFS(Table1[Amount $],Table1[Merchant],Snapshot!AT128,Table1[Month],Snapshot!$W$4)*-1)","v":""},{"$f":"IF(ISBLANK(AT128),\"\",COUNTIFS(Table1[Merchant],Snapshot!AT128,Table1[Month],Snapshot!$W$4))","v":""},{"$f":"IFERROR(RANK(AV128,$AV$6:$AV$200)+COUNTIF($AV$6:AV128,AV128)-1,\"\")","v":""},{"$f":"IFERROR(RANK(AU128,$AU$6:$AU$200)+COUNTIF($AU$6:AU128,AU128)-1,\"\")","v":""}]
[{"$nulls":21},"--",{"$nulls":24},{"$f":"IF(ISBLANK(AT129),\"\",SUMIFS(Table1[Amount $],Table1[Merchant],Snapshot!AT129,Table1[Month],Snapshot!$W$4)*-1)","v":""},{"$f":"IF(ISBLANK(AT129),\"\",COUNTIFS(Table1[Merchant],Snapshot!AT129,Table1[Month],Snapshot!$W$4))","v":""},{"$f":"IFERROR(RANK(AV129,$AV$6:$AV$200)+COUNTIF($AV$6:AV129,AV129)-1,\"\")","v":""},{"$f":"IFERROR(RANK(AU129,$AU$6:$AU$200)+COUNTIF($AU$6:AU129,AU129)-1,\"\")","v":""}]
[{"$nulls":21},"--",{"$nulls":24},{"$f":"IF(ISBLANK(AT130),\"\",SUMIFS(Table1[Amount $],Table1[Merchant],Snapshot!AT130,Table1[Month],Snapshot!$W$4)*-1)","v":""},{"$f":"IF(ISBLANK(AT130),\"\",COUNTIFS(Table1[Merchant],Snapshot!AT130,Table1[Month],Snapshot!$W$4))","v":""},{"$f":"IFERROR(RANK(AV130,$AV$6:$AV$200)+COUNTIF($AV$6:AV130,AV130)-1,\"\")","v":""},{"$f":"IFERROR(RANK(AU130,$AU$6:$AU$200)+COUNTIF($AU$6:AU130,AU130)-1,\"\")","v":""}]
[{"$nulls":21},"--",{"$nulls":24},{"$f":"IF(ISBLANK(AT131),\"\",SUMIFS(Table1[Amount $],Table1[Merchant],Snapshot!AT131,Table1[Month],Snapshot!$W$4)*-1)","v":""},{"$f":"IF(ISBLANK(AT131),\"\",COUNTIFS(Table1[Merchant],Snapshot!AT131,Table1[Month],Snapshot!$W$4))","v":""},{"$f":"IFERROR(RANK(AV131,$AV$6:$AV$200)+COUNTIF($AV$6:AV131,AV131)-1,\"\")","v":""},{"$f":"IFERROR(RANK(AU131,$AU$6:$AU$200)+COUNTIF($AU$6:AU131,AU131)-1,\"\")","v":""}]
[{"$nulls":21},"--",{"$nulls":24},{"$f":"IF(ISBLANK(AT132),\"\",SUMIFS(Table1[Amount $],Table1[Merchant],Snapshot!AT132,Table1[Month],Snapshot!$W$4)*-1)","v":""},{"$f":"IF(ISBLANK(AT132),\"\",COUNTIFS(Table1[Merchant],Snapshot!AT132,Table1[Month],Snapshot!$W$4))","v":""},{"$f":"IFERROR(RANK(AV132,$AV$6:$AV$200)+COUNTIF($AV$6:AV132,AV132)-1,\"\")","v":""},{"$f":"IFERROR(RANK(AU132,$AU$6:$AU$200)+COUNTIF($AU$6:AU132,AU132)-1,\"\")","v":""}]
[{"$nulls":21},"--",{"$nulls":24},{"$f":"IF(ISBLANK(AT133),\"\",SUMIFS(Table1[Amount $],Table1[Merchant],Snapshot!AT133,Table1[Month],Snapshot!$W$4)*-1)","v":""},{"$f":"IF(ISBLANK(AT133),\"\",COUNTIFS(Table1[Merchant],Snapshot!AT133,Table1[Month],Snapshot!$W$4))","v":""},{"$f":"IFERROR(RANK(AV133,$AV$6:$AV$200)+COUNTIF($AV$6:AV133,AV133)-1,\"\")","v":""},{"$f":"IFERROR(RANK(AU133,$AU$6:$AU$200)+COUNTIF($AU$6:AU133,AU133)-1,\"\")","v":""}]
[{"$nulls":21},"--",{"$nulls":24},{"$f":"IF(ISBLANK(AT134),\"\",SUMIFS(Table1[Amount $],Table1[Merchant],Snapshot!AT134,Table1[Month],Snapshot!$W$4)*-1)","v":""},{"$f":"IF(ISBLANK(AT134),\"\",COUNTIFS(Table1[Merchant],Snapshot!AT134,Table1[Month],Snapshot!$W$4))","v":""},{"$f":"IFERROR(RANK(AV134,$AV$6:$AV$200)+COUNTIF($AV$6:AV134,AV134)-1,\"\")","v":""},{"$f":"IFERROR(RANK(AU134,$AU$6:$AU$200)+COUNTIF($AU$6:AU134,AU134)-1,\"\")","v":""}]
[{"$nulls":21},"--",{"$nulls":24},{"$f":"IF(ISBLANK(AT135),\"\",SUMIFS(Table1[Amount $],Table1[Merchant],Snapshot!AT135,Table1[Month],Snapshot!$W$4)*-1)","v":""},{"$f":"IF(ISBLANK(AT135),\"\",COUNTIFS(Table1[Merchant],Snapshot!AT135,Table1[Month],Snapshot!$W$4))","v":""},{"$f":"IFERROR(RANK(AV135,$AV$6:$AV$200)+COUNTIF($AV$6:AV135,AV135)-1,\"\")","v":""},{"$f":"IFERROR(RANK(AU135,$AU$6:$AU$200)+COUNTIF($AU$6:AU135,AU135)-1,\"\")","v":""}]
[{"$nulls":21},"--",{"$nulls":24},{"$f":"IF(ISBLANK(AT136),\"\",SUMIFS(Table1[Amount $],Table1[Merchant],Snapshot!AT136,Table1[Month],Snapshot!$W$4)*-1)","v":""},{"$f":"IF(ISBLANK(AT136),\"\",COUNTIFS(Table1[Merchant],Snapshot!AT136,Table1[Month],Snapshot!$W$4))","v":""},{"$f":"IFERROR(RANK(AV136,$AV$6:$AV$200)+COUNTIF($AV$6:AV136,AV136)-1,\"\")","v":""},{"$f":"IFERROR(RANK(AU136,$AU$6:$AU$200)+COUNTIF($AU$6:AU136,AU136)-1,\"\")","v":""}]
[{"$nulls":21},"--",{"$nulls":24},{"$f":"IF(ISBLANK(AT137),\"\",SUMIFS(Table1[Amount $],Table1[Merchant],Snapshot!AT137,Table1[Month],Snapshot!$W$4)*-1)","v":""},{"$f":"IF(ISBLANK(AT137),\"\",COUNTIFS(Table1[Merchant],Snapshot!AT137,Table1[Month],Snapshot!$W$4))","v":""},{"$f":"IFERROR(RANK(AV137,$AV$6:$AV$200)+COUNTIF($AV$6:AV137,AV137)-1,\"\")","v":""},{"$f":"IFERROR(RANK(AU137,$AU$6:$AU$200)+COUNTIF($AU$6:AU137,AU137)-1,\"\")","v":""}]
[{"$nulls":21},"--",{"$nulls":24},{"$f":"IF(ISBLANK(AT138),\"\",SUMIFS(Table1[Amount $],Table1[Merchant],Snapshot!AT138,Table1[Month],Snapshot!$W$4)*-1)","v":""},{"$f":"IF(ISBLANK(AT138),\"\",COUNTIFS(Table1[Merchant],Snapshot!AT138,Table1[Month],Snapshot!$W$4))","v":""},{"$f":"IFERROR(RANK(AV138,$AV$6:$AV$200)+COUNTIF($AV$6:AV138,AV138)-1,\"\")","v":""},{"$f":"IFERROR(RANK(AU138,$AU$6:$AU$200)+COUNTIF($AU$6:AU138,AU138)-1,\"\")","v":""}]
[{"$nulls":21},"--",{"$nulls":24},{"$f":"IF(ISBLANK(AT139),\"\",SUMIFS(Table1[Amount $],Table1[Merchant],Snapshot!AT139,Table1[Month],Snapshot!$W$4)*-1)","v":""},{"$f":"IF(ISBLANK(AT139),\"\",COUNTIFS(Table1[Merchant],Snapshot!AT139,Table1[Month],Snapshot!$W$4))","v":""},{"$f":"IFERROR(RANK(AV139,$AV$6:$AV$200)+COUNTIF($AV$6:AV139,AV139)-1,\"\")","v":""},{"$f":"IFERROR(RANK(AU139,$AU$6:$AU$200)+COUNTIF($AU$6:AU139,AU139)-1,\"\")","v":""}]
[{"$nulls":21},"--",{"$nulls":24},{"$f":"IF(ISBLANK(AT140),\"\",SUMIFS(Table1[Amount $],Table1[Merchant],Snapshot!AT140,Table1[Month],Snapshot!$W$4)*-1)","v":""},{"$f":"IF(ISBLANK(AT140),\"\",COUNTIFS(Table1[Merchant],Snapshot!AT140,Table1[Month],Snapshot!$W$4))","v":""},{"$f":"IFERROR(RANK(AV140,$AV$6:$AV$200)+COUNTIF($AV$6:AV140,AV140)-1,\"\")","v":""},{"$f":"IFERROR(RANK(AU140,$AU$6:$AU$200)+COUNTIF($AU$6:AU140,AU140)-1,\"\")","v":""}]
[{"$nulls":21},"--",{"$nulls":24},{"$f":"IF(ISBLANK(AT141),\"\",SUMIFS(Table1[Amount $],Table1[Merchant],Snapshot!AT141,Table1[Month],Snapshot!$W$4)*-1)","v":""},{"$f":"IF(ISBLANK(AT141),\"\",COUNTIFS(Table1[Merchant],Snapshot!AT141,Table1[Month],Snapshot!$W$4))","v":""},{"$f":"IFERROR(RANK(AV141,$AV$6:$AV$200)+COUNTIF($AV$6:AV141,AV141)-1,\"\")","v":""},{"$f":"IFERROR(RANK(AU141,$AU$6:$AU$200)+COUNTIF($AU$6:AU141,AU141)-1,\"\")","v":""}]
[{"$nulls":21},"--",{"$nulls":24},{"$f":"IF(ISBLANK(AT142),\"\",SUMIFS(Table1[Amount $],Table1[Merchant],Snapshot!AT142,Table1[Month],Snapshot!$W$4)*-1)","v":""},{"$f":"IF(ISBLANK(AT142),\"\",COUNTIFS(Table1[Merchant],Snapshot!AT142,Table1[Month],Snapshot!$W$4))","v":""},{"$f":"IFERROR(RANK(AV142,$AV$6:$AV$200)+COUNTIF($AV$6:AV142,AV142)-1,\"\")","v":""},{"$f":"IFERROR(RANK(AU142,$AU$6:$AU$200)+COUNTIF($AU$6:AU142,AU142)-1,\"\")","v":""}]
[{"$nulls":21},"--",{"$nulls":24},{"$f":"IF(ISBLANK(AT143),\"\",SUMIFS(Table1[Amount $],Table1[Merchant],Snapshot!AT143,Table1[Month],Snapshot!$W$4)*-1)","v":""},{"$f":"IF(ISBLANK(AT143),\"\",COUNTIFS(Table1[Merchant],Snapshot!AT143,Table1[Month],Snapshot!$W$4))","v":""},{"$f":"IFERROR(RANK(AV143,$AV$6:$AV$200)+COUNTIF($AV$6:AV143,AV143)-1,\"\")","v":""},{"$f":"IFERROR(RANK(AU143,$AU$6:$AU$200)+COUNTIF($AU$6:AU143,AU143)-1,\"\")","v":""}]
[{"$nulls":21},"--",{"$nulls":24},{"$f":"IF(ISBLANK(AT144),\"\",SUMIFS(Table1[Amount $],Table1[Merchant],Snapshot!AT144,Table1[Month],Snapshot!$W$4)*-1)","v":""},{"$f":"IF(ISBLANK(AT144),\"\",COUNTIFS(Table1[Merchant],Snapshot!AT144,Table1[Month],Snapshot!$W$4))","v":""},{"$f":"IFERROR(RANK(AV144,$AV$6:$AV$200)+COUNTIF($AV$6:AV144,AV144)-1,\"\")","v":""},{"$f":"IFERROR(RANK(AU144,$AU$6:$AU$200)+COUNTIF($AU$6:AU144,AU144)-1,\"\")","v":""}]
[{"$nulls":21},"--",{"$nulls":24},{"$f":"IF(ISBLANK(AT145),\"\",SUMIFS(Table1[Amount $],Table1[Merchant],Snapshot!AT145,Table1[Month],Snapshot!$W$4)*-1)","v":""},{"$f":"IF(ISBLANK(AT145),\"\",COUNTIFS(Table1[Merchant],Snapshot!AT145,Table1[Month],Snapshot!$W$4))","v":""},{"$f":"IFERROR(RANK(AV145,$AV$6:$AV$200)+COUNTIF($AV$6:AV145,AV145)-1,\"\")","v":""},{"$f":"IFERROR(RANK(AU145,$AU$6:$AU$200)+COUNTIF($AU$6:AU145,AU145)-1,\"\")","v":""}]
[{"$nulls":21},"--",{"$nulls":24},{"$f":"IF(ISBLANK(AT146),\"\",SUMIFS(Table1[Amount $],Table1[Merchant],Snapshot!AT146,Table1[Month],Snapshot!$W$4)*-1)","v":""},{"$f":"IF(ISBLANK(AT146),\"\",COUNTIFS(Table1[Merchant],Snapshot!AT146,Table1[Month],Snapshot!$W$4))","v":""},{"$f":"IFERROR(RANK(AV146,$AV$6:$AV$200)+COUNTIF($AV$6:AV146,AV146)-1,\"\")","v":""},{"$f":"IFERROR(RANK(AU146,$AU$6:$AU$200)+COUNTIF($AU$6:AU146,AU146)-1,\"\")","v":""}]
[{"$nulls":21},"--",{"$nulls":24},{"$f":"IF(ISBLANK(AT147),\"\",SUMIFS(Table1[Amount $],Table1[Merchant],Snapshot!AT147,Table1[Month],Snapshot!$W$4)*-1)","v":""},{"$f":"IF(ISBLANK(AT147),\"\",COUNTIFS(Table1[Merchant],Snapshot!AT147,Table1[Month],Snapshot!$W$4))","v":""},{"$f":"IFERROR(RANK(AV147,$AV$6:$AV$200)+COUNTIF($AV$6:AV147,AV147)-1,\"\")","v":""},{"$f":"IFERROR(RANK(AU147,$AU$6:$AU$200)+COUNTIF($AU$6:AU147,AU147)-1,\"\")","v":""}]
[{"$nulls":21},"--",{"$nulls":24},{"$f":"IF(ISBLANK(AT148),\"\",SUMIFS(Table1[Amount $],Table1[Merchant],Snapshot!AT148,Table1[Month],Snapshot!$W$4)*-1)","v":""},{"$f":"IF(ISBLANK(AT148),\"\",COUNTIFS(Table1[Merchant],Snapshot!AT148,Table1[Month],Snapshot!$W$4))","v":""},{"$f":"IFERROR(RANK(AV148,$AV$6:$AV$200)+COUNTIF($AV$6:AV148,AV148)-1,\"\")","v":""},{"$f":"IFERROR(RANK(AU148,$AU$6:$AU$200)+COUNTIF($AU$6:AU148,AU148)-1,\"\")","v":""}]
[{"$nulls":21},"--",{"$nulls":24},{"$f":"IF(ISBLANK(AT149),\"\",SUMIFS(Table1[Amount $],Table1[Merchant],Snapshot!AT149,Table1[Month],Snapshot!$W$4)*-1)","v":""},{"$f":"IF(ISBLANK(AT149),\"\",COUNTIFS(Table1[Merchant],Snapshot!AT149,Table1[Month],Snapshot!$W$4))","v":""},{"$f":"IFERROR(RANK(AV149,$AV$6:$AV$200)+COUNTIF($AV$6:AV149,AV149)-1,\"\")","v":""},{"$f":"IFERROR(RANK(AU149,$AU$6:$AU$200)+COUNTIF($AU$6:AU149,AU149)-1,\"\")","v":""}]
[{"$nulls":21},"--",{"$nulls":24},{"$f":"IF(ISBLANK(AT150),\"\",SUMIFS(Table1[Amount $],Table1[Merchant],Snapshot!AT150,Table1[Month],Snapshot!$W$4)*-1)","v":""},{"$f":"IF(ISBLANK(AT150),\"\",COUNTIFS(Table1[Merchant],Snapshot!AT150,Table1[Month],Snapshot!$W$4))","v":""},{"$f":"IFERROR(RANK(AV150,$AV$6:$AV$200)+COUNTIF($AV$6:AV150,AV150)-1,\"\")","v":""},{"$f":"IFERROR(RANK(AU150,$AU$6:$AU$200)+COUNTIF($AU$6:AU150,AU150)-1,\"\")","v":""}]
[{"$nulls":21},"--",{"$nulls":24},{"$f":"IF(ISBLANK(AT151),\"\",SUMIFS(Table1[Amount $],Table1[Merchant],Snapshot!AT151,Table1[Month],Snapshot!$W$4)*-1)","v":""},{"$f":"IF(ISBLANK(AT151),\"\",COUNTIFS(Table1[Merchant],Snapshot!AT151,Table1[Month],Snapshot!$W$4))","v":""},{"$f":"IFERROR(RANK(AV151,$AV$6:$AV$200)+COUNTIF($AV$6:AV151,AV151)-1,\"\")","v":""},{"$f":"IFERROR(RANK(AU151,$AU$6:$AU$200)+COUNTIF($AU$6:AU151,AU151)-1,\"\")","v":""}]
[{"$nulls":21},"--",{"$nulls":24},{"$f":"IF(ISBLANK(AT152),\"\",SUMIFS(Table1[Amount $],Table1[Merchant],Snapshot!AT152,Table1[Month],Snapshot!$W$4)*-1)","v":""},{"$f":"IF(ISBLANK(AT152),\"\",COUNTIFS(Table1[Merchant],Snapshot!AT152,Table1[Month],Snapshot!$W$4))","v":""},{"$f":"IFERROR(RANK(AV152,$AV$6:$AV$200)+COUNTIF($AV$6:AV152,AV152)-1,\"\")","v":""},{"$f":"IFERROR(RANK(AU152,$AU$6:$AU$200)+COUNTIF($AU$6:AU152,AU152)-1,\"\")","v":""}]
[{"$nulls":21},"--",{"$nulls":24},{"$f":"IF(ISBLANK(AT153),\"\",SUMIFS(Table1[Amount $],Table1[Merchant],Snapshot!AT153,Table1[Month],Snapshot!$W$4)*-1)","v":""},{"$f":"IF(ISBLANK(AT153),\"\",COUNTIFS(Table1[Merchant],Snapshot!AT153,Table1[Month],Snapshot!$W$4))","v":""},{"$f":"IFERROR(RANK(AV153,$AV$6:$AV$200)+COUNTIF($AV$6:AV153,AV153)-1,\"\")","v":""},{"$f":"IFERROR(RANK(AU153,$AU$6:$AU$200)+COUNTIF($AU$6:AU153,AU153)-1,\"\")","v":""}]
[{"$nulls":21},"--",{"$nulls":24},{"$f":"IF(ISBLANK(AT154),\"\",SUMIFS(Table1[Amount $],Table1[Merchant],Snapshot!AT154,Table1[Month],Snapshot!$W$4)*-1)","v":""},{"$f":"IF(ISBLANK(AT154),\"\",COUNTIFS(Table1[Merchant],Snapshot!AT154,Table1[Month],Snapshot!$W$4))","v":""},{"$f":"IFERROR(RANK(AV154,$AV$6:$AV$200)+COUNTIF($AV$6:AV154,AV154)-1,\"\")","v":""},{"$f":"IFERROR(RANK(AU154,$AU$6:$AU$200)+COUNTIF($AU$6:AU154,AU154)-1,\"\")","v":""}]
[{"$nulls":21},"--",{"$nulls":24},{"$f":"IF(ISBLANK(AT155),\"\",SUMIFS(Table1[Amount $],Table1[Merchant],Snapshot!AT155,Table1[Month],Snapshot!$W$4)*-1)","v":""},{"$f":"IF(ISBLANK(AT155),\"\",COUNTIFS(Table1[Merchant],Snapshot!AT155,Table1[Month],Snapshot!$W$4))","v":""},{"$f":"IFERROR(RANK(AV155,$AV$6:$AV$200)+COUNTIF($AV$6:AV155,AV155)-1,\"\")","v":""},{"$f":"IFERROR(RANK(AU155,$AU$6:$AU$200)+COUNTIF($AU$6:AU155,AU155)-1,\"\")","v":""}]
[{"$nulls":21},"--",{"$nulls":24},{"$f":"IF(ISBLANK(AT156),\"\",SUMIFS(Table1[Amount $],Table1[Merchant],Snapshot!AT156,Table1[Month],Snapshot!$W$4)*-1)","v":""},{"$f":"IF(ISBLANK(AT156),\"\",COUNTIFS(Table1[Merchant],Snapshot!AT156,Table1[Month],Snapshot!$W$4))","v":""},{"$f":"IFERROR(RANK(AV156,$AV$6:$AV$200)+COUNTIF($AV$6:AV156,AV156)-1,\"\")","v":""},{"$f":"IFERROR(RANK(AU156,$AU$6:$AU$200)+COUNTIF($AU$6:AU156,AU156)-1,\"\")","v":""}]
[{"$nulls":21},"--",{"$nulls":24},{"$f":"IF(ISBLANK(AT157),\"\",SUMIFS(Table1[Amount $],Table1[Merchant],Snapshot!AT157,Table1[Month],Snapshot!$W$4)*-1)","v":""},{"$f":"IF(ISBLANK(AT157),\"\",COUNTIFS(Table1[Merchant],Snapshot!AT157,Table1[Month],Snapshot!$W$4))","v":""},{"$f":"IFERROR(RANK(AV157,$AV$6:$AV$200)+COUNTIF($AV$6:AV157,AV157)-1,\"\")","v":""},{"$f":"IFERROR(RANK(AU157,$AU$6:$AU$200)+COUNTIF($AU$6:AU157,AU157)-1,\"\")","v":""}]
[{"$nulls":21},"--",{"$nulls":24},{"$f":"IF(ISBLANK(AT158),\"\",SUMIFS(Table1[Amount $],Table1[Merchant],Snapshot!AT158,Table1[Month],Snapshot!$W$4)*-1)","v":""},{"$f":"IF(ISBLANK(AT158),\"\",COUNTIFS(Table1[Merchant],Snapshot!AT158,Table1[Month],Snapshot!$W$4))","v":""},{"$f":"IFERROR(RANK(AV158,$AV$6:$AV$200)+COUNTIF($AV$6:AV158,AV158)-1,\"\")","v":""},{"$f":"IFERROR(RANK(AU158,$AU$6:$AU$200)+COUNTIF($AU$6:AU158,AU158)-1,\"\")","v":""}]
[{"$nulls":21},"--",{"$nulls":24},{"$f":"IF(ISBLANK(AT159),\"\",SUMIFS(Table1[Amount $],Table1[Merchant],Snapshot!AT159,Table1[Month],Snapshot!$W$4)*-1)","v":""},{"$f":"IF(ISBLANK(AT159),\"\",COUNTIFS(Table1[Merchant],Snapshot!AT159,Table1[Month],Snapshot!$W$4))","v":""},{"$f":"IFERROR(RANK(AV159,$AV$6:$AV$200)+COUNTIF($AV$6:AV159,AV159)-1,\"\")","v":""},{"$f":"IFERROR(RANK(AU159,$AU$6:$AU$200)+COUNTIF($AU$6:AU159,AU159)-1,\"\")","v":""}]
[{"$nulls":21},"--",{"$nulls":24},{"$f":"IF(ISBLANK(AT160),\"\",SUMIFS(Table1[Amount $],Table1[Merchant],Snapshot!AT160,Table1[Month],Snapshot!$W$4)*-1)","v":""},{"$f":"IF(ISBLANK(AT160),\"\",COUNTIFS(Table1[Merchant],Snapshot!AT160,Table1[Month],Snapshot!$W$4))","v":""},{"$f":"IFERROR(RANK(AV160,$AV$6:$AV$200)+COUNTIF($AV$6:AV160,AV160)-1,\"\")","v":""},{"$f":"IFERROR(RANK(AU160,$AU$6:$AU$200)+COUNTIF($AU$6:AU160,AU160)-1,\"\")","v":""}]
[{"$nulls":21},"--",{"$nulls":24},{"$f":"IF(ISBLANK(AT161),\"\",SUMIFS(Table1[Amount $],Table1[Merchant],Snapshot!AT161,Table1[Month],Snapshot!$W$4)*-1)","v":""},{"$f":"IF(ISBLANK(AT161),\"\",COUNTIFS(Table1[Merchant],Snapshot!AT161,Table1[Month],Snapshot!$W$4))","v":""},{"$f":"IFERROR(RANK(AV161,$AV$6:$AV$200)+COUNTIF($AV$6:AV161,AV161)-1,\"\")","v":""},{"$f":"IFERROR(RANK(AU161,$AU$6:$AU$200)+COUNTIF($AU$6:AU161,AU161)-1,\"\")","v":""}]
[{"$nulls":21},"--",{"$nulls":24},{"$f":"IF(ISBLANK(AT162),\"\",SUMIFS(Table1[Amount $],Table1[Merchant],Snapshot!AT162,Table1[Month],Snapshot!$W$4)*-1)","v":""},{"$f":"IF(ISBLANK(AT162),\"\",COUNTIFS(Table1[Merchant],Snapshot!AT162,Table1[Month],Snapshot!$W$4))","v":""},{"$f":"IFERROR(RANK(AV162,$AV$6:$AV$200)+COUNTIF($AV$6:AV162,AV162)-1,\"\")","v":""},{"$f":"IFERROR(RANK(AU162,$AU$6:$AU$200)+COUNTIF($AU$6:AU162,AU162)-1,\"\")","v":""}]
[{"$nulls":21},"--",{"$nulls":24},{"$f":"IF(ISBLANK(AT163),\"\",SUMIFS(Table1[Amount $],Table1[Merchant],Snapshot!AT163,Table1[Month],Snapshot!$W$4)*-1)","v":""},{"$f":"IF(ISBLANK(AT163),\"\",COUNTIFS(Table1[Merchant],Snapshot!AT163,Table1[Month],Snapshot!$W$4))","v":""},{"$f":"IFERROR(RANK(AV163,$AV$6:$AV$200)+COUNTIF($AV$6:AV163,AV163)-1,\"\")","v":""},{"$f":"IFERROR(RANK(AU163,$AU$6:$AU$200)+COUNTIF($AU$6:AU163,AU163)-1,\"\")","v":""}]
[{"$nulls":21},"--",{"$nulls":24},{"$f":"IF(ISBLANK(AT164),\"\",SUMIFS(Table1[Amount $],Table1[Merchant],Snapshot!AT164,Table1[Month],Snapshot!$W$4)*-1)","v":""},{"$f":"IF(ISBLANK(AT164),\"\",COUNTIFS(Table1[Merchant],Snapshot!AT164,Table1[Month],Snapshot!$W$4))","v":""},{"$f":"IFERROR(RANK(AV164,$AV$6:$AV$200)+COUNTIF($AV$6:AV164,AV164)-1,\"\")","v":""},{"$f":"IFERROR(RANK(AU164,$AU$6:$AU$200)+COUNTIF($AU$6:AU164,AU164)-1,\"\")","v":""}]
[{"$nulls":21},"--",{"$nulls":24},{"$f":"IF(ISBLANK(AT165),\"\",SUMIFS(Table1[Amount $],Table1[Merchant],Snapshot!AT165,Table1[Month],Snapshot!$W$4)*-1)","v":""},{"$f":"IF(ISBLANK(AT165),\"\",COUNTIFS(Table1[Merchant],Snapshot!AT165,Table1[Month],Snapshot!$W$4))","v":""},{"$f":"IFERROR(RANK(AV165,$AV$6:$AV$200)+COUNTIF($AV$6:AV165,AV165)-1,\"\")","v":""},{"$f":"IFERROR(RANK(AU165,$AU$6:$AU$200)+COUNTIF($AU$6:AU165,AU165)-1,\"\")","v":""}]
[{"$nulls":21},"--",{"$nulls":24},{"$f":"IF(ISBLANK(AT166),\"\",SUMIFS(Table1[Amount $],Table1[Merchant],Snapshot!AT166,Table1[Month],Snapshot!$W$4)*-1)","v":""},{"$f":"IF(ISBLANK(AT166),\"\",COUNTIFS(Table1[Merchant],Snapshot!AT166,Table1[Month],Snapshot!$W$4))","v":""},{"$f":"IFERROR(RANK(AV166,$AV$6:$AV$200)+COUNTIF($AV$6:AV166,AV166)-1,\"\")","v":""},{"$f":"IFERROR(RANK(AU166,$AU$6:$AU$200)+COUNTIF($AU$6:AU166,AU166)-1,\"\")","v":""}]
[{"$nulls":21},"--",{"$nulls":24},{"$f":"IF(ISBLANK(AT167),\"\",SUMIFS(Table1[Amount $],Table1[Merchant],Snapshot!AT167,Table1[Month],Snapshot!$W$4)*-1)","v":""},{"$f":"IF(ISBLANK(AT167),\"\",COUNTIFS(Table1[Merchant],Snapshot!AT167,Table1[Month],Snapshot!$W$4))","v":""},{"$f":"IFERROR(RANK(AV167,$AV$6:$AV$200)+COUNTIF($AV$6:AV167,AV167)-1,\"\")","v":""},{"$f":"IFERROR(RANK(AU167,$AU$6:$AU$200)+COUNTIF($AU$6:AU167,AU167)-1,\"\")","v":""}]
[{"$nulls":21},"--",{"$nulls":24},{"$f":"IF(ISBLANK(AT168),\"\",SUMIFS(Table1[Amount $],Table1[Merchant],Snapshot!AT168,Table1[Month],Snapshot!$W$4)*-1)","v":""},{"$f":"IF(ISBLANK(AT168),\"\",COUNTIFS(Table1[Merchant],Snapshot!AT168,Table1[Month],Snapshot!$W$4))","v":""},{"$f":"IFERROR(RANK(AV168,$AV$6:$AV$200)+COUNTIF($AV$6:AV168,AV168)-1,\"\")","v":""},{"$f":"IFERROR(RANK(AU168,$AU$6:$AU$200)+COUNTIF($AU$6:AU168,AU168)-1,\"\")","v":""}]
[{"$nulls":21},"--",{"$nulls":24},{"$f":"IF(ISBLANK(AT169),\"\",SUMIFS(Table1[Amount $],Table1[Merchant],Snapshot!AT169,Table1[Month],Snapshot!$W$4)*-1)","v":""},{"$f":"IF(ISBLANK(AT169),\"\",COUNTIFS(Table1[Merchant],Snapshot!AT169,Table1[Month],Snapshot!$W$4))","v":""},{"$f":"IFERROR(RANK(AV169,$AV$6:$AV$200)+COUNTIF($AV$6:AV169,AV169)-1,\"\")","v":""},{"$f":"IFERROR(RANK(AU169,$AU$6:$AU$200)+COUNTIF($AU$6:AU169,AU169)-1,\"\")","v":""}]
[{"$nulls":21},{"$f":"IF(ISBLANK(W170),\"--\",TEXT(W170,\"mmmm\")&\" \"&TEXT(W170,\"YYYY\"))","v":"--"},{"$nulls":24},{"$f":"IF(ISBLANK(AT170),\"\",SUMIFS(Table1[Amount $],Table1[Merchant],Snapshot!AT170,Table1[Month],Snapshot!$W$4)*-1)","v":""},{"$f":"IF(ISBLANK(AT170),\"\",COUNTIFS(Table1[Merchant],Snapshot!AT170,Table1[Month],Snapshot!$W$4))","v":""},{"$f":"IFERROR(RANK(AV170,$AV$6:$AV$200)+COUNTIF($AV$6:AV170,AV170)-1,\"\")","v":""},{"$f":"IFERROR(RANK(AU170,$AU$6:$AU$200)+COUNTIF($AU$6:AU170,AU170)-1,\"\")","v":""}]
[{"$nulls":21},"--",{"$nulls":24},{"$f":"IF(ISBLANK(AT171),\"\",SUMIFS(Table1[Amount $],Table1[Merchant],Snapshot!AT171,Table1[Month],Snapshot!$W$4)*-1)","v":""},{"$f":"IF(ISBLANK(AT171),\"\",COUNTIFS(Table1[Merchant],Snapshot!AT171,Table1[Month],Snapshot!$W$4))","v":""},{"$f":"IFERROR(RANK(AV171,$AV$6:$AV$200)+COUNTIF($AV$6:AV171,AV171)-1,\"\")","v":""},{"$f":"IFERROR(RANK(AU171,$AU$6:$AU$200)+COUNTIF($AU$6:AU171,AU171)-1,\"\")","v":""}]
[{"$nulls":21},"--",{"$nulls":24},{"$f":"IF(ISBLANK(AT172),\"\",SUMIFS(Table1[Amount $],Table1[Merchant],Snapshot!AT172,Table1[Month],Snapshot!$W$4)*-1)","v":""},{"$f":"IF(ISBLANK(AT172),\"\",COUNTIFS(Table1[Merchant],Snapshot!AT172,Table1[Month],Snapshot!$W$4))","v":""},{"$f":"IFERROR(RANK(AV172,$AV$6:$AV$200)+COUNTIF($AV$6:AV172,AV172)-1,\"\")","v":""},{"$f":"IFERROR(RANK(AU172,$AU$6:$AU$200)+COUNTIF($AU$6:AU172,AU172)-1,\"\")","v":""}]
[{"$nulls":21},"--",{"$nulls":24},{"$f":"IF(ISBLANK(AT173),\"\",SUMIFS(Table1[Amount $],Table1[Merchant],Snapshot!AT173,Table1[Month],Snapshot!$W$4)*-1)","v":""},{"$f":"IF(ISBLANK(AT173),\"\",COUNTIFS(Table1[Merchant],Snapshot!AT173,Table1[Month],Snapshot!$W$4))","v":""},{"$f":"IFERROR(RANK(AV173,$AV$6:$AV$200)+COUNTIF($AV$6:AV173,AV173)-1,\"\")","v":""},{"$f":"IFERROR(RANK(AU173,$AU$6:$AU$200)+COUNTIF($AU$6:AU173,AU173)-1,\"\")","v":""}]
[{"$nulls":21},"--",{"$nulls":24},{"$f":"IF(ISBLANK(AT174),\"\",SUMIFS(Table1[Amount $],Table1[Merchant],Snapshot!AT174,Table1[Month],Snapshot!$W$4)*-1)","v":""},{"$f":"IF(ISBLANK(AT174),\"\",COUNTIFS(Table1[Merchant],Snapshot!AT174,Table1[Month],Snapshot!$W$4))","v":""},{"$f":"IFERROR(RANK(AV174,$AV$6:$AV$200)+COUNTIF($AV$6:AV174,AV174)-1,\"\")","v":""},{"$f":"IFERROR(RANK(AU174,$AU$6:$AU$200)+COUNTIF($AU$6:AU174,AU174)-1,\"\")","v":""}]
[{"$nulls":21},"--",{"$nulls":24},{"$f":"IF(ISBLANK(AT175),\"\",SUMIFS(Table1[Amount $],Table1[Merchant],Snapshot!AT175,Table1[Month],Snapshot!$W$4)*-1)","v":""},{"$f":"IF(ISBLANK(AT175),\"\",COUNTIFS(Table1[Merchant],Snapshot!AT175,Table1[Month],Snapshot!$W$4))","v":""},{"$f":"IFERROR(RANK(AV175,$AV$6:$AV$200)+COUNTIF($AV$6:AV175,AV175)-1,\"\")","v":""},{"$f":"IFERROR(RANK(AU175,$AU$6:$AU$200)+COUNTIF($AU$6:AU175,AU175)-1,\"\")","v":""}]
[{"$nulls":21},"--",{"$nulls":24},{"$f":"IF(ISBLANK(AT176),\"\",SUMIFS(Table1[Amount $],Table1[Merchant],Snapshot!AT176,Table1[Month],Snapshot!$W$4)*-1)","v":""},{"$f":"IF(ISBLANK(AT176),\"\",COUNTIFS(Table1[Merchant],Snapshot!AT176,Table1[Month],Snapshot!$W$4))","v":""},{"$f":"IFERROR(RANK(AV176,$AV$6:$AV$200)+COUNTIF($AV$6:AV176,AV176)-1,\"\")","v":""},{"$f":"IFERROR(RANK(AU176,$AU$6:$AU$200)+COUNTIF($AU$6:AU176,AU176)-1,\"\")","v":""}]
[{"$nulls":21},"--",{"$nulls":24},{"$f":"IF(ISBLANK(AT177),\"\",SUMIFS(Table1[Amount $],Table1[Merchant],Snapshot!AT177,Table1[Month],Snapshot!$W$4)*-1)","v":""},{"$f":"IF(ISBLANK(AT177),\"\",COUNTIFS(Table1[Merchant],Snapshot!AT177,Table1[Month],Snapshot!$W$4))","v":""},{"$f":"IFERROR(RANK(AV177,$AV$6:$AV$200)+COUNTIF($AV$6:AV177,AV177)-1,\"\")","v":""},{"$f":"IFERROR(RANK(AU177,$AU$6:$AU$200)+COUNTIF($AU$6:AU177,AU177)-1,\"\")","v":""}]
[{"$nulls":21},"--",{"$nulls":24},{"$f":"IF(ISBLANK(AT178),\"\",SUMIFS(Table1[Amount $],Table1[Merchant],Snapshot!AT178,Table1[Month],Snapshot!$W$4)*-1)","v":""},{"$f":"IF(ISBLANK(AT178),\"\",COUNTIFS(Table1[Merchant],Snapshot!AT178,Table1[Month],Snapshot!$W$4))","v":""},{"$f":"IFERROR(RANK(AV178,$AV$6:$AV$200)+COUNTIF($AV$6:AV178,AV178)-1,\"\")","v":""},{"$f":"IFERROR(RANK(AU178,$AU$6:$AU$200)+COUNTIF($AU$6:AU178,AU178)-1,\"\")","v":""}]
[{"$nulls":21},"--",{"$nulls":24},{"$f":"IF(ISBLANK(AT179),\"\",SUMIFS(Table1[Amount $],Table1[Merchant],Snapshot!AT179,Table1[Month],Snapshot!$W$4)*-1)","v":""},{"$f":"IF(ISBLANK(AT179),\"\",COUNTIFS(Table1[Merchant],Snapshot!AT179,Table1[Month],Snapshot!$W$4))","v":""},{"$f":"IFERROR(RANK(AV179,$AV$6:$AV$200)+COUNTIF($AV$6:AV179,AV179)-1,\"\")","v":""},{"$f":"IFERROR(RANK(AU179,$AU$6:$AU$200)+COUNTIF($AU$6:AU179,AU179)-1,\"\")","v":""}]
[{"$nulls":21},"--",{"$nulls":24},{"$f":"IF(ISBLANK(AT180),\"\",SUMIFS(Table1[Amount $],Table1[Merchant],Snapshot!AT180,Table1[Month],Snapshot!$W$4)*-1)","v":""},{"$f":"IF(ISBLANK(AT180),\"\",COUNTIFS(Table1[Merchant],Snapshot!AT180,Table1[Month],Snapshot!$W$4))","v":""},{"$f":"IFERROR(RANK(AV180,$AV$6:$AV$200)+COUNTIF($AV$6:AV180,AV180)-1,\"\")","v":""},{"$f":"IFERROR(RANK(AU180,$AU$6:$AU$200)+COUNTIF($AU$6:AU180,AU180)-1,\"\")","v":""}]
[{"$nulls":21},"--",{"$nulls":24},{"$f":"IF(ISBLANK(AT181),\"\",SUMIFS(Table1[Amount $],Table1[Merchant],Snapshot!AT181,Table1[Month],Snapshot!$W$4)*-1)","v":""},{"$f":"IF(ISBLANK(AT181),\"\",COUNTIFS(Table1[Merchant],Snapshot!AT181,Table1[Month],Snapshot!$W$4))","v":""},{"$f":"IFERROR(RANK(AV181,$AV$6:$AV$200)+COUNTIF($AV$6:AV181,AV181)-1,\"\")","v":""},{"$f":"IFERROR(RANK(AU181,$AU$6:$AU$200)+COUNTIF($AU$6:AU181,AU181)-1,\"\")","v":""}]
[{"$nulls":21},"--",{"$nulls":24},{"$f":"IF(ISBLANK(AT182),\"\",SUMIFS(Table1[Amount $],Table1[Merchant],Snapshot!AT182,Table1[Month],Snapshot!$W$4)*-1)","v":""},{"$f":"IF(ISBLANK(AT182),\"\",COUNTIFS(Table1[Merchant],Snapshot!AT182,Table1[Month],Snapshot!$W$4))","v":""},{"$f":"IFERROR(RANK(AV182,$AV$6:$AV$200)+COUNTIF($AV$6:AV182,AV182)-1,\"\")","v":""},{"$f":"IFERROR(RANK(AU182,$AU$6:$AU$200)+COUNTIF($AU$6:AU182,AU182)-1,\"\")","v":""}]
[{"$nulls":21},"--",{"$nulls":24},{"$f":"IF(ISBLANK(AT183),\"\",SUMIFS(Table1[Amount $],Table1[Merchant],Snapshot!AT183,Table1[Month],Snapshot!$W$4)*-1)","v":""},{"$f":"IF(ISBLANK(AT183),\"\",COUNTIFS(Table1[Merchant],Snapshot!AT183,Table1[Month],Snapshot!$W$4))","v":""},{"$f":"IFERROR(RANK(AV183,$AV$6:$AV$200)+COUNTIF($AV$6:AV183,AV183)-1,\"\")","v":""},{"$f":"IFERROR(RANK(AU183,$AU$6:$AU$200)+COUNTIF($AU$6:AU183,AU183)-1,\"\")","v":""}]
[{"$nulls":21},"--",{"$nulls":24},{"$f":"IF(ISBLANK(AT184),\"\",SUMIFS(Table1[Amount $],Table1[Merchant],Snapshot!AT184,Table1[Month],Snapshot!$W$4)*-1)","v":""},{"$f":"IF(ISBLANK(AT184),\"\",COUNTIFS(Table1[Merchant],Snapshot!AT184,Table1[Month],Snapshot!$W$4))","v":""},{"$f":"IFERROR(RANK(AV184,$AV$6:$AV$200)+COUNTIF($AV$6:AV184,AV184)-1,\"\")","v":""},{"$f":"IFERROR(RANK(AU184,$AU$6:$AU$200)+COUNTIF($AU$6:AU184,AU184)-1,\"\")","v":""}]
[{"$nulls":21},"--",{"$nulls":24},{"$f":"IF(ISBLANK(AT185),\"\",SUMIFS(Table1[Amount $],Table1[Merchant],Snapshot!AT185,Table1[Month],Snapshot!$W$4)*-1)","v":""},{"$f":"IF(ISBLANK(AT185),\"\",COUNTIFS(Table1[Merchant],Snapshot!AT185,Table1[Month],Snapshot!$W$4))","v":""},{"$f":"IFERROR(RANK(AV185,$AV$6:$AV$200)+COUNTIF($AV$6:AV185,AV185)-1,\"\")","v":""},{"$f":"IFERROR(RANK(AU185,$AU$6:$AU$200)+COUNTIF($AU$6:AU185,AU185)-1,\"\")","v":""}]
[{"$nulls":21},"--",{"$nulls":24},{"$f":"IF(ISBLANK(AT186),\"\",SUMIFS(Table1[Amount $],Table1[Merchant],Snapshot!AT186,Table1[Month],Snapshot!$W$4)*-1)","v":""},{"$f":"IF(ISBLANK(AT186),\"\",COUNTIFS(Table1[Merchant],Snapshot!AT186,Table1[Month],Snapshot!$W$4))","v":""},{"$f":"IFERROR(RANK(AV186,$AV$6:$AV$200)+COUNTIF($AV$6:AV186,AV186)-1,\"\")","v":""},{"$f":"IFERROR(RANK(AU186,$AU$6:$AU$200)+COUNTIF($AU$6:AU186,AU186)-1,\"\")","v":""}]
[{"$nulls":21},"--",{"$nulls":24},{"$f":"IF(ISBLANK(AT187),\"\",SUMIFS(Table1[Amount $],Table1[Merchant],Snapshot!AT187,Table1[Month],Snapshot!$W$4)*-1)","v":""},{"$f":"IF(ISBLANK(AT187),\"\",COUNTIFS(Table1[Merchant],Snapshot!AT187,Table1[Month],Snapshot!$W$4))","v":""},{"$f":"IFERROR(RANK(AV187,$AV$6:$AV$200)+COUNTIF($AV$6:AV187,AV187)-1,\"\")","v":""},{"$f":"IFERROR(RANK(AU187,$AU$6:$AU$200)+COUNTIF($AU$6:AU187,AU187)-1,\"\")","v":""}]
[{"$nulls":21},"--",{"$nulls":24},{"$f":"IF(ISBLANK(AT188),\"\",SUMIFS(Table1[Amount $],Table1[Merchant],Snapshot!AT188,Table1[Month],Snapshot!$W$4)*-1)","v":""},{"$f":"IF(ISBLANK(AT188),\"\",COUNTIFS(Table1[Merchant],Snapshot!AT188,Table1[Month],Snapshot!$W$4))","v":""},{"$f":"IFERROR(RANK(AV188,$AV$6:$AV$200)+COUNTIF($AV$6:AV188,AV188)-1,\"\")","v":""},{"$f":"IFERROR(RANK(AU188,$AU$6:$AU$200)+COUNTIF($AU$6:AU188,AU188)-1,\"\")","v":""}]
[{"$nulls":21},"--",{"$nulls":24},{"$f":"IF(ISBLANK(AT189),\"\",SUMIFS(Table1[Amount $],Table1[Merchant],Snapshot!AT189,Table1[Month],Snapshot!$W$4)*-1)","v":""},{"$f":"IF(ISBLANK(AT189),\"\",COUNTIFS(Table1[Merchant],Snapshot!AT189,Table1[Month],Snapshot!$W$4))","v":""},{"$f":"IFERROR(RANK(AV189,$AV$6:$AV$200)+COUNTIF($AV$6:AV189,AV189)-1,\"\")","v":""},{"$f":"IFERROR(RANK(AU189,$AU$6:$AU$200)+COUNTIF($AU$6:AU189,AU189)-1,\"\")","v":""}]
[{"$nulls":21},"--",{"$nulls":24},{"$f":"IF(ISBLANK(AT190),\"\",SUMIFS(Table1[Amount $],Table1[Merchant],Snapshot!AT190,Table1[Month],Snapshot!$W$4)*-1)","v":""},{"$f":"IF(ISBLANK(AT190),\"\",COUNTIFS(Table1[Merchant],Snapshot!AT190,Table1[Month],Snapshot!$W$4))","v":""},{"$f":"IFERROR(RANK(AV190,$AV$6:$AV$200)+COUNTIF($AV$6:AV190,AV190)-1,\"\")","v":""},{"$f":"IFERROR(RANK(AU190,$AU$6:$AU$200)+COUNTIF($AU$6:AU190,AU190)-1,\"\")","v":""}]
[{"$nulls":21},"--",{"$nulls":24},{"$f":"IF(ISBLANK(AT191),\"\",SUMIFS(Table1[Amount $],Table1[Merchant],Snapshot!AT191,Table1[Month],Snapshot!$W$4)*-1)","v":""},{"$f":"IF(ISBLANK(AT191),\"\",COUNTIFS(Table1[Merchant],Snapshot!AT191,Table1[Month],Snapshot!$W$4))","v":""},{"$f":"IFERROR(RANK(AV191,$AV$6:$AV$200)+COUNTIF($AV$6:AV191,AV191)-1,\"\")","v":""},{"$f":"IFERROR(RANK(AU191,$AU$6:$AU$200)+COUNTIF($AU$6:AU191,AU191)-1,\"\")","v":""}]
[{"$nulls":21},"--",{"$nulls":24},{"$f":"IF(ISBLANK(AT192),\"\",SUMIFS(Table1[Amount $],Table1[Merchant],Snapshot!AT192,Table1[Month],Snapshot!$W$4)*-1)","v":""},{"$f":"IF(ISBLANK(AT192),\"\",COUNTIFS(Table1[Merchant],Snapshot!AT192,Table1[Month],Snapshot!$W$4))","v":""},{"$f":"IFERROR(RANK(AV192,$AV$6:$AV$200)+COUNTIF($AV$6:AV192,AV192)-1,\"\")","v":""},{"$f":"IFERROR(RANK(AU192,$AU$6:$AU$200)+COUNTIF($AU$6:AU192,AU192)-1,\"\")","v":""}]
[{"$nulls":21},"--",{"$nulls":24},{"$f":"IF(ISBLANK(AT193),\"\",SUMIFS(Table1[Amount $],Table1[Merchant],Snapshot!AT193,Table1[Month],Snapshot!$W$4)*-1)","v":""},{"$f":"IF(ISBLANK(AT193),\"\",COUNTIFS(Table1[Merchant],Snapshot!AT193,Table1[Month],Snapshot!$W$4))","v":""},{"$f":"IFERROR(RANK(AV193,$AV$6:$AV$200)+COUNTIF($AV$6:AV193,AV193)-1,\"\")","v":""},{"$f":"IFERROR(RANK(AU193,$AU$6:$AU$200)+COUNTIF($AU$6:AU193,AU193)-1,\"\")","v":""}]
[{"$nulls":21},"--",{"$nulls":24},{"$f":"IF(ISBLANK(AT194),\"\",SUMIFS(Table1[Amount $],Table1[Merchant],Snapshot!AT194,Table1[Month],Snapshot!$W$4)*-1)","v":""},{"$f":"IF(ISBLANK(AT194),\"\",COUNTIFS(Table1[Merchant],Snapshot!AT194,Table1[Month],Snapshot!$W$4))","v":""},{"$f":"IFERROR(RANK(AV194,$AV$6:$AV$200)+COUNTIF($AV$6:AV194,AV194)-1,\"\")","v":""},{"$f":"IFERROR(RANK(AU194,$AU$6:$AU$200)+COUNTIF($AU$6:AU194,AU194)-1,\"\")","v":""}]
[{"$nulls":21},"--",{"$nulls":24},{"$f":"IF(ISBLANK(AT195),\"\",SUMIFS(Table1[Amount $],Table1[Merchant],Snapshot!AT195,Table1[Month],Snapshot!$W$4)*-1)","v":""},{"$f":"IF(ISBLANK(AT195),\"\",COUNTIFS(Table1[Merchant],Snapshot!AT195,Table1[Month],Snapshot!$W$4))","v":""},{"$f":"IFERROR(RANK(AV195,$AV$6:$AV$200)+COUNTIF($AV$6:AV195,AV195)-1,\"\")","v":""},{"$f":"IFERROR(RANK(AU195,$AU$6:$AU$200)+COUNTIF($AU$6:AU195,AU195)-1,\"\")","v":""}]
[{"$nulls":21},"--",{"$nulls":24},{"$f":"IF(ISBLANK(AT196),\"\",SUMIFS(Table1[Amount $],Table1[Merchant],Snapshot!AT196,Table1[Month],Snapshot!$W$4)*-1)","v":""},{"$f":"IF(ISBLANK(AT196),\"\",COUNTIFS(Table1[Merchant],Snapshot!AT196,Table1[Month],Snapshot!$W$4))","v":""},{"$f":"IFERROR(RANK(AV196,$AV$6:$AV$200)+COUNTIF($AV$6:AV196,AV196)-1,\"\")","v":""},{"$f":"IFERROR(RANK(AU196,$AU$6:$AU$200)+COUNTIF($AU$6:AU196,AU196)-1,\"\")","v":""}]
[{"$nulls":21},"--",{"$nulls":24},{"$f":"IF(ISBLANK(AT197),\"\",SUMIFS(Table1[Amount $],Table1[Merchant],Snapshot!AT197,Table1[Month],Snapshot!$W$4)*-1)","v":""},{"$f":"IF(ISBLANK(AT197),\"\",COUNTIFS(Table1[Merchant],Snapshot!AT197,Table1[Month],Snapshot!$W$4))","v":""},{"$f":"IFERROR(RANK(AV197,$AV$6:$AV$200)+COUNTIF($AV$6:AV197,AV197)-1,\"\")","v":""},{"$f":"IFERROR(RANK(AU197,$AU$6:$AU$200)+COUNTIF($AU$6:AU197,AU197)-1,\"\")","v":""}]
[{"$nulls":21},"--",{"$nulls":24},{"$f":"IF(ISBLANK(AT198),\"\",SUMIFS(Table1[Amount $],Table1[Merchant],Snapshot!AT198,Table1[Month],Snapshot!$W$4)*-1)","v":""},{"$f":"IF(ISBLANK(AT198),\"\",COUNTIFS(Table1[Merchant],Snapshot!AT198,Table1[Month],Snapshot!$W$4))","v":""},{"$f":"IFERROR(RANK(AV198,$AV$6:$AV$200)+COUNTIF($AV$6:AV198,AV198)-1,\"\")","v":""},{"$f":"IFERROR(RANK(AU198,$AU$6:$AU$200)+COUNTIF($AU$6:AU198,AU198)-1,\"\")","v":""}]
[{"$nulls":21},"--",{"$nulls":24},{"$f":"IF(ISBLANK(AT199),\"\",SUMIFS(Table1[Amount $],Table1[Merchant],Snapshot!AT199,Table1[Month],Snapshot!$W$4)*-1)","v":""},{"$f":"IF(ISBLANK(AT199),\"\",COUNTIFS(Table1[Merchant],Snapshot!AT199,Table1[Month],Snapshot!$W$4))","v":""},{"$f":"IFERROR(RANK(AV199,$AV$6:$AV$200)+COUNTIF($AV$6:AV199,AV199)-1,\"\")","v":""},{"$f":"IFERROR(RANK(AU199,$AU$6:$AU$200)+COUNTIF($AU$6:AU199,AU199)-1,\"\")","v":""}]
[{"$nulls":21},{"$f":"IF(ISBLANK(W200),\"--\",TEXT(W200,\"mmmm\")&\" \"&TEXT(W200,\"YYYY\"))","v":"--"},{"$nulls":24},{"$f":"IF(ISBLANK(AT200),\"\",SUMIFS(Table1[Amount $],Table1[Merchant],Snapshot!AT200,Table1[Month],Snapshot!$W$4)*-1)","v":""},{"$f":"IF(ISBLANK(AT200),\"\",COUNTIFS(Table1[Merchant],Snapshot!AT200,Table1[Month],Snapshot!$W$4))","v":""},{"$f":"IFERROR(RANK(AV200,$AV$6:$AV$200)+COUNTIF($AV$6:AV200,AV200)-1,\"\")","v":""},{"$f":"IFERROR(RANK(AU200,$AU$6:$AU$200)+COUNTIF($AU$6:AU200,AU200)-1,\"\")","v":""}]

{"sheet":"Transactions","index":3,"n_rows":8,"n_cols":20,"rows_kept":8,"merged":[[1,1,1,7],[2,1,2,7]]}
[]
[null,"Transactions"]
[null,"Transactions from your added accounts are automatically imported here. Click Sync in the task pane to import more transactions. Edit the Merchant and Category columns to better reflect where and how you spend your money."]
[]
[]
[null,"Date","Merchant","Category","Subcategory","Amount $","Account","Account Number","Institution","Transaction_ID","Account_ID","Institution_ID","Category_ID","Subcategory_ID","Category Type","Date_Day","Date_Month","Date_Year","Beginning of Week","Month"]
[]
[{"$nulls":11},{"$f":"IFERROR(INDEX(#REF!,MATCH(Table1[[#This Row],[Category]],#REF!,0),0),\"\")","v":""}]

{"sheet":"Categories","index":4,"n_rows":250,"n_cols":10,"rows_kept":250,"merged":[[1,1,1,12],[2,2,2,9],[4,2,4,3],[4,7,4,8],[5,2,5,3],[5,7,5,8]]}
[]
[null,"Categories"]
[null,null,"Add custom categories and subcategories below, then assign them to your transactions in the transactions sheet. You can only edit or delete the categories and subcategories you've added."]
[]
[null,null,"Categories",{"$nulls":4},"Subcategories"]
[null,null,"Add custom categories in the empty rows below the default categories.\nMake sure to select expenses, income, or transfers under category type.",{"$nulls":4},"To add custom subcategories in the table below, select a category from the\ndropdown menu and add the related subcategory in the next column."]
[null,"ID","Category name","Category type","Default",null,"ID","Category name","Subcategory name","Category ID"]
[{"$nulls":9},{"$f":"IF(AND(NOT(ISBLANK(SubcategoriesTable[[#This Row],[Category name]])),NOT(ISERROR(_xlfn.XLOOKUP(SubcategoriesTable[[#This Row],[Category name]],CategoryNames,CategoryNames,,,)))),_xlfn.XLOOKUP(SubcategoriesTable[[#This Row],[Category name]],CategoryNames,CategoryIdentifiers,,,),\"\")","v":""}]
[{"$nulls":9},{"$f":"IF(AND(NOT(ISBLANK(SubcategoriesTable[[#This Row],[Category name]])),NOT(ISERROR(_xlfn.XLOOKUP(SubcategoriesTable[[#This Row],[Category name]],CategoryNames,CategoryNames,,,)))),_xlfn.XLOOKUP(SubcategoriesTable[[#This Row],[Category name]],CategoryNames,CategoryIdentifiers,,,),\"\")","v":""}]
[{"$nulls":9},{"$f":"IF(AND(NOT(ISBLANK(SubcategoriesTable[[#This Row],[Category name]])),NOT(ISERROR(_xlfn.XLOOKUP(SubcategoriesTable[[#This Row],[Category name]],CategoryNames,CategoryNames,,,)))),_xlfn.XLOOKUP(SubcategoriesTable[[#This Row],[Category name]],CategoryNames,CategoryIdentifiers,,,),\"\")","v":""}]
[{"$nulls":9},{"$f":"IF(AND(NOT(ISBLANK(SubcategoriesTable[[#This Row],[Category name]])),NOT(ISERROR(_xlfn.XLOOKUP(SubcategoriesTable[[#This Row],[Category name]],CategoryNames,CategoryNames,,,)))),_xlfn.XLOOKUP(SubcategoriesTable[[#This Row],[Category name]],CategoryNames,CategoryIdentifiers,,,),\"\")","v":""}]
[{"$nulls":9},{"$f":"IF(AND(NOT(ISBLANK(SubcategoriesTable[[#This Row],[Category name]])),NOT(ISERROR(_xlfn.XLOOKUP(SubcategoriesTable[[#This Row],[Category name]],CategoryNames,CategoryNames,,,)))),_xlfn.XLOOKUP(SubcategoriesTable[[#This Row],[Category name]],CategoryNames,CategoryIdentifiers,,,),\"\")","v":""}]
[{"$nulls":9},{"$f":"IF(AND(NOT(ISBLANK(SubcategoriesTable[[#This Row],[Category name]])),NOT(ISERROR(_xlfn.XLOOKUP(SubcategoriesTable[[#This Row],[Category name]],CategoryNames,CategoryNames,,,)))),_xlfn.XLOOKUP(SubcategoriesTable[[#This Row],[Category name]],CategoryNames,CategoryIdentifiers,,,),\"\")","v":""}]
[{"$nulls":9},{"$f":"IF(AND(NOT(ISBLANK(SubcategoriesTable[[#This Row],[Category name]])),NOT(ISERROR(_xlfn.XLOOKUP(SubcategoriesTable[[#This Row],[Category name]],CategoryNames,CategoryNames,,,)))),_xlfn.XLOOKUP(SubcategoriesTable[[#This Row],[Category name]],CategoryNames,CategoryIdentifiers,,,),\"\")","v":""}]
[{"$nulls":9},{"$f":"IF(AND(NOT(ISBLANK(SubcategoriesTable[[#This Row],[Category name]])),NOT(ISERROR(_xlfn.XLOOKUP(SubcategoriesTable[[#This Row],[Category name]],CategoryNames,CategoryNames,,,)))),_xlfn.XLOOKUP(SubcategoriesTable[[#This Row],[Category name]],CategoryNames,CategoryIdentifiers,,,),\"\")","v":""}]
[{"$nulls":9},{"$f":"IF(AND(NOT(ISBLANK(SubcategoriesTable[[#This Row],[Category name]])),NOT(ISERROR(_xlfn.XLOOKUP(SubcategoriesTable[[#This Row],[Category name]],CategoryNames,CategoryNames,,,)))),_xlfn.XLOOKUP(SubcategoriesTable[[#This Row],[Category name]],CategoryNames,CategoryIdentifiers,,,),\"\")","v":""}]
[{"$nulls":9},{"$f":"IF(AND(NOT(ISBLANK(SubcategoriesTable[[#This Row],[Category name]])),NOT(ISERROR(_xlfn.XLOOKUP(SubcategoriesTable[[#This Row],[Category name]],CategoryNames,CategoryNames,,,)))),_xlfn.XLOOKUP(SubcategoriesTable[[#This Row],[Category name]],CategoryNames,CategoryIdentifiers,,,),\"\")","v":""}]
[{"$nulls":9},{"$f":"IF(AND(NOT(ISBLANK(SubcategoriesTable[[#This Row],[Category name]])),NOT(ISERROR(_xlfn.XLOOKUP(SubcategoriesTable[[#This Row],[Category name]],CategoryNames,CategoryNames,,,)))),_xlfn.XLOOKUP(SubcategoriesTable[[#This Row],[Category name]],CategoryNames,CategoryIdentifiers,,,),\"\")","v":""}]
[{"$nulls":9},{"$f":"IF(AND(NOT(ISBLANK(SubcategoriesTable[[#This Row],[Category name]])),NOT(ISERROR(_xlfn.XLOOKUP(SubcategoriesTable[[#This Row],[Category name]],CategoryNames,CategoryNames,,,)))),_xlfn.XLOOKUP(SubcategoriesTable[[#This Row],[Category name]],CategoryNames,CategoryIdentifiers,,,),\"\")","v":""}]
[{"$nulls":9},{"$f":"IF(AND(NOT(ISBLANK(SubcategoriesTable[[#This Row],[Category name]])),NOT(ISERROR(_xlfn.XLOOKUP(SubcategoriesTable[[#This Row],[Category name]],CategoryNames,CategoryNames,,,)))),_xlfn.XLOOKUP(SubcategoriesTable[[#This Row],[Category name]],CategoryNames,CategoryIdentifiers,,,),\"\")","v":""}]
[{"$nulls":9},{"$f":"IF(AND(NOT(ISBLANK(SubcategoriesTable[[#This Row],[Category name]])),NOT(ISERROR(_xlfn.XLOOKUP(SubcategoriesTable[[#This Row],[Category name]],CategoryNames,CategoryNames,,,)))),_xlfn.XLOOKUP(SubcategoriesTable[[#This Row],[Category name]],CategoryNames,CategoryIdentifiers,,,),\"\")","v":""}]
[{"$nulls":9},{"$f":"IF(AND(NOT(ISBLANK(SubcategoriesTable[[#This Row],[Category name]])),NOT(ISERROR(_xlfn.XLOOKUP(SubcategoriesTable[[#This Row],[Category name]],CategoryNames,CategoryNames,,,)))),_xlfn.XLOOKUP(SubcategoriesTable[[#This Row],[Category name]],CategoryNames,CategoryIdentifiers,,,),\"\")","v":""}]
[{"$nulls":9},{"$f":"IF(AND(NOT(ISBLANK(SubcategoriesTable[[#This Row],[Category name]])),NOT(ISERROR(_xlfn.XLOOKUP(SubcategoriesTable[[#This Row],[Category name]],CategoryNames,CategoryNames,,,)))),_xlfn.XLOOKUP(SubcategoriesTable[[#This Row],[Category name]],CategoryNames,CategoryIdentifiers,,,),\"\")","v":""}]
[{"$nulls":9},{"$f":"IF(AND(NOT(ISBLANK(SubcategoriesTable[[#This Row],[Category name]])),NOT(ISERROR(_xlfn.XLOOKUP(SubcategoriesTable[[#This Row],[Category name]],CategoryNames,CategoryNames,,,)))),_xlfn.XLOOKUP(SubcategoriesTable[[#This Row],[Category name]],CategoryNames,CategoryIdentifiers,,,),\"\")","v":""}]
[{"$nulls":9},{"$f":"IF(AND(NOT(ISBLANK(SubcategoriesTable[[#This Row],[Category name]])),NOT(ISERROR(_xlfn.XLOOKUP(SubcategoriesTable[[#This Row],[Category name]],CategoryNames,CategoryNames,,,)))),_xlfn.XLOOKUP(SubcategoriesTable[[#This Row],[Category name]],CategoryNames,CategoryIdentifiers,,,),\"\")","v":""}]
[{"$nulls":4},false,{"$nulls":4},{"$f":"IF(AND(NOT(ISBLANK(SubcategoriesTable[[#This Row],[Category name]])),NOT(ISERROR(_xlfn.XLOOKUP(SubcategoriesTable[[#This Row],[Category name]],CategoryNames,CategoryNames,,,)))),_xlfn.XLOOKUP(SubcategoriesTable[[#This Row],[Category name]],CategoryNames,CategoryIdentifiers,,,),\"\")","v":""}]
[{"$nulls":4},false,{"$nulls":4},{"$f":"IF(AND(NOT(ISBLANK(SubcategoriesTable[[#This Row],[Category name]])),NOT(ISERROR(_xlfn.XLOOKUP(SubcategoriesTable[[#This Row],[Category name]],CategoryNames,CategoryNames,,,)))),_xlfn.XLOOKUP(SubcategoriesTable[[#This Row],[Category name]],CategoryNames,CategoryIdentifiers,,,),\"\")","v":""}]
[{"$nulls":4},false,{"$nulls":4},{"$f":"IF(AND(NOT(ISBLANK(SubcategoriesTable[[#This Row],[Category name]])),NOT(ISERROR(_xlfn.XLOOKUP(SubcategoriesTable[[#This Row],[Category name]],CategoryNames,CategoryNames,,,)))),_xlfn.XLOOKUP(SubcategoriesTable[[#This Row],[Category name]],CategoryNames,CategoryIdentifiers,,,),\"\")","v":""}]
[{"$nulls":4},false,{"$nulls":4},{"$f":"IF(AND(NOT(ISBLANK(SubcategoriesTable[[#This Row],[Category name]])),NOT(ISERROR(_xlfn.XLOOKUP(SubcategoriesTable[[#This Row],[Category name]],CategoryNames,CategoryNames,,,)))),_xlfn.XLOOKUP(SubcategoriesTable[[#This Row],[Category name]],CategoryNames,CategoryIdentifiers,,,),\"\")","v":""}]
[{"$nulls":4},false,{"$nulls":4},{"$f":"IF(AND(NOT(ISBLANK(SubcategoriesTable[[#This Row],[Category name]])),NOT(ISERROR(_xlfn.XLOOKUP(SubcategoriesTable[[#This Row],[Category name]],CategoryNames,CategoryNames,,,)))),_xlfn.XLOOKUP(SubcategoriesTable[[#This Row],[Category name]],CategoryNames,CategoryIdentifiers,,,),\"\")","v":""}]
[{"$nulls":4},false,{"$nulls":4},{"$f":"IF(AND(NOT(ISBLANK(SubcategoriesTable[[#This Row],[Category name]])),NOT(ISERROR(_xlfn.XLOOKUP(SubcategoriesTable[[#This Row],[Category name]],CategoryNames,CategoryNames,,,)))),_xlfn.XLOOKUP(SubcategoriesTable[[#This Row],[Category name]],CategoryNames,CategoryIdentifiers,,,),\"\")","v":""}]
[{"$nulls":4},false,{"$nulls":4},{"$f":"IF(AND(NOT(ISBLANK(SubcategoriesTable[[#This Row],[Category name]])),NOT(ISERROR(_xlfn.XLOOKUP(SubcategoriesTable[[#This Row],[Category name]],CategoryNames,CategoryNames,,,)))),_xlfn.XLOOKUP(SubcategoriesTable[[#This Row],[Category name]],CategoryNames,CategoryIdentifiers,,,),\"\")","v":""}]
[{"$nulls":4},false,{"$nulls":4},{"$f":"IF(AND(NOT(ISBLANK(SubcategoriesTable[[#This Row],[Category name]])),NOT(ISERROR(_xlfn.XLOOKUP(SubcategoriesTable[[#This Row],[Category name]],CategoryNames,CategoryNames,,,)))),_xlfn.XLOOKUP(SubcategoriesTable[[#This Row],[Category name]],CategoryNames,CategoryIdentifiers,,,),\"\")","v":""}]
[{"$nulls":4},false,{"$nulls":4},{"$f":"IF(AND(NOT(ISBLANK(SubcategoriesTable[[#This Row],[Category name]])),NOT(ISERROR(_xlfn.XLOOKUP(SubcategoriesTable[[#This Row],[Category name]],CategoryNames,CategoryNames,,,)))),_xlfn.XLOOKUP(SubcategoriesTable[[#This Row],[Category name]],CategoryNames,CategoryIdentifiers,,,),\"\")","v":""}]
[{"$nulls":4},false,{"$nulls":4},{"$f":"IF(AND(NOT(ISBLANK(SubcategoriesTable[[#This Row],[Category name]])),NOT(ISERROR(_xlfn.XLOOKUP(SubcategoriesTable[[#This Row],[Category name]],CategoryNames,CategoryNames,,,)))),_xlfn.XLOOKUP(SubcategoriesTable[[#This Row],[Category name]],CategoryNames,CategoryIdentifiers,,,),\"\")","v":""}]
[{"$nulls":4},false,{"$nulls":4},{"$f":"IF(AND(NOT(ISBLANK(SubcategoriesTable[[#This Row],[Category name]])),NOT(ISERROR(_xlfn.XLOOKUP(SubcategoriesTable[[#This Row],[Category name]],CategoryNames,CategoryNames,,,)))),_xlfn.XLOOKUP(SubcategoriesTable[[#This Row],[Category name]],CategoryNames,CategoryIdentifiers,,,),\"\")","v":""}]
[{"$nulls":4},false,{"$nulls":4},{"$f":"IF(AND(NOT(ISBLANK(SubcategoriesTable[[#This Row],[Category name]])),NOT(ISERROR(_xlfn.XLOOKUP(SubcategoriesTable[[#This Row],[Category name]],CategoryNames,CategoryNames,,,)))),_xlfn.XLOOKUP(SubcategoriesTable[[#This Row],[Category name]],CategoryNames,CategoryIdentifiers,,,),\"\")","v":""}]
[{"$nulls":4},false,{"$nulls":4},{"$f":"IF(AND(NOT(ISBLANK(SubcategoriesTable[[#This Row],[Category name]])),NOT(ISERROR(_xlfn.XLOOKUP(SubcategoriesTable[[#This Row],[Category name]],CategoryNames,CategoryNames,,,)))),_xlfn.XLOOKUP(SubcategoriesTable[[#This Row],[Category name]],CategoryNames,CategoryIdentifiers,,,),\"\")","v":""}]
[{"$nulls":4},false,{"$nulls":4},{"$f":"IF(AND(NOT(ISBLANK(SubcategoriesTable[[#This Row],[Category name]])),NOT(ISERROR(_xlfn.XLOOKUP(SubcategoriesTable[[#This Row],[Category name]],CategoryNames,CategoryNames,,,)))),_xlfn.XLOOKUP(SubcategoriesTable[[#This Row],[Category name]],CategoryNames,CategoryIdentifiers,,,),\"\")","v":""}]
[{"$nulls":4},false,{"$nulls":4},{"$f":"IF(AND(NOT(ISBLANK(SubcategoriesTable[[#This Row],[Category name]])),NOT(ISERROR(_xlfn.XLOOKUP(SubcategoriesTable[[#This Row],[Category name]],CategoryNames,CategoryNames,,,)))),_xlfn.XLOOKUP(SubcategoriesTable[[#This Row],[Category name]],CategoryNames,CategoryIdentifiers,,,),\"\")","v":""}]
[{"$nulls":4},false,{"$nulls":4},{"$f":"IF(AND(NOT(ISBLANK(SubcategoriesTable[[#This Row],[Category name]])),NOT(ISERROR(_xlfn.XLOOKUP(SubcategoriesTable[[#This Row],[Category name]],CategoryNames,CategoryNames,,,)))),_xlfn.XLOOKUP(SubcategoriesTable[[#This Row],[Category name]],CategoryNames,CategoryIdentifiers,,,),\"\")","v":""}]
[{"$nulls":4},false,{"$nulls":4},{"$f":"IF(AND(NOT(ISBLANK(SubcategoriesTable[[#This Row],[Category name]])),NOT(ISERROR(_xlfn.XLOOKUP(SubcategoriesTable[[#This Row],[Category name]],CategoryNames,CategoryNames,,,)))),_xlfn.XLOOKUP(SubcategoriesTable[[#This Row],[Category name]],CategoryNames,CategoryIdentifiers,,,),\"\")","v":""}]
[{"$nulls":4},false,{"$nulls":4},{"$f":"IF(AND(NOT(ISBLANK(SubcategoriesTable[[#This Row],[Category name]])),NOT(ISERROR(_xlfn.XLOOKUP(SubcategoriesTable[[#This Row],[Category name]],CategoryNames,CategoryNames,,,)))),_xlfn.XLOOKUP(SubcategoriesTable[[#This Row],[Category name]],CategoryNames,CategoryIdentifiers,,,),\"\")","v":""}]
[{"$nulls":4},false,{"$nulls":4},{"$f":"IF(AND(NOT(ISBLANK(SubcategoriesTable[[#This Row],[Category name]])),NOT(ISERROR(_xlfn.XLOOKUP(SubcategoriesTable[[#This Row],[Category name]],CategoryNames,CategoryNames,,,)))),_xlfn.XLOOKUP(SubcategoriesTable[[#This Row],[Category name]],CategoryNames,CategoryIdentifiers,,,),\"\")","v":""}]
[{"$nulls":4},false,{"$nulls":4},{"$f":"IF(AND(NOT(ISBLANK(SubcategoriesTable[[#This Row],[Category name]])),NOT(ISERROR(_xlfn.XLOOKUP(SubcategoriesTable[[#This Row],[Category name]],CategoryNames,CategoryNames,,,)))),_xlfn.XLOOKUP(SubcategoriesTable[[#This Row],[Category name]],CategoryNames,CategoryIdentifiers,,,),\"\")","v":""}]
[{"$nulls":4},false,{"$nulls":4},{"$f":"IF(AND(NOT(ISBLANK(SubcategoriesTable[[#This Row],[Category name]])),NOT(ISERROR(_xlfn.XLOOKUP(SubcategoriesTable[[#This Row],[Category name]],CategoryNames,CategoryNames,,,)))),_xlfn.XLOOKUP(SubcategoriesTable[[#This Row],[Category name]],CategoryNames,CategoryIdentifiers,,,),\"\")","v":""}]
[{"$nulls":4},false,{"$nulls":4},{"$f":"IF(AND(NOT(ISBLANK(SubcategoriesTable[[#This Row],[Category name]])),NOT(ISERROR(_xlfn.XLOOKUP(SubcategoriesTable[[#This Row],[Category name]],CategoryNames,CategoryNames,,,)))),_xlfn.XLOOKUP(SubcategoriesTable[[#This Row],[Category name]],CategoryNames,CategoryIdentifiers,,,),\"\")","v":""}]
[{"$nulls":4},false,{"$nulls":4},{"$f":"IF(AND(NOT(ISBLANK(SubcategoriesTable[[#This Row],[Category name]])),NOT(ISERROR(_xlfn.XLOOKUP(SubcategoriesTable[[#This Row],[Category name]],CategoryNames,CategoryNames,,,)))),_xlfn.XLOOKUP(SubcategoriesTable[[#This Row],[Category name]],CategoryNames,CategoryIdentifiers,,,),\"\")","v":""}]
[{"$nulls":4},false,{"$nulls":4},{"$f":"IF(AND(NOT(ISBLANK(SubcategoriesTable[[#This Row],[Category name]])),NOT(ISERROR(_xlfn.XLOOKUP(SubcategoriesTable[[#This Row],[Category name]],CategoryNames,CategoryNames,,,)))),_xlfn.XLOOKUP(SubcategoriesTable[[#This Row],[Category name]],CategoryNames,CategoryIdentifiers,,,),\"\")","v":""}]
[{"$nulls":4},false,{"$nulls":4},{"$f":"IF(AND(NOT(ISBLANK(SubcategoriesTable[[#This Row],[Category name]])),NOT(ISERROR(_xlfn.XLOOKUP(SubcategoriesTable[[#This Row],[Category name]],CategoryNames,CategoryNames,,,)))),_xlfn.XLOOKUP(SubcategoriesTable[[#This Row],[Category name]],CategoryNames,CategoryIdentifiers,,,),\"\")","v":""}]
[{"$nulls":4},false,{"$nulls":4},{"$f":"IF(AND(NOT(ISBLANK(SubcategoriesTable[[#This Row],[Category name]])),NOT(ISERROR(_xlfn.XLOOKUP(SubcategoriesTable[[#This Row],[Category name]],CategoryNames,CategoryNames,,,)))),_xlfn.XLOOKUP(SubcategoriesTable[[#This Row],[Category name]],CategoryNames,CategoryIdentifiers,,,),\"\")","v":""}]
[{"$nulls":4},false,{"$nulls":4},{"$f":"IF(AND(NOT(ISBLANK(SubcategoriesTable[[#This Row],[Category name]])),NOT(ISERROR(_xlfn.XLOOKUP(SubcategoriesTable[[#This Row],[Category name]],CategoryNames,CategoryNames,,,)))),_xlfn.XLOOKUP(SubcategoriesTable[[#This Row],[Category name]],CategoryNames,CategoryIdentifiers,,,),\"\")","v":""}]
[{"$nulls":4},false,{"$nulls":4},{"$f":"IF(AND(NOT(ISBLANK(SubcategoriesTable[[#This Row],[Category name]])),NOT(ISERROR(_xlfn.XLOOKUP(SubcategoriesTable[[#This Row],[Category name]],CategoryNames,CategoryNames,,,)))),_xlfn.XLOOKUP(SubcategoriesTable[[#This Row],[Category name]],CategoryNames,CategoryIdentifiers,,,),\"\")","v":""}]
[{"$nulls":4},false,{"$nulls":4},{"$f":"IF(AND(NOT(ISBLANK(SubcategoriesTable[[#This Row],[Category name]])),NOT(ISERROR(_xlfn.XLOOKUP(SubcategoriesTable[[#This Row],[Category name]],CategoryNames,CategoryNames,,,)))),_xlfn.XLOOKUP(SubcategoriesTable[[#This Row],[Category name]],CategoryNames,CategoryIdentifiers,,,),\"\")","v":""}]
[{"$nulls":4},false,{"$nulls":4},{"$f":"IF(AND(NOT(ISBLANK(SubcategoriesTable[[#This Row],[Category name]])),NOT(ISERROR(_xlfn.XLOOKUP(SubcategoriesTable[[#This Row],[Category name]],CategoryNames,CategoryNames,,,)))),_xlfn.XLOOKUP(SubcategoriesTable[[#This Row],[Category name]],CategoryNames,CategoryIdentifiers,,,),\"\")","v":""}]
[{"$nulls":4},false,{"$nulls":4},{"$f":"IF(AND(NOT(ISBLANK(SubcategoriesTable[[#This Row],[Category name]])),NOT(ISERROR(_xlfn.XLOOKUP(SubcategoriesTable[[#This Row],[Category name]],CategoryNames,CategoryNames,,,)))),_xlfn.XLOOKUP(SubcategoriesTable[[#This Row],[Category name]],CategoryNames,CategoryIdentifiers,,,),\"\")","v":""}]
[{"$nulls":4},false,{"$nulls":4},{"$f":"IF(AND(NOT(ISBLANK(SubcategoriesTable[[#This Row],[Category name]])),NOT(ISERROR(_xlfn.XLOOKUP(SubcategoriesTable[[#This Row],[Category name]],CategoryNames,CategoryNames,,,)))),_xlfn.XLOOKUP(SubcategoriesTable[[#This Row],[Category name]],CategoryNames,CategoryIdentifiers,,,),\"\")","v":""}]
[{"$nulls":4},false,{"$nulls":4},{"$f":"IF(AND(NOT(ISBLANK(SubcategoriesTable[[#This Row],[Category name]])),NOT(ISERROR(_xlfn.XLOOKUP(SubcategoriesTable[[#This Row],[Category name]],CategoryNames,CategoryNames,,,)))),_xlfn.XLOOKUP(SubcategoriesTable[[#This Row],[Category name]],CategoryNames,CategoryIdentifiers,,,),\"\")","v":""}]
[{"$nulls":4},false,{"$nulls":4},{"$f":"IF(AND(NOT(ISBLANK(SubcategoriesTable[[#This Row],[Category name]])),NOT(ISERROR(_xlfn.XLOOKUP(SubcategoriesTable[[#This Row],[Category name]],CategoryNames,CategoryNames,,,)))),_xlfn.XLOOKUP(SubcategoriesTable[[#This Row],[Category name]],CategoryNames,CategoryIdentifiers,,,),\"\")","v":""}]
[{"$nulls":4},false,{"$nulls":4},{"$f":"IF(AND(NOT(ISBLANK(SubcategoriesTable[[#This Row],[Category name]])),NOT(ISERROR(_xlfn.XLOOKUP(SubcategoriesTable[[#This Row],[Category name]],CategoryNames,CategoryNames,,,)))),_xlfn.XLOOKUP(SubcategoriesTable[[#This Row],[Category name]],CategoryNames,CategoryIdentifiers,,,),\"\")","v":""}]
[{"$nulls":4},false,{"$nulls":4},{"$f":"IF(AND(NOT(ISBLANK(SubcategoriesTable[[#This Row],[Category name]])),NOT(ISERROR(_xlfn.XLOOKUP(SubcategoriesTable[[#This Row],[Category name]],CategoryNames,CategoryNames,,,)))),_xlfn.XLOOKUP(SubcategoriesTable[[#This Row],[Category name]],CategoryNames,CategoryIdentifiers,,,),\"\")","v":""}]
[{"$nulls":4},false,{"$nulls":4},{"$f":"IF(AND(NOT(ISBLANK(SubcategoriesTable[[#This Row],[Category name]])),NOT(ISERROR(_xlfn.XLOOKUP(SubcategoriesTable[[#This Row],[Category name]],CategoryNames,CategoryNames,,,)))),_xlfn.XLOOKUP(SubcategoriesTable[[#This Row],[Category name]],CategoryNames,CategoryIdentifiers,,,),\"\")","v":""}]
[{"$nulls":4},false,{"$nulls":4},{"$f":"IF(AND(NOT(ISBLANK(SubcategoriesTable[[#This Row],[Category name]])),NOT(ISERROR(_xlfn.XLOOKUP(SubcategoriesTable[[#This Row],[Category name]],CategoryNames,CategoryNames,,,)))),_xlfn.XLOOKUP(SubcategoriesTable[[#This Row],[Category name]],CategoryNames,CategoryIdentifiers,,,),\"\")","v":""}]
[{"$nulls":4},false,{"$nulls":4},{"$f":"IF(AND(NOT(ISBLANK(SubcategoriesTable[[#This Row],[Category name]])),NOT(ISERROR(_xlfn.XLOOKUP(SubcategoriesTable[[#This Row],[Category name]],CategoryNames,CategoryNames,,,)))),_xlfn.XLOOKUP(SubcategoriesTable[[#This Row],[Category name]],CategoryNames,CategoryIdentifiers,,,),\"\")","v":""}]
[{"$nulls":4},false,{"$nulls":4},{"$f":"IF(AND(NOT(ISBLANK(SubcategoriesTable[[#This Row],[Category name]])),NOT(ISERROR(_xlfn.XLOOKUP(SubcategoriesTable[[#This Row],[Category name]],CategoryNames,CategoryNames,,,)))),_xlfn.XLOOKUP(SubcategoriesTable[[#This Row],[Category name]],CategoryNames,CategoryIdentifiers,,,),\"\")","v":""}]
[{"$nulls":4},false,{"$nulls":4},{"$f":"IF(AND(NOT(ISBLANK(SubcategoriesTable[[#This Row],[Category name]])),NOT(ISERROR(_xlfn.XLOOKUP(SubcategoriesTable[[#This Row],[Category name]],CategoryNames,CategoryNames,,,)))),_xlfn.XLOOKUP(SubcategoriesTable[[#This Row],[Category name]],CategoryNames,CategoryIdentifiers,,,),\"\")","v":""}]
[{"$nulls":4},false,{"$nulls":4},{"$f":"IF(AND(NOT(ISBLANK(SubcategoriesTable[[#This Row],[Category name]])),NOT(ISERROR(_xlfn.XLOOKUP(SubcategoriesTable[[#This Row],[Category name]],CategoryNames,CategoryNames,,,)))),_xlfn.XLOOKUP(SubcategoriesTable[[#This Row],[Category name]],CategoryNames,CategoryIdentifiers,,,),\"\")","v":""}]
[{"$nulls":4},false,{"$nulls":4},{"$f":"IF(AND(NOT(ISBLANK(SubcategoriesTable[[#This Row],[Category name]])),NOT(ISERROR(_xlfn.XLOOKUP(SubcategoriesTable[[#This Row],[Category name]],CategoryNames,CategoryNames,,,)))),_xlfn.XLOOKUP(SubcategoriesTable[[#This Row],[Category name]],CategoryNames,CategoryIdentifiers,,,),\"\")","v":""}]
[{"$nulls":4},false,{"$nulls":4},{"$f":"IF(AND(NOT(ISBLANK(SubcategoriesTable[[#This Row],[Category name]])),NOT(ISERROR(_xlfn.XLOOKUP(SubcategoriesTable[[#This Row],[Category name]],CategoryNames,CategoryNames,,,)))),_xlfn.XLOOKUP(SubcategoriesTable[[#This Row],[Category name]],CategoryNames,CategoryIdentifiers,,,),\"\")","v":""}]
[{"$nulls":4},false,{"$nulls":4},{"$f":"IF(AND(NOT(ISBLANK(SubcategoriesTable[[#This Row],[Category name]])),NOT(ISERROR(_xlfn.XLOOKUP(SubcategoriesTable[[#This Row],[Category name]],CategoryNames,CategoryNames,,,)))),_xlfn.XLOOKUP(SubcategoriesTable[[#This Row],[Category name]],CategoryNames,CategoryIdentifiers,,,),\"\")","v":""}]
[{"$nulls":4},false,{"$nulls":4},{"$f":"IF(AND(NOT(ISBLANK(SubcategoriesTable[[#This Row],[Category name]])),NOT(ISERROR(_xlfn.XLOOKUP(SubcategoriesTable[[#This Row],[Category name]],CategoryNames,CategoryNames,,,)))),_xlfn.XLOOKUP(SubcategoriesTable[[#This Row],[Category name]],CategoryNames,CategoryIdentifiers,,,),\"\")","v":""}]
[{"$nulls":4},false,{"$nulls":4},{"$f":"IF(AND(NOT(ISBLANK(SubcategoriesTable[[#This Row],[Category name]])),NOT(ISERROR(_xlfn.XLOOKUP(SubcategoriesTable[[#This Row],[Category name]],CategoryNames,CategoryNames,,,)))),_xlfn.XLOOKUP(SubcategoriesTable[[#This Row],[Category name]],CategoryNames,CategoryIdentifiers,,,),\"\")","v":""}]
[{"$nulls":4},false,{"$nulls":4},{"$f":"IF(AND(NOT(ISBLANK(SubcategoriesTable[[#This Row],[Category name]])),NOT(ISERROR(_xlfn.XLOOKUP(SubcategoriesTable[[#This Row],[Category name]],CategoryNames,CategoryNames,,,)))),_xlfn.XLOOKUP(SubcategoriesTable[[#This Row],[Category name]],CategoryNames,CategoryIdentifiers,,,),\"\")","v":""}]
[{"$nulls":4},false,{"$nulls":4},{"$f":"IF(AND(NOT(ISBLANK(SubcategoriesTable[[#This Row],[Category name]])),NOT(ISERROR(_xlfn.XLOOKUP(SubcategoriesTable[[#This Row],[Category name]],CategoryNames,CategoryNames,,,)))),_xlfn.XLOOKUP(SubcategoriesTable[[#This Row],[Category name]],CategoryNames,CategoryIdentifiers,,,),\"\")","v":""}]
[{"$nulls":4},false,{"$nulls":4},{"$f":"IF(AND(NOT(ISBLANK(SubcategoriesTable[[#This Row],[Category name]])),NOT(ISERROR(_xlfn.XLOOKUP(SubcategoriesTable[[#This Row],[Category name]],CategoryNames,CategoryNames,,,)))),_xlfn.XLOOKUP(SubcategoriesTable[[#This Row],[Category name]],CategoryNames,CategoryIdentifiers,,,),\"\")","v":""}]
[{"$nulls":4},false,{"$nulls":4},{"$f":"IF(AND(NOT(ISBLANK(SubcategoriesTable[[#This Row],[Category name]])),NOT(ISERROR(_xlfn.XLOOKUP(SubcategoriesTable[[#This Row],[Category name]],CategoryNames,CategoryNames,,,)))),_xlfn.XLOOKUP(SubcategoriesTable[[#This Row],[Category name]],CategoryNames,CategoryIdentifiers,,,),\"\")","v":""}]
[{"$nulls":4},false,{"$nulls":4},{"$f":"IF(AND(NOT(ISBLANK(SubcategoriesTable[[#This Row],[Category name]])),NOT(ISERROR(_xlfn.XLOOKUP(SubcategoriesTable[[#This Row],[Category name]],CategoryNames,CategoryNames,,,)))),_xlfn.XLOOKUP(SubcategoriesTable[[#This Row],[Category name]],CategoryNames,CategoryIdentifiers,,,),\"\")","v":""}]
[{"$nulls":4},false,{"$nulls":4},{"$f":"IF(AND(NOT(ISBLANK(SubcategoriesTable[[#This Row],[Category name]])),NOT(ISERROR(_xlfn.XLOOKUP(SubcategoriesTable[[#This Row],[Category name]],CategoryNames,CategoryNames,,,)))),_xlfn.XLOOKUP(SubcategoriesTable[[#This Row],[Category name]],CategoryNames,CategoryIdentifiers,,,),\"\")","v":""}]
[{"$nulls":4},false,{"$nulls":4},{"$f":"IF(AND(NOT(ISBLANK(SubcategoriesTable[[#This Row],[Category name]])),NOT(ISERROR(_xlfn.XLOOKUP(SubcategoriesTable[[#This Row],[Category name]],CategoryNames,CategoryNames,,,)))),_xlfn.XLOOKUP(SubcategoriesTable[[#This Row],[Category name]],CategoryNames,CategoryIdentifiers,,,),\"\")","v":""}]
[{"$nulls":4},false,{"$nulls":4},{"$f":"IF(AND(NOT(ISBLANK(SubcategoriesTable[[#This Row],[Category name]])),NOT(ISERROR(_xlfn.XLOOKUP(SubcategoriesTable[[#This Row],[Category name]],CategoryNames,CategoryNames,,,)))),_xlfn.XLOOKUP(SubcategoriesTable[[#This Row],[Category name]],CategoryNames,CategoryIdentifiers,,,),\"\")","v":""}]
[{"$nulls":4},false,{"$nulls":4},{"$f":"IF(AND(NOT(ISBLANK(SubcategoriesTable[[#This Row],[Category name]])),NOT(ISERROR(_xlfn.XLOOKUP(SubcategoriesTable[[#This Row],[Category name]],CategoryNames,CategoryNames,,,)))),_xlfn.XLOOKUP(SubcategoriesTable[[#This Row],[Category name]],CategoryNames,CategoryIdentifiers,,,),\"\")","v":""}]
[{"$nulls":4},false,{"$nulls":4},{"$f":"IF(AND(NOT(ISBLANK(SubcategoriesTable[[#This Row],[Category name]])),NOT(ISERROR(_xlfn.XLOOKUP(SubcategoriesTable[[#This Row],[Category name]],CategoryNames,CategoryNames,,,)))),_xlfn.XLOOKUP(SubcategoriesTable[[#This Row],[Category name]],CategoryNames,CategoryIdentifiers,,,),\"\")","v":""}]
[{"$nulls":4},false,{"$nulls":4},{"$f":"IF(AND(NOT(ISBLANK(SubcategoriesTable[[#This Row],[Category name]])),NOT(ISERROR(_xlfn.XLOOKUP(SubcategoriesTable[[#This Row],[Category name]],CategoryNames,CategoryNames,,,)))),_xlfn.XLOOKUP(SubcategoriesTable[[#This Row],[Category name]],CategoryNames,CategoryIdentifiers,,,),\"\")","v":""}]
[{"$nulls":4},false,{"$nulls":4},{"$f":"IF(AND(NOT(ISBLANK(SubcategoriesTable[[#This Row],[Category name]])),NOT(ISERROR(_xlfn.XLOOKUP(SubcategoriesTable[[#This Row],[Category name]],CategoryNames,CategoryNames,,,)))),_xlfn.XLOOKUP(SubcategoriesTable[[#This Row],[Category name]],CategoryNames,CategoryIdentifiers,,,),\"\")","v":""}]
[{"$nulls":4},false,{"$nulls":4},{"$f":"IF(AND(NOT(ISBLANK(SubcategoriesTable[[#This Row],[Category name]])),NOT(ISERROR(_xlfn.XLOOKUP(SubcategoriesTable[[#This Row],[Category name]],CategoryNames,CategoryNames,,,)))),_xlfn.XLOOKUP(SubcategoriesTable[[#This Row],[Category name]],CategoryNames,CategoryIdentifiers,,,),\"\")","v":""}]
[{"$nulls":4},false,{"$nulls":4},{"$f":"IF(AND(NOT(ISBLANK(SubcategoriesTable[[#This Row],[Category name]])),NOT(ISERROR(_xlfn.XLOOKUP(SubcategoriesTable[[#This Row],[Category name]],CategoryNames,CategoryNames,,,)))),_xlfn.XLOOKUP(SubcategoriesTable[[#This Row],[Category name]],CategoryNames,CategoryIdentifiers,,,),\"\")","v":""}]
[{"$nulls":4},false,{"$nulls":4},{"$f":"IF(AND(NOT(ISBLANK(SubcategoriesTable[[#This Row],[Category name]])),NOT(ISERROR(_xlfn.XLOOKUP(SubcategoriesTable[[#This Row],[Category name]],CategoryNames,CategoryNames,,,)))),_xlfn.XLOOKUP(SubcategoriesTable[[#This Row],[Category name]],CategoryNames,CategoryIdentifiers,,,),\"\")","v":""}]
[{"$nulls":4},false,{"$nulls":4},{"$f":"IF(AND(NOT(ISBLANK(SubcategoriesTable[[#This Row],[Category name]])),NOT(ISERROR(_xlfn.XLOOKUP(SubcategoriesTable[[#This Row],[Category name]],CategoryNames,CategoryNames,,,)))),_xlfn.XLOOKUP(SubcategoriesTable[[#This Row],[Category name]],CategoryNames,CategoryIdentifiers,,,),\"\")","v":""}]
[{"$nulls":4},false,{"$nulls":4},{"$f":"IF(AND(NOT(ISBLANK(SubcategoriesTable[[#This Row],[Category name]])),NOT(ISERROR(_xlfn.XLOOKUP(SubcategoriesTable[[#This Row],[Category name]],CategoryNames,CategoryNames,,,)))),_xlfn.XLOOKUP(SubcategoriesTable[[#This Row],[Category name]],CategoryNames,CategoryIdentifiers,,,),\"\")","v":""}]
[{"$nulls":4},false,{"$nulls":4},{"$f":"IF(AND(NOT(ISBLANK(SubcategoriesTable[[#This Row],[Category name]])),NOT(ISERROR(_xlfn.XLOOKUP(SubcategoriesTable[[#This Row],[Category name]],CategoryNames,CategoryNames,,,)))),_xlfn.XLOOKUP(SubcategoriesTable[[#This Row],[Category name]],CategoryNames,CategoryIdentifiers,,,),\"\")","v":""}]
[{"$nulls":4},false,{"$nulls":4},{"$f":"IF(AND(NOT(ISBLANK(SubcategoriesTable[[#This Row],[Category name]])),NOT(ISERROR(_xlfn.XLOOKUP(SubcategoriesTable[[#This Row],[Category name]],CategoryNames,CategoryNames,,,)))),_xlfn.XLOOKUP(SubcategoriesTable[[#This Row],[Category name]],CategoryNames,CategoryIdentifiers,,,),\"\")","v":""}]
[{"$nulls":4},false,{"$nulls":4},{"$f":"IF(AND(NOT(ISBLANK(SubcategoriesTable[[#This Row],[Category name]])),NOT(ISERROR(_xlfn.XLOOKUP(SubcategoriesTable[[#This Row],[Category name]],CategoryNames,CategoryNames,,,)))),_xlfn.XLOOKUP(SubcategoriesTable[[#This Row],[Category name]],CategoryNames,CategoryIdentifiers,,,),\"\")","v":""}]
[{"$nulls":4},false,{"$nulls":4},{"$f":"IF(AND(NOT(ISBLANK(SubcategoriesTable[[#This Row],[Category name]])),NOT(ISERROR(_xlfn.XLOOKUP(SubcategoriesTable[[#This Row],[Category name]],CategoryNames,CategoryNames,,,)))),_xlfn.XLOOKUP(SubcategoriesTable[[#This Row],[Category name]],CategoryNames,CategoryIdentifiers,,,),\"\")","v":""}]
[{"$nulls":4},false,{"$nulls":4},{"$f":"IF(AND(NOT(ISBLANK(SubcategoriesTable[[#This Row],[Category name]])),NOT(ISERROR(_xlfn.XLOOKUP(SubcategoriesTable[[#This Row],[Category name]],CategoryNames,CategoryNames,,,)))),_xlfn.XLOOKUP(SubcategoriesTable[[#This Row],[Category name]],CategoryNames,CategoryIdentifiers,,,),\"\")","v":""}]
[{"$nulls":4},false,{"$nulls":4},{"$f":"IF(AND(NOT(ISBLANK(SubcategoriesTable[[#This Row],[Category name]])),NOT(ISERROR(_xlfn.XLOOKUP(SubcategoriesTable[[#This Row],[Category name]],CategoryNames,CategoryNames,,,)))),_xlfn.XLOOKUP(SubcategoriesTable[[#This Row],[Category name]],CategoryNames,CategoryIdentifiers,,,),\"\")","v":""}]
[{"$nulls":4},false,{"$nulls":4},{"$f":"IF(AND(NOT(ISBLANK(SubcategoriesTable[[#This Row],[Category name]])),NOT(ISERROR(_xlfn.XLOOKUP(SubcategoriesTable[[#This Row],[Category name]],CategoryNames,CategoryNames,,,)))),_xlfn.XLOOKUP(SubcategoriesTable[[#This Row],[Category name]],CategoryNames,CategoryIdentifiers,,,),\"\")","v":""}]
[{"$nulls":4},false,{"$nulls":4},{"$f":"IF(AND(NOT(ISBLANK(SubcategoriesTable[[#This Row],[Category name]])),NOT(ISERROR(_xlfn.XLOOKUP(SubcategoriesTable[[#This Row],[Category name]],CategoryNames,CategoryNames,,,)))),_xlfn.XLOOKUP(SubcategoriesTable[[#This Row],[Category name]],CategoryNames,CategoryIdentifiers,,,),\"\")","v":""}]
[{"$nulls":4},false,{"$nulls":4},{"$f":"IF(AND(NOT(ISBLANK(SubcategoriesTable[[#This Row],[Category name]])),NOT(ISERROR(_xlfn.XLOOKUP(SubcategoriesTable[[#This Row],[Category name]],CategoryNames,CategoryNames,,,)))),_xlfn.XLOOKUP(SubcategoriesTable[[#This Row],[Category name]],CategoryNames,CategoryIdentifiers,,,),\"\")","v":""}]
[{"$nulls":4},false,{"$nulls":4},{"$f":"IF(AND(NOT(ISBLANK(SubcategoriesTable[[#This Row],[Category name]])),NOT(ISERROR(_xlfn.XLOOKUP(SubcategoriesTable[[#This Row],[Category name]],CategoryNames,CategoryNames,,,)))),_xlfn.XLOOKUP(SubcategoriesTable[[#This Row],[Category name]],CategoryNames,CategoryIdentifiers,,,),\"\")","v":""}]
[{"$nulls":4},false,{"$nulls":4},{"$f":"IF(AND(NOT(ISBLANK(SubcategoriesTable[[#This Row],[Category name]])),NOT(ISERROR(_xlfn.XLOOKUP(SubcategoriesTable[[#This Row],[Category name]],CategoryNames,CategoryNames,,,)))),_xlfn.XLOOKUP(SubcategoriesTable[[#This Row],[Category name]],CategoryNames,CategoryIdentifiers,,,),\"\")","v":""}]
[{"$nulls":9},{"$f":"IF(AND(NOT(ISBLANK(SubcategoriesTable[[#This Row],[Category name]])),NOT(ISERROR(_xlfn.XLOOKUP(SubcategoriesTable[[#This Row],[Category name]],CategoryNames,CategoryNames,,,)))),_xlfn.XLOOKUP(SubcategoriesTable[[#This Row],[Category name]],CategoryNames,CategoryIdentifiers,,,),\"\")","v":""}]
[{"$nulls":9},{"$f":"IF(AND(NOT(ISBLANK(SubcategoriesTable[[#This Row],[Category name]])),NOT(ISERROR(_xlfn.XLOOKUP(SubcategoriesTable[[#This Row],[Category name]],CategoryNames,CategoryNames,,,)))),_xlfn.XLOOKUP(SubcategoriesTable[[#This Row],[Category name]],CategoryNames,CategoryIdentifiers,,,),\"\")","v":""}]
[{"$nulls":9},{"$f":"IF(AND(NOT(ISBLANK(SubcategoriesTable[[#This Row],[Category name]])),NOT(ISERROR(_xlfn.XLOOKUP(SubcategoriesTable[[#This Row],[Category name]],CategoryNames,CategoryNames,,,)))),_xlfn.XLOOKUP(SubcategoriesTable[[#This Row],[Category name]],CategoryNames,CategoryIdentifiers,,,),\"\")","v":""}]
[{"$nulls":9},{"$f":"IF(AND(NOT(ISBLANK(SubcategoriesTable[[#This Row],[Category name]])),NOT(ISERROR(_xlfn.XLOOKUP(SubcategoriesTable[[#This Row],[Category name]],CategoryNames,CategoryNames,,,)))),_xlfn.XLOOKUP(SubcategoriesTable[[#This Row],[Category name]],CategoryNames,CategoryIdentifiers,,,),\"\")","v":""}]
[{"$nulls":9},{"$f":"IF(AND(NOT(ISBLANK(SubcategoriesTable[[#This Row],[Category name]])),NOT(ISERROR(_xlfn.XLOOKUP(SubcategoriesTable[[#This Row],[Category name]],CategoryNames,CategoryNames,,,)))),_xlfn.XLOOKUP(SubcategoriesTable[[#This Row],[Category name]],CategoryNames,CategoryIdentifiers,,,),\"\")","v":""}]
[{"$nulls":9},{"$f":"IF(AND(NOT(ISBLANK(SubcategoriesTable[[#This Row],[Category name]])),NOT(ISERROR(_xlfn.XLOOKUP(SubcategoriesTable[[#This Row],[Category name]],CategoryNames,CategoryNames,,,)))),_xlfn.XLOOKUP(SubcategoriesTable[[#This Row],[Category name]],CategoryNames,CategoryIdentifiers,,,),\"\")","v":""}]
[{"$nulls":9},{"$f":"IF(AND(NOT(ISBLANK(SubcategoriesTable[[#This Row],[Category name]])),NOT(ISERROR(_xlfn.XLOOKUP(SubcategoriesTable[[#This Row],[Category name]],CategoryNames,CategoryNames,,,)))),_xlfn.XLOOKUP(SubcategoriesTable[[#This Row],[Category name]],CategoryNames,CategoryIdentifiers,,,),\"\")","v":""}]
[{"$nulls":9},{"$f":"IF(AND(NOT(ISBLANK(SubcategoriesTable[[#This Row],[Category name]])),NOT(ISERROR(_xlfn.XLOOKUP(SubcategoriesTable[[#This Row],[Category name]],CategoryNames,CategoryNames,,,)))),_xlfn.XLOOKUP(SubcategoriesTable[[#This Row],[Category name]],CategoryNames,CategoryIdentifiers,,,),\"\")","v":""}]
[{"$nulls":9},{"$f":"IF(AND(NOT(ISBLANK(SubcategoriesTable[[#This Row],[Category name]])),NOT(ISERROR(_xlfn.XLOOKUP(SubcategoriesTable[[#This Row],[Category name]],CategoryNames,CategoryNames,,,)))),_xlfn.XLOOKUP(SubcategoriesTable[[#This Row],[Category name]],CategoryNames,CategoryIdentifiers,,,),\"\")","v":""}]
[{"$nulls":9},{"$f":"IF(AND(NOT(ISBLANK(SubcategoriesTable[[#This Row],[Category name]])),NOT(ISERROR(_xlfn.XLOOKUP(SubcategoriesTable[[#This Row],[Category name]],CategoryNames,CategoryNames,,,)))),_xlfn.XLOOKUP(SubcategoriesTable[[#This Row],[Category name]],CategoryNames,CategoryIdentifiers,,,),\"\")","v":""}]
[{"$nulls":9},{"$f":"IF(AND(NOT(ISBLANK(SubcategoriesTable[[#This Row],[Category name]])),NOT(ISERROR(_xlfn.XLOOKUP(SubcategoriesTable[[#This Row],[Category name]],CategoryNames,CategoryNames,,,)))),_xlfn.XLOOKUP(SubcategoriesTable[[#This Row],[Category name]],CategoryNames,CategoryIdentifiers,,,),\"\")","v":""}]
[{"$nulls":9},{"$f":"IF(AND(NOT(ISBLANK(SubcategoriesTable[[#This Row],[Category name]])),NOT(ISERROR(_xlfn.XLOOKUP(SubcategoriesTable[[#This Row],[Category name]],CategoryNames,CategoryNames,,,)))),_xlfn.XLOOKUP(SubcategoriesTable[[#This Row],[Category name]],CategoryNames,CategoryIdentifiers,,,),\"\")","v":""}]
[{"$nulls":9},{"$f":"IF(AND(NOT(ISBLANK(SubcategoriesTable[[#This Row],[Category name]])),NOT(ISERROR(_xlfn.XLOOKUP(SubcategoriesTable[[#This Row],[Category name]],CategoryNames,CategoryNames,,,)))),_xlfn.XLOOKUP(SubcategoriesTable[[#This Row],[Category name]],CategoryNames,CategoryIdentifiers,,,),\"\")","v":""}]
[{"$nulls":9},{"$f":"IF(AND(NOT(ISBLANK(SubcategoriesTable[[#This Row],[Category name]])),NOT(ISERROR(_xlfn.XLOOKUP(SubcategoriesTable[[#This Row],[Category name]],CategoryNames,CategoryNames,,,)))),_xlfn.XLOOKUP(SubcategoriesTable[[#This Row],[Category name]],CategoryNames,CategoryIdentifiers,,,),\"\")","v":""}]
[{"$nulls":9},{"$f":"IF(AND(NOT(ISBLANK(SubcategoriesTable[[#This Row],[Category name]])),NOT(ISERROR(_xlfn.XLOOKUP(SubcategoriesTable[[#This Row],[Category name]],CategoryNames,CategoryNames,,,)))),_xlfn.XLOOKUP(SubcategoriesTable[[#This Row],[Category name]],CategoryNames,CategoryIdentifiers,,,),\"\")","v":""}]
[{"$nulls":9},{"$f":"IF(AND(NOT(ISBLANK(SubcategoriesTable[[#This Row],[Category name]])),NOT(ISERROR(_xlfn.XLOOKUP(SubcategoriesTable[[#This Row],[Category name]],CategoryNames,CategoryNames,,,)))),_xlfn.XLOOKUP(SubcategoriesTable[[#This Row],[Category name]],CategoryNames,CategoryIdentifiers,,,),\"\")","v":""}]
[{"$nulls":9},{"$f":"IF(AND(NOT(ISBLANK(SubcategoriesTable[[#This Row],[Category name]])),NOT(ISERROR(_xlfn.XLOOKUP(SubcategoriesTable[[#This Row],[Category name]],CategoryNames,CategoryNames,,,)))),_xlfn.XLOOKUP(SubcategoriesTable[[#This Row],[Category name]],CategoryNames,CategoryIdentifiers,,,),\"\")","v":""}]
[{"$nulls":9},{"$f":"IF(AND(NOT(ISBLANK(SubcategoriesTable[[#This Row],[Category name]])),NOT(ISERROR(_xlfn.XLOOKUP(SubcategoriesTable[[#This Row],[Category name]],CategoryNames,CategoryNames,,,)))),_xlfn.XLOOKUP(SubcategoriesTable[[#This Row],[Category name]],CategoryNames,CategoryIdentifiers,,,),\"\")","v":""}]
[{"$nulls":9},{"$f":"IF(AND(NOT(ISBLANK(SubcategoriesTable[[#This Row],[Category name]])),NOT(ISERROR(_xlfn.XLOOKUP(SubcategoriesTable[[#This Row],[Category name]],CategoryNames,CategoryNames,,,)))),_xlfn.XLOOKUP(SubcategoriesTable[[#This Row],[Category name]],CategoryNames,CategoryIdentifiers,,,),\"\")","v":""}]
[{"$nulls":9},{"$f":"IF(AND(NOT(ISBLANK(SubcategoriesTable[[#This Row],[Category name]])),NOT(ISERROR(_xlfn.XLOOKUP(SubcategoriesTable[[#This Row],[Category name]],CategoryNames,CategoryNames,,,)))),_xlfn.XLOOKUP(SubcategoriesTable[[#This Row],[Category name]],CategoryNames,CategoryIdentifiers,,,),\"\")","v":""}]
[{"$nulls":9},{"$f":"IF(AND(NOT(ISBLANK(SubcategoriesTable[[#This Row],[Category name]])),NOT(ISERROR(_xlfn.XLOOKUP(SubcategoriesTable[[#This Row],[Category name]],CategoryNames,CategoryNames,,,)))),_xlfn.XLOOKUP(SubcategoriesTable[[#This Row],[Category name]],CategoryNames,CategoryIdentifiers,,,),\"\")","v":""}]
[{"$nulls":9},{"$f":"IF(AND(NOT(ISBLANK(SubcategoriesTable[[#This Row],[Category name]])),NOT(ISERROR(_xlfn.XLOOKUP(SubcategoriesTable[[#This Row],[Category name]],CategoryNames,CategoryNames,,,)))),_xlfn.XLOOKUP(SubcategoriesTable[[#This Row],[Category name]],CategoryNames,CategoryIdentifiers,,,),\"\")","v":""}]
[{"$nulls":9},{"$f":"IF(AND(NOT(ISBLANK(SubcategoriesTable[[#This Row],[Category name]])),NOT(ISERROR(_xlfn.XLOOKUP(SubcategoriesTable[[#This Row],[Category name]],CategoryNames,CategoryNames,,,)))),_xlfn.XLOOKUP(SubcategoriesTable[[#This Row],[Category name]],CategoryNames,CategoryIdentifiers,,,),\"\")","v":""}]
[{"$nulls":9},{"$f":"IF(AND(NOT(ISBLANK(SubcategoriesTable[[#This Row],[Category name]])),NOT(ISERROR(_xlfn.XLOOKUP(SubcategoriesTable[[#This Row],[Category name]],CategoryNames,CategoryNames,,,)))),_xlfn.XLOOKUP(SubcategoriesTable[[#This Row],[Category name]],CategoryNames,CategoryIdentifiers,,,),\"\")","v":""}]
[{"$nulls":9},{"$f":"IF(AND(NOT(ISBLANK(SubcategoriesTable[[#This Row],[Category name]])),NOT(ISERROR(_xlfn.XLOOKUP(SubcategoriesTable[[#This Row],[Category name]],CategoryNames,CategoryNames,,,)))),_xlfn.XLOOKUP(SubcategoriesTable[[#This Row],[Category name]],CategoryNames,CategoryIdentifiers,,,),\"\")","v":""}]
[{"$nulls":9},{"$f":"IF(AND(NOT(ISBLANK(SubcategoriesTable[[#This Row],[Category name]])),NOT(ISERROR(_xlfn.XLOOKUP(SubcategoriesTable[[#This Row],[Category name]],CategoryNames,CategoryNames,,,)))),_xlfn.XLOOKUP(SubcategoriesTable[[#This Row],[Category name]],CategoryNames,CategoryIdentifiers,,,),\"\")","v":""}]
[{"$nulls":9},{"$f":"IF(AND(NOT(ISBLANK(SubcategoriesTable[[#This Row],[Category name]])),NOT(ISERROR(_xlfn.XLOOKUP(SubcategoriesTable[[#This Row],[Category name]],CategoryNames,CategoryNames,,,)))),_xlfn.XLOOKUP(SubcategoriesTable[[#This Row],[Category name]],CategoryNames,CategoryIdentifiers,,,),\"\")","v":""}]
[{"$nulls":9},{"$f":"IF(AND(NOT(ISBLANK(SubcategoriesTable[[#This Row],[Category name]])),NOT(ISERROR(_xlfn.XLOOKUP(SubcategoriesTable[[#This Row],[Category name]],CategoryNames,CategoryNames,,,)))),_xlfn.XLOOKUP(SubcategoriesTable[[#This Row],[Category name]],CategoryNames,CategoryIdentifiers,,,),\"\")","v":""}]
[{"$nulls":9},{"$f":"IF(AND(NOT(ISBLANK(SubcategoriesTable[[#This Row],[Category name]])),NOT(ISERROR(_xlfn.XLOOKUP(SubcategoriesTable[[#This Row],[Category name]],CategoryNames,CategoryNames,,,)))),_xlfn.XLOOKUP(SubcategoriesTable[[#This Row],[Category name]],CategoryNames,CategoryIdentifiers,,,),\"\")","v":""}]
[{"$nulls":9},{"$f":"IF(AND(NOT(ISBLANK(SubcategoriesTable[[#This Row],[Category name]])),NOT(ISERROR(_xlfn.XLOOKUP(SubcategoriesTable[[#This Row],[Category name]],CategoryNames,CategoryNames,,,)))),_xlfn.XLOOKUP(SubcategoriesTable[[#This Row],[Category name]],CategoryNames,CategoryIdentifiers,,,),\"\")","v":""}]
[{"$nulls":9},{"$f":"IF(AND(NOT(ISBLANK(SubcategoriesTable[[#This Row],[Category name]])),NOT(ISERROR(_xlfn.XLOOKUP(SubcategoriesTable[[#This Row],[Category name]],CategoryNames,CategoryNames,,,)))),_xlfn.XLOOKUP(SubcategoriesTable[[#This Row],[Category name]],CategoryNames,CategoryIdentifiers,,,),\"\")","v":""}]
[{"$nulls":9},{"$f":"IF(AND(NOT(ISBLANK(SubcategoriesTable[[#This Row],[Category name]])),NOT(ISERROR(_xlfn.XLOOKUP(SubcategoriesTable[[#This Row],[Category name]],CategoryNames,CategoryNames,,,)))),_xlfn.XLOOKUP(SubcategoriesTable[[#This Row],[Category name]],CategoryNames,CategoryIdentifiers,,,),\"\")","v":""}]
[{"$nulls":9},{"$f":"IF(AND(NOT(ISBLANK(SubcategoriesTable[[#This Row],[Category name]])),NOT(ISERROR(_xlfn.XLOOKUP(SubcategoriesTable[[#This Row],[Category name]],CategoryNames,CategoryNames,,,)))),_xlfn.XLOOKUP(SubcategoriesTable[[#This Row],[Category name]],CategoryNames,CategoryIdentifiers,,,),\"\")","v":""}]
[{"$nulls":9},{"$f":"IF(AND(NOT(ISBLANK(SubcategoriesTable[[#This Row],[Category name]])),NOT(ISERROR(_xlfn.XLOOKUP(SubcategoriesTable[[#This Row],[Category name]],CategoryNames,CategoryNames,,,)))),_xlfn.XLOOKUP(SubcategoriesTable[[#This Row],[Category name]],CategoryNames,CategoryIdentifiers,,,),\"\")","v":""}]
[{"$nulls":9},{"$f":"IF(AND(NOT(ISBLANK(SubcategoriesTable[[#This Row],[Category name]])),NOT(ISERROR(_xlfn.XLOOKUP(SubcategoriesTable[[#This Row],[Category name]],CategoryNames,CategoryNames,,,)))),_xlfn.XLOOKUP(SubcategoriesTable[[#This Row],[Category name]],CategoryNames,CategoryIdentifiers,,,),\"\")","v":""}]
[{"$nulls":9},{"$f":"IF(AND(NOT(ISBLANK(SubcategoriesTable[[#This Row],[Category name]])),NOT(ISERROR(_xlfn.XLOOKUP(SubcategoriesTable[[#This Row],[Category name]],CategoryNames,CategoryNames,,,)))),_xlfn.XLOOKUP(SubcategoriesTable[[#This Row],[Category name]],CategoryNames,CategoryIdentifiers,,,),\"\")","v":""}]
[{"$nulls":9},{"$f":"IF(AND(NOT(ISBLANK(SubcategoriesTable[[#This Row],[Category name]])),NOT(ISERROR(_xlfn.XLOOKUP(SubcategoriesTable[[#This Row],[Category name]],CategoryNames,CategoryNames,,,)))),_xlfn.XLOOKUP(SubcategoriesTable[[#This Row],[Category name]],CategoryNames,CategoryIdentifiers,,,),\"\")","v":""}]
[{"$nulls":9},{"$f":"IF(AND(NOT(ISBLANK(SubcategoriesTable[[#This Row],[Category name]])),NOT(ISERROR(_xlfn.XLOOKUP(SubcategoriesTable[[#This Row],[Category name]],CategoryNames,CategoryNames,,,)))),_xlfn.XLOOKUP(SubcategoriesTable[[#This Row],[Category name]],CategoryNames,CategoryIdentifiers,,,),\"\")","v":""}]
[{"$nulls":9},{"$f":"IF(AND(NOT(ISBLANK(SubcategoriesTable[[#This Row],[Category name]])),NOT(ISERROR(_xlfn.XLOOKUP(SubcategoriesTable[[#This Row],[Category name]],CategoryNames,CategoryNames,,,)))),_xlfn.XLOOKUP(SubcategoriesTable[[#This Row],[Category name]],CategoryNames,CategoryIdentifiers,,,),\"\")","v":""}]
[{"$nulls":9},{"$f":"IF(AND(NOT(ISBLANK(SubcategoriesTable[[#This Row],[Category name]])),NOT(ISERROR(_xlfn.XLOOKUP(SubcategoriesTable[[#This Row],[Category name]],CategoryNames,CategoryNames,,,)))),_xlfn.XLOOKUP(SubcategoriesTable[[#This Row],[Category name]],CategoryNames,CategoryIdentifiers,,,),\"\")","v":""}]
[{"$nulls":9},{"$f":"IF(AND(NOT(ISBLANK(SubcategoriesTable[[#This Row],[Category name]])),NOT(ISERROR(_xlfn.XLOOKUP(SubcategoriesTable[[#This Row],[Category name]],CategoryNames,CategoryNames,,,)))),_xlfn.XLOOKUP(SubcategoriesTable[[#This Row],[Category name]],CategoryNames,CategoryIdentifiers,,,),\"\")","v":""}]
[{"$nulls":9},{"$f":"IF(AND(NOT(ISBLANK(SubcategoriesTable[[#This Row],[Category name]])),NOT(ISERROR(_xlfn.XLOOKUP(SubcategoriesTable[[#This Row],[Category name]],CategoryNames,CategoryNames,,,)))),_xlfn.XLOOKUP(SubcategoriesTable[[#This Row],[Category name]],CategoryNames,CategoryIdentifiers,,,),\"\")","v":""}]
[{"$nulls":9},{"$f":"IF(AND(NOT(ISBLANK(SubcategoriesTable[[#This Row],[Category name]])),NOT(ISERROR(_xlfn.XLOOKUP(SubcategoriesTable[[#This Row],[Category name]],CategoryNames,CategoryNames,,,)))),_xlfn.XLOOKUP(SubcategoriesTable[[#This Row],[Category name]],CategoryNames,CategoryIdentifiers,,,),\"\")","v":""}]
[{"$nulls":9},{"$f":"IF(AND(NOT(ISBLANK(SubcategoriesTable[[#This Row],[Category name]])),NOT(ISERROR(_xlfn.XLOOKUP(SubcategoriesTable[[#This Row],[Category name]],CategoryNames,CategoryNames,,,)))),_xlfn.XLOOKUP(SubcategoriesTable[[#This Row],[Category name]],CategoryNames,CategoryIdentifiers,,,),\"\")","v":""}]
[{"$nulls":9},{"$f":"IF(AND(NOT(ISBLANK(SubcategoriesTable[[#This Row],[Category name]])),NOT(ISERROR(_xlfn.XLOOKUP(SubcategoriesTable[[#This Row],[Category name]],CategoryNames,CategoryNames,,,)))),_xlfn.XLOOKUP(SubcategoriesTable[[#This Row],[Category name]],CategoryNames,CategoryIdentifiers,,,),\"\")","v":""}]
[{"$nulls":9},{"$f":"IF(AND(NOT(ISBLANK(SubcategoriesTable[[#This Row],[Category name]])),NOT(ISERROR(_xlfn.XLOOKUP(SubcategoriesTable[[#This Row],[Category name]],CategoryNames,CategoryNames,,,)))),_xlfn.XLOOKUP(SubcategoriesTable[[#This Row],[Category name]],CategoryNames,CategoryIdentifiers,,,),\"\")","v":""}]
[{"$nulls":9},{"$f":"IF(AND(NOT(ISBLANK(SubcategoriesTable[[#This Row],[Category name]])),NOT(ISERROR(_xlfn.XLOOKUP(SubcategoriesTable[[#This Row],[Category name]],CategoryNames,CategoryNames,,,)))),_xlfn.XLOOKUP(SubcategoriesTable[[#This Row],[Category name]],CategoryNames,CategoryIdentifiers,,,),\"\")","v":""}]
[{"$nulls":9},{"$f":"IF(AND(NOT(ISBLANK(SubcategoriesTable[[#This Row],[Category name]])),NOT(ISERROR(_xlfn.XLOOKUP(SubcategoriesTable[[#This Row],[Category name]],CategoryNames,CategoryNames,,,)))),_xlfn.XLOOKUP(SubcategoriesTable[[#This Row],[Category name]],CategoryNames,CategoryIdentifiers,,,),\"\")","v":""}]
[{"$nulls":9},{"$f":"IF(AND(NOT(ISBLANK(SubcategoriesTable[[#This Row],[Category name]])),NOT(ISERROR(_xlfn.XLOOKUP(SubcategoriesTable[[#This Row],[Category name]],CategoryNames,CategoryNames,,,)))),_xlfn.XLOOKUP(SubcategoriesTable[[#This Row],[Category name]],CategoryNames,CategoryIdentifiers,,,),\"\")","v":""}]
[{"$nulls":9},{"$f":"IF(AND(NOT(ISBLANK(SubcategoriesTable[[#This Row],[Category name]])),NOT(ISERROR(_xlfn.XLOOKUP(SubcategoriesTable[[#This Row],[Category name]],CategoryNames,CategoryNames,,,)))),_xlfn.XLOOKUP(SubcategoriesTable[[#This Row],[Category name]],CategoryNames,CategoryIdentifiers,,,),\"\")","v":""}]
[{"$nulls":9},{"$f":"IF(AND(NOT(ISBLANK(SubcategoriesTable[[#This Row],[Category name]])),NOT(ISERROR(_xlfn.XLOOKUP(SubcategoriesTable[[#This Row],[Category name]],CategoryNames,CategoryNames,,,)))),_xlfn.XLOOKUP(SubcategoriesTable[[#This Row],[Category name]],CategoryNames,CategoryIdentifiers,,,),\"\")","v":""}]
[{"$nulls":9},{"$f":"IF(AND(NOT(ISBLANK(SubcategoriesTable[[#This Row],[Category name]])),NOT(ISERROR(_xlfn.XLOOKUP(SubcategoriesTable[[#This Row],[Category name]],CategoryNames,CategoryNames,,,)))),_xlfn.XLOOKUP(SubcategoriesTable[[#This Row],[Category name]],CategoryNames,CategoryIdentifiers,,,),\"\")","v":""}]
[{"$nulls":9},{"$f":"IF(AND(NOT(ISBLANK(SubcategoriesTable[[#This Row],[Category name]])),NOT(ISERROR(_xlfn.XLOOKUP(SubcategoriesTable[[#This Row],[Category name]],CategoryNames,CategoryNames,,,)))),_xlfn.XLOOKUP(SubcategoriesTable[[#This Row],[Category name]],CategoryNames,CategoryIdentifiers,,,),\"\")","v":""}]
[{"$nulls":9},{"$f":"IF(AND(NOT(ISBLANK(SubcategoriesTable[[#This Row],[Category name]])),NOT(ISERROR(_xlfn.XLOOKUP(SubcategoriesTable[[#This Row],[Category name]],CategoryNames,CategoryNames,,,)))),_xlfn.XLOOKUP(SubcategoriesTable[[#This Row],[Category name]],CategoryNames,CategoryIdentifiers,,,),\"\")","v":""}]
[{"$nulls":9},{"$f":"IF(AND(NOT(ISBLANK(SubcategoriesTable[[#This Row],[Category name]])),NOT(ISERROR(_xlfn.XLOOKUP(SubcategoriesTable[[#This Row],[Category name]],CategoryNames,CategoryNames,,,)))),_xlfn.XLOOKUP(SubcategoriesTable[[#This Row],[Category name]],CategoryNames,CategoryIdentifiers,,,),\"\")","v":""}]
[{"$nulls":9},{"$f":"IF(AND(NOT(ISBLANK(SubcategoriesTable[[#This Row],[Category name]])),NOT(ISERROR(_xlfn.XLOOKUP(SubcategoriesTable[[#This Row],[Category name]],CategoryNames,CategoryNames,,,)))),_xlfn.XLOOKUP(SubcategoriesTable[[#This Row],[Category name]],CategoryNames,CategoryIdentifiers,,,),\"\")","v":""}]
[{"$nulls":9},{"$f":"IF(AND(NOT(ISBLANK(SubcategoriesTable[[#This Row],[Category name]])),NOT(ISERROR(_xlfn.XLOOKUP(SubcategoriesTable[[#This Row],[Category name]],CategoryNames,CategoryNames,,,)))),_xlfn.XLOOKUP(SubcategoriesTable[[#This Row],[Category name]],CategoryNames,CategoryIdentifiers,,,),\"\")","v":""}]
[{"$nulls":9},{"$f":"IF(AND(NOT(ISBLANK(SubcategoriesTable[[#This Row],[Category name]])),NOT(ISERROR(_xlfn.XLOOKUP(SubcategoriesTable[[#This Row],[Category name]],CategoryNames,CategoryNames,,,)))),_xlfn.XLOOKUP(SubcategoriesTable[[#This Row],[Category name]],CategoryNames,CategoryIdentifiers,,,),\"\")","v":""}]
[{"$nulls":9},{"$f":"IF(AND(NOT(ISBLANK(SubcategoriesTable[[#This Row],[Category name]])),NOT(ISERROR(_xlfn.XLOOKUP(SubcategoriesTable[[#This Row],[Category name]],CategoryNames,CategoryNames,,,)))),_xlfn.XLOOKUP(SubcategoriesTable[[#This Row],[Category name]],CategoryNames,CategoryIdentifiers,,,),\"\")","v":""}]
[{"$nulls":9},{"$f":"IF(AND(NOT(ISBLANK(SubcategoriesTable[[#This Row],[Category name]])),NOT(ISERROR(_xlfn.XLOOKUP(SubcategoriesTable[[#This Row],[Category name]],CategoryNames,CategoryNames,,,)))),_xlfn.XLOOKUP(SubcategoriesTable[[#This Row],[Category name]],CategoryNames,CategoryIdentifiers,,,),\"\")","v":""}]
[{"$nulls":9},{"$f":"IF(AND(NOT(ISBLANK(SubcategoriesTable[[#This Row],[Category name]])),NOT(ISERROR(_xlfn.XLOOKUP(SubcategoriesTable[[#This Row],[Category name]],CategoryNames,CategoryNames,,,)))),_xlfn.XLOOKUP(SubcategoriesTable[[#This Row],[Category name]],CategoryNames,CategoryIdentifiers,,,),\"\")","v":""}]
[{"$nulls":9},{"$f":"IF(AND(NOT(ISBLANK(SubcategoriesTable[[#This Row],[Category name]])),NOT(ISERROR(_xlfn.XLOOKUP(SubcategoriesTable[[#This Row],[Category name]],CategoryNames,CategoryNames,,,)))),_xlfn.XLOOKUP(SubcategoriesTable[[#This Row],[Category name]],CategoryNames,CategoryIdentifiers,,,),\"\")","v":""}]
[{"$nulls":9},{"$f":"IF(AND(NOT(ISBLANK(SubcategoriesTable[[#This Row],[Category name]])),NOT(ISERROR(_xlfn.XLOOKUP(SubcategoriesTable[[#This Row],[Category name]],CategoryNames,CategoryNames,,,)))),_xlfn.XLOOKUP(SubcategoriesTable[[#This Row],[Category name]],CategoryNames,CategoryIdentifiers,,,),\"\")","v":""}]
[{"$nulls":9},{"$f":"IF(AND(NOT(ISBLANK(SubcategoriesTable[[#This Row],[Category name]])),NOT(ISERROR(_xlfn.XLOOKUP(SubcategoriesTable[[#This Row],[Category name]],CategoryNames,CategoryNames,,,)))),_xlfn.XLOOKUP(SubcategoriesTable[[#This Row],[Category name]],CategoryNames,CategoryIdentifiers,,,),\"\")","v":""}]
[{"$nulls":9},{"$f":"IF(AND(NOT(ISBLANK(SubcategoriesTable[[#This Row],[Category name]])),NOT(ISERROR(_xlfn.XLOOKUP(SubcategoriesTable[[#This Row],[Category name]],CategoryNames,CategoryNames,,,)))),_xlfn.XLOOKUP(SubcategoriesTable[[#This Row],[Category name]],CategoryNames,CategoryIdentifiers,,,),\"\")","v":""}]
[{"$nulls":9},{"$f":"IF(AND(NOT(ISBLANK(SubcategoriesTable[[#This Row],[Category name]])),NOT(ISERROR(_xlfn.XLOOKUP(SubcategoriesTable[[#This Row],[Category name]],CategoryNames,CategoryNames,,,)))),_xlfn.XLOOKUP(SubcategoriesTable[[#This Row],[Category name]],CategoryNames,CategoryIdentifiers,,,),\"\")","v":""}]
[{"$nulls":9},{"$f":"IF(AND(NOT(ISBLANK(SubcategoriesTable[[#This Row],[Category name]])),NOT(ISERROR(_xlfn.XLOOKUP(SubcategoriesTable[[#This Row],[Category name]],CategoryNames,CategoryNames,,,)))),_xlfn.XLOOKUP(SubcategoriesTable[[#This Row],[Category name]],CategoryNames,CategoryIdentifiers,,,),\"\")","v":""}]
[{"$nulls":9},{"$f":"IF(AND(NOT(ISBLANK(SubcategoriesTable[[#This Row],[Category name]])),NOT(ISERROR(_xlfn.XLOOKUP(SubcategoriesTable[[#This Row],[Category name]],CategoryNames,CategoryNames,,,)))),_xlfn.XLOOKUP(SubcategoriesTable[[#This Row],[Category name]],CategoryNames,CategoryIdentifiers,,,),\"\")","v":""}]
[{"$nulls":9},{"$f":"IF(AND(NOT(ISBLANK(SubcategoriesTable[[#This Row],[Category name]])),NOT(ISERROR(_xlfn.XLOOKUP(SubcategoriesTable[[#This Row],[Category name]],CategoryNames,CategoryNames,,,)))),_xlfn.XLOOKUP(SubcategoriesTable[[#This Row],[Category name]],CategoryNames,CategoryIdentifiers,,,),\"\")","v":""}]
[{"$nulls":9},{"$f":"IF(AND(NOT(ISBLANK(SubcategoriesTable[[#This Row],[Category name]])),NOT(ISERROR(_xlfn.XLOOKUP(SubcategoriesTable[[#This Row],[Category name]],CategoryNames,CategoryNames,,,)))),_xlfn.XLOOKUP(SubcategoriesTable[[#This Row],[Category name]],CategoryNames,CategoryIdentifiers,,,),\"\")","v":""}]
[{"$nulls":9},{"$f":"IF(AND(NOT(ISBLANK(SubcategoriesTable[[#This Row],[Category name]])),NOT(ISERROR(_xlfn.XLOOKUP(SubcategoriesTable[[#This Row],[Category name]],CategoryNames,CategoryNames,,,)))),_xlfn.XLOOKUP(SubcategoriesTable[[#This Row],[Category name]],CategoryNames,CategoryIdentifiers,,,),\"\")","v":""}]
[{"$nulls":9},{"$f":"IF(AND(NOT(ISBLANK(SubcategoriesTable[[#This Row],[Category name]])),NOT(ISERROR(_xlfn.XLOOKUP(SubcategoriesTable[[#This Row],[Category name]],CategoryNames,CategoryNames,,,)))),_xlfn.XLOOKUP(SubcategoriesTable[[#This Row],[Category name]],CategoryNames,CategoryIdentifiers,,,),\"\")","v":""}]
[{"$nulls":9},{"$f":"IF(AND(NOT(ISBLANK(SubcategoriesTable[[#This Row],[Category name]])),NOT(ISERROR(_xlfn.XLOOKUP(SubcategoriesTable[[#This Row],[Category name]],CategoryNames,CategoryNames,,,)))),_xlfn.XLOOKUP(SubcategoriesTable[[#This Row],[Category name]],CategoryNames,CategoryIdentifiers,,,),\"\")","v":""}]
[{"$nulls":9},{"$f":"IF(AND(NOT(ISBLANK(SubcategoriesTable[[#This Row],[Category name]])),NOT(ISERROR(_xlfn.XLOOKUP(SubcategoriesTable[[#This Row],[Category name]],CategoryNames,CategoryNames,,,)))),_xlfn.XLOOKUP(SubcategoriesTable[[#This Row],[Category name]],CategoryNames,CategoryIdentifiers,,,),\"\")","v":""}]
[{"$nulls":9},{"$f":"IF(AND(NOT(ISBLANK(SubcategoriesTable[[#This Row],[Category name]])),NOT(ISERROR(_xlfn.XLOOKUP(SubcategoriesTable[[#This Row],[Category name]],CategoryNames,CategoryNames,,,)))),_xlfn.XLOOKUP(SubcategoriesTable[[#This Row],[Category name]],CategoryNames,CategoryIdentifiers,,,),\"\")","v":""}]
[{"$nulls":9},{"$f":"IF(AND(NOT(ISBLANK(SubcategoriesTable[[#This Row],[Category name]])),NOT(ISERROR(_xlfn.XLOOKUP(SubcategoriesTable[[#This Row],[Category name]],CategoryNames,CategoryNames,,,)))),_xlfn.XLOOKUP(SubcategoriesTable[[#This Row],[Category name]],CategoryNames,CategoryIdentifiers,,,),\"\")","v":""}]
[{"$nulls":9},{"$f":"IF(AND(NOT(ISBLANK(SubcategoriesTable[[#This Row],[Category name]])),NOT(ISERROR(_xlfn.XLOOKUP(SubcategoriesTable[[#This Row],[Category name]],CategoryNames,CategoryNames,,,)))),_xlfn.XLOOKUP(SubcategoriesTable[[#This Row],[Category name]],CategoryNames,CategoryIdentifiers,,,),\"\")","v":""}]
[{"$nulls":9},{"$f":"IF(AND(NOT(ISBLANK(SubcategoriesTable[[#This Row],[Category name]])),NOT(ISERROR(_xlfn.XLOOKUP(SubcategoriesTable[[#This Row],[Category name]],CategoryNames,CategoryNames,,,)))),_xlfn.XLOOKUP(SubcategoriesTable[[#This Row],[Category name]],CategoryNames,CategoryIdentifiers,,,),\"\")","v":""}]
[{"$nulls":9},{"$f":"IF(AND(NOT(ISBLANK(SubcategoriesTable[[#This Row],[Category name]])),NOT(ISERROR(_xlfn.XLOOKUP(SubcategoriesTable[[#This Row],[Category name]],CategoryNames,CategoryNames,,,)))),_xlfn.XLOOKUP(SubcategoriesTable[[#This Row],[Category name]],CategoryNames,CategoryIdentifiers,,,),\"\")","v":""}]
[{"$nulls":9},{"$f":"IF(AND(NOT(ISBLANK(SubcategoriesTable[[#This Row],[Category name]])),NOT(ISERROR(_xlfn.XLOOKUP(SubcategoriesTable[[#This Row],[Category name]],CategoryNames,CategoryNames,,,)))),_xlfn.XLOOKUP(SubcategoriesTable[[#This Row],[Category name]],CategoryNames,CategoryIdentifiers,,,),\"\")","v":""}]
[{"$nulls":9},{"$f":"IF(AND(NOT(ISBLANK(SubcategoriesTable[[#This Row],[Category name]])),NOT(ISERROR(_xlfn.XLOOKUP(SubcategoriesTable[[#This Row],[Category name]],CategoryNames,CategoryNames,,,)))),_xlfn.XLOOKUP(SubcategoriesTable[[#This Row],[Category name]],CategoryNames,CategoryIdentifiers,,,),\"\")","v":""}]
[{"$nulls":9},{"$f":"IF(AND(NOT(ISBLANK(SubcategoriesTable[[#This Row],[Category name]])),NOT(ISERROR(_xlfn.XLOOKUP(SubcategoriesTable[[#This Row],[Category name]],CategoryNames,CategoryNames,,,)))),_xlfn.XLOOKUP(SubcategoriesTable[[#This Row],[Category name]],CategoryNames,CategoryIdentifiers,,,),\"\")","v":""}]
[{"$nulls":9},{"$f":"IF(AND(NOT(ISBLANK(SubcategoriesTable[[#This Row],[Category name]])),NOT(ISERROR(_xlfn.XLOOKUP(SubcategoriesTable[[#This Row],[Category name]],CategoryNames,CategoryNames,,,)))),_xlfn.XLOOKUP(SubcategoriesTable[[#This Row],[Category name]],CategoryNames,CategoryIdentifiers,,,),\"\")","v":""}]
[{"$nulls":9},{"$f":"IF(AND(NOT(ISBLANK(SubcategoriesTable[[#This Row],[Category name]])),NOT(ISERROR(_xlfn.XLOOKUP(SubcategoriesTable[[#This Row],[Category name]],CategoryNames,CategoryNames,,,)))),_xlfn.XLOOKUP(SubcategoriesTable[[#This Row],[Category name]],CategoryNames,CategoryIdentifiers,,,),\"\")","v":""}]
[{"$nulls":9},{"$f":"IF(AND(NOT(ISBLANK(SubcategoriesTable[[#This Row],[Category name]])),NOT(ISERROR(_xlfn.XLOOKUP(SubcategoriesTable[[#This Row],[Category name]],CategoryNames,CategoryNames,,,)))),_xlfn.XLOOKUP(SubcategoriesTable[[#This Row],[Category name]],CategoryNames,CategoryIdentifiers,,,),\"\")","v":""}]
[{"$nulls":9},{"$f":"IF(AND(NOT(ISBLANK(SubcategoriesTable[[#This Row],[Category name]])),NOT(ISERROR(_xlfn.XLOOKUP(SubcategoriesTable[[#This Row],[Category name]],CategoryNames,CategoryNames,,,)))),_xlfn.XLOOKUP(SubcategoriesTable[[#This Row],[Category name]],CategoryNames,CategoryIdentifiers,,,),\"\")","v":""}]
[{"$nulls":9},{"$f":"IF(AND(NOT(ISBLANK(SubcategoriesTable[[#This Row],[Category name]])),NOT(ISERROR(_xlfn.XLOOKUP(SubcategoriesTable[[#This Row],[Category name]],CategoryNames,CategoryNames,,,)))),_xlfn.XLOOKUP(SubcategoriesTable[[#This Row],[Category name]],CategoryNames,CategoryIdentifiers,,,),\"\")","v":""}]
[{"$nulls":9},{"$f":"IF(AND(NOT(ISBLANK(SubcategoriesTable[[#This Row],[Category name]])),NOT(ISERROR(_xlfn.XLOOKUP(SubcategoriesTable[[#This Row],[Category name]],CategoryNames,CategoryNames,,,)))),_xlfn.XLOOKUP(SubcategoriesTable[[#This Row],[Category name]],CategoryNames,CategoryIdentifiers,,,),\"\")","v":""}]
[{"$nulls":9},{"$f":"IF(AND(NOT(ISBLANK(SubcategoriesTable[[#This Row],[Category name]])),NOT(ISERROR(_xlfn.XLOOKUP(SubcategoriesTable[[#This Row],[Category name]],CategoryNames,CategoryNames,,,)))),_xlfn.XLOOKUP(SubcategoriesTable[[#This Row],[Category name]],CategoryNames,CategoryIdentifiers,,,),\"\")","v":""}]
[{"$nulls":9},{"$f":"IF(AND(NOT(ISBLANK(SubcategoriesTable[[#This Row],[Category name]])),NOT(ISERROR(_xlfn.XLOOKUP(SubcategoriesTable[[#This Row],[Category name]],CategoryNames,CategoryNames,,,)))),_xlfn.XLOOKUP(SubcategoriesTable[[#This Row],[Category name]],CategoryNames,CategoryIdentifiers,,,),\"\")","v":""}]
[{"$nulls":9},{"$f":"IF(AND(NOT(ISBLANK(SubcategoriesTable[[#This Row],[Category name]])),NOT(ISERROR(_xlfn.XLOOKUP(SubcategoriesTable[[#This Row],[Category name]],CategoryNames,CategoryNames,,,)))),_xlfn.XLOOKUP(SubcategoriesTable[[#This Row],[Category name]],CategoryNames,CategoryIdentifiers,,,),\"\")","v":""}]
[{"$nulls":9},{"$f":"IF(AND(NOT(ISBLANK(SubcategoriesTable[[#This Row],[Category name]])),NOT(ISERROR(_xlfn.XLOOKUP(SubcategoriesTable[[#This Row],[Category name]],CategoryNames,CategoryNames,,,)))),_xlfn.XLOOKUP(SubcategoriesTable[[#This Row],[Category name]],CategoryNames,CategoryIdentifiers,,,),\"\")","v":""}]
[{"$nulls":9},{"$f":"IF(AND(NOT(ISBLANK(SubcategoriesTable[[#This Row],[Category name]])),NOT(ISERROR(_xlfn.XLOOKUP(SubcategoriesTable[[#This Row],[Category name]],CategoryNames,CategoryNames,,,)))),_xlfn.XLOOKUP(SubcategoriesTable[[#This Row],[Category name]],CategoryNames,CategoryIdentifiers,,,),\"\")","v":""}]
[{"$nulls":9},{"$f":"IF(AND(NOT(ISBLANK(SubcategoriesTable[[#This Row],[Category name]])),NOT(ISERROR(_xlfn.XLOOKUP(SubcategoriesTable[[#This Row],[Category name]],CategoryNames,CategoryNames,,,)))),_xlfn.XLOOKUP(SubcategoriesTable[[#This Row],[Category name]],CategoryNames,CategoryIdentifiers,,,),\"\")","v":""}]
[{"$nulls":9},{"$f":"IF(AND(NOT(ISBLANK(SubcategoriesTable[[#This Row],[Category name]])),NOT(ISERROR(_xlfn.XLOOKUP(SubcategoriesTable[[#This Row],[Category name]],CategoryNames,CategoryNames,,,)))),_xlfn.XLOOKUP(SubcategoriesTable[[#This Row],[Category name]],CategoryNames,CategoryIdentifiers,,,),\"\")","v":""}]
[{"$nulls":9},{"$f":"IF(AND(NOT(ISBLANK(SubcategoriesTable[[#This Row],[Category name]])),NOT(ISERROR(_xlfn.XLOOKUP(SubcategoriesTable[[#This Row],[Category name]],CategoryNames,CategoryNames,,,)))),_xlfn.XLOOKUP(SubcategoriesTable[[#This Row],[Category name]],CategoryNames,CategoryIdentifiers,,,),\"\")","v":""}]
[{"$nulls":9},{"$f":"IF(AND(NOT(ISBLANK(SubcategoriesTable[[#This Row],[Category name]])),NOT(ISERROR(_xlfn.XLOOKUP(SubcategoriesTable[[#This Row],[Category name]],CategoryNames,CategoryNames,,,)))),_xlfn.XLOOKUP(SubcategoriesTable[[#This Row],[Category name]],CategoryNames,CategoryIdentifiers,,,),\"\")","v":""}]
[{"$nulls":9},{"$f":"IF(AND(NOT(ISBLANK(SubcategoriesTable[[#This Row],[Category name]])),NOT(ISERROR(_xlfn.XLOOKUP(SubcategoriesTable[[#This Row],[Category name]],CategoryNames,CategoryNames,,,)))),_xlfn.XLOOKUP(SubcategoriesTable[[#This Row],[Category name]],CategoryNames,CategoryIdentifiers,,,),\"\")","v":""}]
[{"$nulls":9},{"$f":"IF(AND(NOT(ISBLANK(SubcategoriesTable[[#This Row],[Category name]])),NOT(ISERROR(_xlfn.XLOOKUP(SubcategoriesTable[[#This Row],[Category name]],CategoryNames,CategoryNames,,,)))),_xlfn.XLOOKUP(SubcategoriesTable[[#This Row],[Category name]],CategoryNames,CategoryIdentifiers,,,),\"\")","v":""}]
[{"$nulls":9},{"$f":"IF(AND(NOT(ISBLANK(SubcategoriesTable[[#This Row],[Category name]])),NOT(ISERROR(_xlfn.XLOOKUP(SubcategoriesTable[[#This Row],[Category name]],CategoryNames,CategoryNames,,,)))),_xlfn.XLOOKUP(SubcategoriesTable[[#This Row],[Category name]],CategoryNames,CategoryIdentifiers,,,),\"\")","v":""}]
[{"$nulls":9},{"$f":"IF(AND(NOT(ISBLANK(SubcategoriesTable[[#This Row],[Category name]])),NOT(ISERROR(_xlfn.XLOOKUP(SubcategoriesTable[[#This Row],[Category name]],CategoryNames,CategoryNames,,,)))),_xlfn.XLOOKUP(SubcategoriesTable[[#This Row],[Category name]],CategoryNames,CategoryIdentifiers,,,),\"\")","v":""}]
[{"$nulls":9},{"$f":"IF(AND(NOT(ISBLANK(SubcategoriesTable[[#This Row],[Category name]])),NOT(ISERROR(_xlfn.XLOOKUP(SubcategoriesTable[[#This Row],[Category name]],CategoryNames,CategoryNames,,,)))),_xlfn.XLOOKUP(SubcategoriesTable[[#This Row],[Category name]],CategoryNames,CategoryIdentifiers,,,),\"\")","v":""}]
[{"$nulls":9},{"$f":"IF(AND(NOT(ISBLANK(SubcategoriesTable[[#This Row],[Category name]])),NOT(ISERROR(_xlfn.XLOOKUP(SubcategoriesTable[[#This Row],[Category name]],CategoryNames,CategoryNames,,,)))),_xlfn.XLOOKUP(SubcategoriesTable[[#This Row],[Category name]],CategoryNames,CategoryIdentifiers,,,),\"\")","v":""}]
[{"$nulls":9},{"$f":"IF(AND(NOT(ISBLANK(SubcategoriesTable[[#This Row],[Category name]])),NOT(ISERROR(_xlfn.XLOOKUP(SubcategoriesTable[[#This Row],[Category name]],CategoryNames,CategoryNames,,,)))),_xlfn.XLOOKUP(SubcategoriesTable[[#This Row],[Category name]],CategoryNames,CategoryIdentifiers,,,),\"\")","v":""}]
[{"$nulls":9},{"$f":"IF(AND(NOT(ISBLANK(SubcategoriesTable[[#This Row],[Category name]])),NOT(ISERROR(_xlfn.XLOOKUP(SubcategoriesTable[[#This Row],[Category name]],CategoryNames,CategoryNames,,,)))),_xlfn.XLOOKUP(SubcategoriesTable[[#This Row],[Category name]],CategoryNames,CategoryIdentifiers,,,),\"\")","v":""}]
[{"$nulls":9},{"$f":"IF(AND(NOT(ISBLANK(SubcategoriesTable[[#This Row],[Category name]])),NOT(ISERROR(_xlfn.XLOOKUP(SubcategoriesTable[[#This Row],[Category name]],CategoryNames,CategoryNames,,,)))),_xlfn.XLOOKUP(SubcategoriesTable[[#This Row],[Category name]],CategoryNames,CategoryIdentifiers,,,),\"\")","v":""}]
[{"$nulls":9},{"$f":"IF(AND(NOT(ISBLANK(SubcategoriesTable[[#This Row],[Category name]])),NOT(ISERROR(_xlfn.XLOOKUP(SubcategoriesTable[[#This Row],[Category name]],CategoryNames,CategoryNames,,,)))),_xlfn.XLOOKUP(SubcategoriesTable[[#This Row],[Category name]],CategoryNames,CategoryIdentifiers,,,),\"\")","v":""}]
[{"$nulls":9},{"$f":"IF(AND(NOT(ISBLANK(SubcategoriesTable[[#This Row],[Category name]])),NOT(ISERROR(_xlfn.XLOOKUP(SubcategoriesTable[[#This Row],[Category name]],CategoryNames,CategoryNames,,,)))),_xlfn.XLOOKUP(SubcategoriesTable[[#This Row],[Category name]],CategoryNames,CategoryIdentifiers,,,),\"\")","v":""}]
[{"$nulls":9},{"$f":"IF(AND(NOT(ISBLANK(SubcategoriesTable[[#This Row],[Category name]])),NOT(ISERROR(_xlfn.XLOOKUP(SubcategoriesTable[[#This Row],[Category name]],CategoryNames,CategoryNames,,,)))),_xlfn.XLOOKUP(SubcategoriesTable[[#This Row],[Category name]],CategoryNames,CategoryIdentifiers,,,),\"\")","v":""}]
[{"$nulls":9},{"$f":"IF(AND(NOT(ISBLANK(SubcategoriesTable[[#This Row],[Category name]])),NOT(ISERROR(_xlfn.XLOOKUP(SubcategoriesTable[[#This Row],[Category name]],CategoryNames,CategoryNames,,,)))),_xlfn.XLOOKUP(SubcategoriesTable[[#This Row],[Category name]],CategoryNames,CategoryIdentifiers,,,),\"\")","v":""}]
[{"$nulls":9},{"$f":"IF(AND(NOT(ISBLANK(SubcategoriesTable[[#This Row],[Category name]])),NOT(ISERROR(_xlfn.XLOOKUP(SubcategoriesTable[[#This Row],[Category name]],CategoryNames,CategoryNames,,,)))),_xlfn.XLOOKUP(SubcategoriesTable[[#This Row],[Category name]],CategoryNames,CategoryIdentifiers,,,),\"\")","v":""}]
[{"$nulls":9},{"$f":"IF(AND(NOT(ISBLANK(SubcategoriesTable[[#This Row],[Category name]])),NOT(ISERROR(_xlfn.XLOOKUP(SubcategoriesTable[[#This Row],[Category name]],CategoryNames,CategoryNames,,,)))),_xlfn.XLOOKUP(SubcategoriesTable[[#This Row],[Category name]],CategoryNames,CategoryIdentifiers,,,),\"\")","v":""}]
[{"$nulls":9},{"$f":"IF(AND(NOT(ISBLANK(SubcategoriesTable[[#This Row],[Category name]])),NOT(ISERROR(_xlfn.XLOOKUP(SubcategoriesTable[[#This Row],[Category name]],CategoryNames,CategoryNames,,,)))),_xlfn.XLOOKUP(SubcategoriesTable[[#This Row],[Category name]],CategoryNames,CategoryIdentifiers,,,),\"\")","v":""}]
[{"$nulls":9},{"$f":"IF(AND(NOT(ISBLANK(SubcategoriesTable[[#This Row],[Category name]])),NOT(ISERROR(_xlfn.XLOOKUP(SubcategoriesTable[[#This Row],[Category name]],CategoryNames,CategoryNames,,,)))),_xlfn.XLOOKUP(SubcategoriesTable[[#This Row],[Category name]],CategoryNames,CategoryIdentifiers,,,),\"\")","v":""}]
[{"$nulls":9},{"$f":"IF(AND(NOT(ISBLANK(SubcategoriesTable[[#This Row],[Category name]])),NOT(ISERROR(_xlfn.XLOOKUP(SubcategoriesTable[[#This Row],[Category name]],CategoryNames,CategoryNames,,,)))),_xlfn.XLOOKUP(SubcategoriesTable[[#This Row],[Category name]],CategoryNames,CategoryIdentifiers,,,),\"\")","v":""}]
[{"$nulls":9},{"$f":"IF(AND(NOT(ISBLANK(SubcategoriesTable[[#This Row],[Category name]])),NOT(ISERROR(_xlfn.XLOOKUP(SubcategoriesTable[[#This Row],[Category name]],CategoryNames,CategoryNames,,,)))),_xlfn.XLOOKUP(SubcategoriesTable[[#This Row],[Category name]],CategoryNames,CategoryIdentifiers,,,),\"\")","v":""}]
[{"$nulls":9},{"$f":"IF(AND(NOT(ISBLANK(SubcategoriesTable[[#This Row],[Category name]])),NOT(ISERROR(_xlfn.XLOOKUP(SubcategoriesTable[[#This Row],[Category name]],CategoryNames,CategoryNames,,,)))),_xlfn.XLOOKUP(SubcategoriesTable[[#This Row],[Category name]],CategoryNames,CategoryIdentifiers,,,),\"\")","v":""}]
[{"$nulls":9},{"$f":"IF(AND(NOT(ISBLANK(SubcategoriesTable[[#This Row],[Category name]])),NOT(ISERROR(_xlfn.XLOOKUP(SubcategoriesTable[[#This Row],[Category name]],CategoryNames,CategoryNames,,,)))),_xlfn.XLOOKUP(SubcategoriesTable[[#This Row],[Category name]],CategoryNames,CategoryIdentifiers,,,),\"\")","v":""}]
[{"$nulls":9},{"$f":"IF(AND(NOT(ISBLANK(SubcategoriesTable[[#This Row],[Category name]])),NOT(ISERROR(_xlfn.XLOOKUP(SubcategoriesTable[[#This Row],[Category name]],CategoryNames,CategoryNames,,,)))),_xlfn.XLOOKUP(SubcategoriesTable[[#This Row],[Category name]],CategoryNames,CategoryIdentifiers,,,),\"\")","v":""}]
[{"$nulls":9},{"$f":"IF(AND(NOT(ISBLANK(SubcategoriesTable[[#This Row],[Category name]])),NOT(ISERROR(_xlfn.XLOOKUP(SubcategoriesTable[[#This Row],[Category name]],CategoryNames,CategoryNames,,,)))),_xlfn.XLOOKUP(SubcategoriesTable[[#This Row],[Category name]],CategoryNames,CategoryIdentifiers,,,),\"\")","v":""}]
[{"$nulls":9},{"$f":"IF(AND(NOT(ISBLANK(SubcategoriesTable[[#This Row],[Category name]])),NOT(ISERROR(_xlfn.XLOOKUP(SubcategoriesTable[[#This Row],[Category name]],CategoryNames,CategoryNames,,,)))),_xlfn.XLOOKUP(SubcategoriesTable[[#This Row],[Category name]],CategoryNames,CategoryIdentifiers,,,),\"\")","v":""}]
[{"$nulls":9},{"$f":"IF(AND(NOT(ISBLANK(SubcategoriesTable[[#This Row],[Category name]])),NOT(ISERROR(_xlfn.XLOOKUP(SubcategoriesTable[[#This Row],[Category name]],CategoryNames,CategoryNames,,,)))),_xlfn.XLOOKUP(SubcategoriesTable[[#This Row],[Category name]],CategoryNames,CategoryIdentifiers,,,),\"\")","v":""}]
[{"$nulls":9},{"$f":"IF(AND(NOT(ISBLANK(SubcategoriesTable[[#This Row],[Category name]])),NOT(ISERROR(_xlfn.XLOOKUP(SubcategoriesTable[[#This Row],[Category name]],CategoryNames,CategoryNames,,,)))),_xlfn.XLOOKUP(SubcategoriesTable[[#This Row],[Category name]],CategoryNames,CategoryIdentifiers,,,),\"\")","v":""}]
[{"$nulls":9},{"$f":"IF(AND(NOT(ISBLANK(SubcategoriesTable[[#This Row],[Category name]])),NOT(ISERROR(_xlfn.XLOOKUP(SubcategoriesTable[[#This Row],[Category name]],CategoryNames,CategoryNames,,,)))),_xlfn.XLOOKUP(SubcategoriesTable[[#This Row],[Category name]],CategoryNames,CategoryIdentifiers,,,),\"\")","v":""}]
[{"$nulls":9},{"$f":"IF(AND(NOT(ISBLANK(SubcategoriesTable[[#This Row],[Category name]])),NOT(ISERROR(_xlfn.XLOOKUP(SubcategoriesTable[[#This Row],[Category name]],CategoryNames,CategoryNames,,,)))),_xlfn.XLOOKUP(SubcategoriesTable[[#This Row],[Category name]],CategoryNames,CategoryIdentifiers,,,),\"\")","v":""}]
[{"$nulls":9},{"$f":"IF(AND(NOT(ISBLANK(SubcategoriesTable[[#This Row],[Category name]])),NOT(ISERROR(_xlfn.XLOOKUP(SubcategoriesTable[[#This Row],[Category name]],CategoryNames,CategoryNames,,,)))),_xlfn.XLOOKUP(SubcategoriesTable[[#This Row],[Category name]],CategoryNames,CategoryIdentifiers,,,),\"\")","v":""}]
[{"$nulls":9},{"$f":"IF(AND(NOT(ISBLANK(SubcategoriesTable[[#This Row],[Category name]])),NOT(ISERROR(_xlfn.XLOOKUP(SubcategoriesTable[[#This Row],[Category name]],CategoryNames,CategoryNames,,,)))),_xlfn.XLOOKUP(SubcategoriesTable[[#This Row],[Category name]],CategoryNames,CategoryIdentifiers,,,),\"\")","v":""}]
[{"$nulls":9},{"$f":"IF(AND(NOT(ISBLANK(SubcategoriesTable[[#This Row],[Category name]])),NOT(ISERROR(_xlfn.XLOOKUP(SubcategoriesTable[[#This Row],[Category name]],CategoryNames,CategoryNames,,,)))),_xlfn.XLOOKUP(SubcategoriesTable[[#This Row],[Category name]],CategoryNames,CategoryIdentifiers,,,),\"\")","v":""}]
[{"$nulls":9},{"$f":"IF(AND(NOT(ISBLANK(SubcategoriesTable[[#This Row],[Category name]])),NOT(ISERROR(_xlfn.XLOOKUP(SubcategoriesTable[[#This Row],[Category name]],CategoryNames,CategoryNames,,,)))),_xlfn.XLOOKUP(SubcategoriesTable[[#This Row],[Category name]],CategoryNames,CategoryIdentifiers,,,),\"\")","v":""}]
[{"$nulls":9},{"$f":"IF(AND(NOT(ISBLANK(SubcategoriesTable[[#This Row],[Category name]])),NOT(ISERROR(_xlfn.XLOOKUP(SubcategoriesTable[[#This Row],[Category name]],CategoryNames,CategoryNames,,,)))),_xlfn.XLOOKUP(SubcategoriesTable[[#This Row],[Category name]],CategoryNames,CategoryIdentifiers,,,),\"\")","v":""}]
[{"$nulls":9},{"$f":"IF(AND(NOT(ISBLANK(SubcategoriesTable[[#This Row],[Category name]])),NOT(ISERROR(_xlfn.XLOOKUP(SubcategoriesTable[[#This Row],[Category name]],CategoryNames,CategoryNames,,,)))),_xlfn.XLOOKUP(SubcategoriesTable[[#This Row],[Category name]],CategoryNames,CategoryIdentifiers,,,),\"\")","v":""}]
[{"$nulls":9},{"$f":"IF(AND(NOT(ISBLANK(SubcategoriesTable[[#This Row],[Category name]])),NOT(ISERROR(_xlfn.XLOOKUP(SubcategoriesTable[[#This Row],[Category name]],CategoryNames,CategoryNames,,,)))),_xlfn.XLOOKUP(SubcategoriesTable[[#This Row],[Category name]],CategoryNames,CategoryIdentifiers,,,),\"\")","v":""}]
[{"$nulls":9},{"$f":"IF(AND(NOT(ISBLANK(SubcategoriesTable[[#This Row],[Category name]])),NOT(ISERROR(_xlfn.XLOOKUP(SubcategoriesTable[[#This Row],[Category name]],CategoryNames,CategoryNames,,,)))),_xlfn.XLOOKUP(SubcategoriesTable[[#This Row],[Category name]],CategoryNames,CategoryIdentifiers,,,),\"\")","v":""}]
[{"$nulls":9},{"$f":"IF(AND(NOT(ISBLANK(SubcategoriesTable[[#This Row],[Category name]])),NOT(ISERROR(_xlfn.XLOOKUP(SubcategoriesTable[[#This Row],[Category name]],CategoryNames,CategoryNames,,,)))),_xlfn.XLOOKUP(SubcategoriesTable[[#This Row],[Category name]],CategoryNames,CategoryIdentifiers,,,),\"\")","v":""}]
[{"$nulls":9},{"$f":"IF(AND(NOT(ISBLANK(SubcategoriesTable[[#This Row],[Category name]])),NOT(ISERROR(_xlfn.XLOOKUP(SubcategoriesTable[[#This Row],[Category name]],CategoryNames,CategoryNames,,,)))),_xlfn.XLOOKUP(SubcategoriesTable[[#This Row],[Category name]],CategoryNames,CategoryIdentifiers,,,),\"\")","v":""}]
[{"$nulls":9},{"$f":"IF(AND(NOT(ISBLANK(SubcategoriesTable[[#This Row],[Category name]])),NOT(ISERROR(_xlfn.XLOOKUP(SubcategoriesTable[[#This Row],[Category name]],CategoryNames,CategoryNames,,,)))),_xlfn.XLOOKUP(SubcategoriesTable[[#This Row],[Category name]],CategoryNames,CategoryIdentifiers,,,),\"\")","v":""}]
[{"$nulls":9},{"$f":"IF(AND(NOT(ISBLANK(SubcategoriesTable[[#This Row],[Category name]])),NOT(ISERROR(_xlfn.XLOOKUP(SubcategoriesTable[[#This Row],[Category name]],CategoryNames,CategoryNames,,,)))),_xlfn.XLOOKUP(SubcategoriesTable[[#This Row],[Category name]],CategoryNames,CategoryIdentifiers,,,),\"\")","v":""}]
[{"$nulls":9},{"$f":"IF(AND(NOT(ISBLANK(SubcategoriesTable[[#This Row],[Category name]])),NOT(ISERROR(_xlfn.XLOOKUP(SubcategoriesTable[[#This Row],[Category name]],CategoryNames,CategoryNames,,,)))),_xlfn.XLOOKUP(SubcategoriesTable[[#This Row],[Category name]],CategoryNames,CategoryIdentifiers,,,),\"\")","v":""}]
[{"$nulls":9},{"$f":"IF(AND(NOT(ISBLANK(SubcategoriesTable[[#This Row],[Category name]])),NOT(ISERROR(_xlfn.XLOOKUP(SubcategoriesTable[[#This Row],[Category name]],CategoryNames,CategoryNames,,,)))),_xlfn.XLOOKUP(SubcategoriesTable[[#This Row],[Category name]],CategoryNames,CategoryIdentifiers,,,),\"\")","v":""}]
[{"$nulls":9},{"$f":"IF(AND(NOT(ISBLANK(SubcategoriesTable[[#This Row],[Category name]])),NOT(ISERROR(_xlfn.XLOOKUP(SubcategoriesTable[[#This Row],[Category name]],CategoryNames,CategoryNames,,,)))),_xlfn.XLOOKUP(SubcategoriesTable[[#This Row],[Category name]],CategoryNames,CategoryIdentifiers,,,),\"\")","v":""}]
[{"$nulls":9},{"$f":"IF(AND(NOT(ISBLANK(SubcategoriesTable[[#This Row],[Category name]])),NOT(ISERROR(_xlfn.XLOOKUP(SubcategoriesTable[[#This Row],[Category name]],CategoryNames,CategoryNames,,,)))),_xlfn.XLOOKUP(SubcategoriesTable[[#This Row],[Category name]],CategoryNames,CategoryIdentifiers,,,),\"\")","v":""}]
[{"$nulls":9},{"$f":"IF(AND(NOT(ISBLANK(SubcategoriesTable[[#This Row],[Category name]])),NOT(ISERROR(_xlfn.XLOOKUP(SubcategoriesTable[[#This Row],[Category name]],CategoryNames,CategoryNames,,,)))),_xlfn.XLOOKUP(SubcategoriesTable[[#This Row],[Category name]],CategoryNames,CategoryIdentifiers,,,),\"\")","v":""}]
[{"$nulls":9},{"$f":"IF(AND(NOT(ISBLANK(SubcategoriesTable[[#This Row],[Category name]])),NOT(ISERROR(_xlfn.XLOOKUP(SubcategoriesTable[[#This Row],[Category name]],CategoryNames,CategoryNames,,,)))),_xlfn.XLOOKUP(SubcategoriesTable[[#This Row],[Category name]],CategoryNames,CategoryIdentifiers,,,),\"\")","v":""}]
[{"$nulls":9},{"$f":"IF(AND(NOT(ISBLANK(SubcategoriesTable[[#This Row],[Category name]])),NOT(ISERROR(_xlfn.XLOOKUP(SubcategoriesTable[[#This Row],[Category name]],CategoryNames,CategoryNames,,,)))),_xlfn.XLOOKUP(SubcategoriesTable[[#This Row],[Category name]],CategoryNames,CategoryIdentifiers,,,),\"\")","v":""}]
[{"$nulls":9},{"$f":"IF(AND(NOT(ISBLANK(SubcategoriesTable[[#This Row],[Category name]])),NOT(ISERROR(_xlfn.XLOOKUP(SubcategoriesTable[[#This Row],[Category name]],CategoryNames,CategoryNames,,,)))),_xlfn.XLOOKUP(SubcategoriesTable[[#This Row],[Category name]],CategoryNames,CategoryIdentifiers,,,),\"\")","v":""}]
[{"$nulls":9},{"$f":"IF(AND(NOT(ISBLANK(SubcategoriesTable[[#This Row],[Category name]])),NOT(ISERROR(_xlfn.XLOOKUP(SubcategoriesTable[[#This Row],[Category name]],CategoryNames,CategoryNames,,,)))),_xlfn.XLOOKUP(SubcategoriesTable[[#This Row],[Category name]],CategoryNames,CategoryIdentifiers,,,),\"\")","v":""}]
[{"$nulls":9},{"$f":"IF(AND(NOT(ISBLANK(SubcategoriesTable[[#This Row],[Category name]])),NOT(ISERROR(_xlfn.XLOOKUP(SubcategoriesTable[[#This Row],[Category name]],CategoryNames,CategoryNames,,,)))),_xlfn.XLOOKUP(SubcategoriesTable[[#This Row],[Category name]],CategoryNames,CategoryIdentifiers,,,),\"\")","v":""}]
[{"$nulls":9},{"$f":"IF(AND(NOT(ISBLANK(SubcategoriesTable[[#This Row],[Category name]])),NOT(ISERROR(_xlfn.XLOOKUP(SubcategoriesTable[[#This Row],[Category name]],CategoryNames,CategoryNames,,,)))),_xlfn.XLOOKUP(SubcategoriesTable[[#This Row],[Category name]],CategoryNames,CategoryIdentifiers,,,),\"\")","v":""}]
[{"$nulls":9},{"$f":"IF(AND(NOT(ISBLANK(SubcategoriesTable[[#This Row],[Category name]])),NOT(ISERROR(_xlfn.XLOOKUP(SubcategoriesTable[[#This Row],[Category name]],CategoryNames,CategoryNames,,,)))),_xlfn.XLOOKUP(SubcategoriesTable[[#This Row],[Category name]],CategoryNames,CategoryIdentifiers,,,),\"\")","v":""}]
[{"$nulls":9},{"$f":"IF(AND(NOT(ISBLANK(SubcategoriesTable[[#This Row],[Category name]])),NOT(ISERROR(_xlfn.XLOOKUP(SubcategoriesTable[[#This Row],[Category name]],CategoryNames,CategoryNames,,,)))),_xlfn.XLOOKUP(SubcategoriesTable[[#This Row],[Category name]],CategoryNames,CategoryIdentifiers,,,),\"\")","v":""}]

{"sheet":"HiddenCategories","index":5,"n_rows":100,"n_cols":245,"rows_kept":100,"hidden":true}
[null,"Category","Subcategories"]
[null,{"$f":"_xlfn.UNIQUE(_xlfn._xlws.FILTER(CategoryNames, CategoryNames<>\"\",),FALSE,FALSE)","v":{"$error":"#VALUE!"}},{"$f":"IFERROR(TRANSPOSE(INDEX(_xlfn._xlws.FILTER(INDIRECT(\"SubcategoriesTable[Subcategory name]\"),INDIRECT(\"SubcategoriesTable[Category name]\")=$B2),,)),\"No subcategories\")","v":"No subcategories"}]
[null,null,{"$f":"IFERROR(TRANSPOSE(INDEX(_xlfn._xlws.FILTER(INDIRECT(\"SubcategoriesTable[Subcategory name]\"),INDIRECT(\"SubcategoriesTable[Category name]\")=$B3),,)),\"No subcategories\")","v":0},0,0,0,0,0,0,0,0,0,0,0,0,0,0,0,0,0,0,0,0,0,0,0,0,0,0,0,0,0,0,0,0,0,0,0,0,0,0,0,0,0,0,0,0,0,0,0,0,0,0,0,0,0,0,0,0,0,0,0,0,0,0,0,0,0,0,0,0,0,0,0,0,0,0,0,0,0,0,0,0,0,0,0,0,0,0,0,0,0,0,0,0,0,0,0,0,0,0,0,0,0,0,0,0,0,0,0,0,0,0,0,0,0,0,0,0,0,0,0,0,0,0,0,0,0,0,0,0,0,0,0,0,0,0,0,0,0,0,0,0,0,0,0,0,0,0,0,0,0,0,0,0,0,0,0,0,0,0,0,0,0,0,0,0,0,0,0,0,0,0,0,0,0,0,0,0,0,0,0,0,0,0,0,0,0,0,0,0,0,0,0,0,0,0,0,0,0,0,0,0,0,0,0,0,0,0,0,0,0,0,0,0,0,0,0,0,0,0,0,0,0,0,0,0,0,0,0,0,0,0,0,0,0,0,0,0,0,0,0,0,0,0]
[null,null,{"$f":"IFERROR(TRANSPOSE(INDEX(_xlfn._xlws.FILTER(INDIRECT(\"SubcategoriesTable[Subcategory name]\"),INDIRECT(\"SubcategoriesTable[Category name]\")=$B4),,)),\"No subcategories\")","v":0},0,0,0,0,0,0,0,0,0,0,0,0,0,0,0,0,0,0,0,0,0,0,0,0,0,0,0,0,0,0,0,0,0,0,0,0,0,0,0,0,0,0,0,0,0,0,0,0,0,0,0,0,0,0,0,0,0,0,0,0,0,0,0,0,0,0,0,0,0,0,0,0,0,0,0,0,0,0,0,0,0,0,0,0,0,0,0,0,0,0,0,0,0,0,0,0,0,0,0,0,0,0,0,0,0,0,0,0,0,0,0,0,0,0,0,0,0,0,0,0,0,0,0,0,0,0,0,0,0,0,0,0,0,0,0,0,0,0,0,0,0,0,0,0,0,0,0,0,0,0,0,0,0,0,0,0,0,0,0,0,0,0,0,0,0,0,0,0,0,0,0,0,0,0,0,0,0,0,0,0,0,0,0,0,0,0,0,0,0,0,0,0,0,0,0,0,0,0,0,0,0,0,0,0,0,0,0,0,0,0,0,0,0,0,0,0,0,0,0,0,0,0,0,0,0,0,0,0,0,0,0,0,0,0,0,0,0,0,0,0,0,0]
[null,null,{"$f":"IFERROR(TRANSPOSE(INDEX(_xlfn._xlws.FILTER(INDIRECT(\"SubcategoriesTable[Subcategory name]\"),INDIRECT(\"SubcategoriesTable[Category name]\")=$B5),,)),\"No subcategories\")","v":0},0,0,0,0,0,0,0,0,0,0,0,0,0,0,0,0,0,0,0,0,0,0,0,0,0,0,0,0,0,0,0,0,0,0,0,0,0,0,0,0,0,0,0,0,0,0,0,0,0,0,0,0,0,0,0,0,0,0,0,0,0,0,0,0,0,0,0,0,0,0,0,0,0,0,0,0,0,0,0,0,0,0,0,0,0,0,0,0,0,0,0,0,0,0,0,0,0,0,0,0,0,0,0,0,0,0,0,0,0,0,0,0,0,0,0,0,0,0,0,0,0,0,0,0,0,0,0,0,0,0,0,0,0,0,0,0,0,0,0,0,0,0,0,0,0,0,0,0,0,0,0,0,0,0,0,0,0,0,0,0,0,0,0,0,0,0,0,0,0,0,0,0,0,0,0,0,0,0,0,0,0,0,0,0,0,0,0,0,0,0,0,0,0,0,0,0,0,0,0,0,0,0,0,0,0,0,0,0,0,0,0,0,0,0,0,0,0,0,0,0,0,0,0,0,0,0,0,0,0,0,0,0,0,0,0,0,0,0,0,0,0,0]
[null,null,{"$f":"IFERROR(TRANSPOSE(INDEX(_xlfn._xlws.FILTER(INDIRECT(\"SubcategoriesTable[Subcategory name]\"),INDIRECT(\"SubcategoriesTable[Category name]\")=$B6),,)),\"No subcategories\")","v":0},0,0,0,0,0,0,0,0,0,0,0,0,0,0,0,0,0,0,0,0,0,0,0,0,0,0,0,0,0,0,0,0,0,0,0,0,0,0,0,0,0,0,0,0,0,0,0,0,0,0,0,0,0,0,0,0,0,0,0,0,0,0,0,0,0,0,0,0,0,0,0,0,0,0,0,0,0,0,0,0,0,0,0,0,0,0,0,0,0,0,0,0,0,0,0,0,0,0,0,0,0,0,0,0,0,0,0,0,0,0,0,0,0,0,0,0,0,0,0,0,0,0,0,0,0,0,0,0,0,0,0,0,0,0,0,0,0,0,0,0,0,0,0,0,0,0,0,0,0,0,0,0,0,0,0,0,0,0,0,0,0,0,0,0,0,0,0,0,0,0,0,0,0,0,0,0,0,0,0,0,0,0,0,0,0,0,0,0,0,0,0,0,0,0,0,0,0,0,0,0,0,0,0,0,0,0,0,0,0,0,0,0,0,0,0,0,0,0,0,0,0,0,0,0,0,0,0,0,0,0,0,0,0,0,0,0,0,0,0,0,0,0]
[null,null,{"$f":"IFERROR(TRANSPOSE(INDEX(_xlfn._xlws.FILTER(INDIRECT(\"SubcategoriesTable[Subcategory name]\"),INDIRECT(\"SubcategoriesTable[Category name]\")=$B7),,)),\"No subcategories\")","v":0},0,0,0,0,0,0,0,0,0,0,0,0,0,0,0,0,0,0,0,0,0,0,0,0,0,0,0,0,0,0,0,0,0,0,0,0,0,0,0,0,0,0,0,0,0,0,0,0,0,0,0,0,0,0,0,0,0,0,0,0,0,0,0,0,0,0,0,0,0,0,0,0,0,0,0,0,0,0,0,0,0,0,0,0,0,0,0,0,0,0,0,0,0,0,0,0,0,0,0,0,0,0,0,0,0,0,0,0,0,0,0,0,0,0,0,0,0,0,0,0,0,0,0,0,0,0,0,0,0,0,0,0,0,0,0,0,0,0,0,0,0,0,0,0,0,0,0,0,0,0,0,0,0,0,0,0,0,0,0,0,0,0,0,0,0,0,0,0,0,0,0,0,0,0,0,0,0,0,0,0,0,0,0,0,0,0,0,0,0,0,0,0,0,0,0,0,0,0,0,0,0,0,0,0,0,0,0,0,0,0,0,0,0,0,0,0,0,0,0,0,0,0,0,0,0,0,0,0,0,0,0,0,0,0,0,0,0,0,0,0,0,0]
[null,null,{"$f":"IFERROR(TRANSPOSE(INDEX(_xlfn._xlws.FILTER(INDIRECT(\"SubcategoriesTable[Subcategory name]\"),INDIRECT(\"SubcategoriesTable[Category name]\")=$B8),,)),\"No subcategories\")","v":0},0,0,0,0,0,0,0,0,0,0,0,0,0,0,0,0,0,0,0,0,0,0,0,0,0,0,0,0,0,0,0,0,0,0,0,0,0,0,0,0,0,0,0,0,0,0,0,0,0,0,0,0,0,0,0,0,0,0,0,0,0,0,0,0,0,0,0,0,0,0,0,0,0,0,0,0,0,0,0,0,0,0,0,0,0,0,0,0,0,0,0,0,0,0,0,0,0,0,0,0,0,0,0,0,0,0,0,0,0,0,0,0,0,0,0,0,0,0,0,0,0,0,0,0,0,0,0,0,0,0,0,0,0,0,0,0,0,0,0,0,0,0,0,0,0,0,0,0,0,0,0,0,0,0,0,0,0,0,0,0,0,0,0,0,0,0,0,0,0,0,0,0,0,0,0,0,0,0,0,0,0,0,0,0,0,0,0,0,0,0,0,0,0,0,0,0,0,0,0,0,0,0,0,0,0,0,0,0,0,0,0,0,0,0,0,0,0,0,0,0,0,0,0,0,0,0,0,0,0,0,0,0,0,0,0,0,0,0,0,0,0,0]
[null,null,{"$f":"IFERROR(TRANSPOSE(INDEX(_xlfn._xlws.FILTER(INDIRECT(\"SubcategoriesTable[Subcategory name]\"),INDIRECT(\"SubcategoriesTable[Category name]\")=$B9),,)),\"No subcategories\")","v":0},0,0,0,0,0,0,0,0,0,0,0,0,0,0,0,0,0,0,0,0,0,0,0,0,0,0,0,0,0,0,0,0,0,0,0,0,0,0,0,0,0,0,0,0,0,0,0,0,0,0,0,0,0,0,0,0,0,0,0,0,0,0,0,0,0,0,0,0,0,0,0,0,0,0,0,0,0,0,0,0,0,0,0,0,0,0,0,0,0,0,0,0,0,0,0,0,0,0,0,0,0,0,0,0,0,0,0,0,0,0,0,0,0,0,0,0,0,0,0,0,0,0,0,0,0,0,0,0,0,0,0,0,0,0,0,0,0,0,0,0,0,0,0,0,0,0,0,0,0,0,0,0,0,0,0,0,0,0,0,0,0,0,0,0,0,0,0,0,0,0,0,0,0,0,0,0,0,0,0,0,0,0,0,0,0,0,0,0,0,0,0,0,0,0,0,0,0,0,0,0,0,0,0,0,0,0,0,0,0,0,0,0,0,0,0,0,0,0,0,0,0,0,0,0,0,0,0,0,0,0,0,0,0,0,0,0,0,0,0,0,0,0]
[null,null,{"$f":"IFERROR(TRANSPOSE(INDEX(_xlfn._xlws.FILTER(INDIRECT(\"SubcategoriesTable[Subcategory name]\"),INDIRECT(\"SubcategoriesTable[Category name]\")=$B10),,)),\"No subcategories\")","v":0},0,0,0,0,0,0,0,0,0,0,0,0,0,0,0,0,0,0,0,0,0,0,0,0,0,0,0,0,0,0,0,0,0,0,0,0,0,0,0,0,0,0,0,0,0,0,0,0,0,0,0,0,0,0,0,0,0,0,0,0,0,0,0,0,0,0,0,0,0,0,0,0,0,0,0,0,0,0,0,0,0,0,0,0,0,0,0,0,0,0,0,0,0,0,0,0,0,0,0,0,0,0,0,0,0,0,0,0,0,0,0,0,0,0,0,0,0,0,0,0,0,0,0,0,0,0,0,0,0,0,0,0,0,0,0,0,0,0,0,0,0,0,0,0,0,0,0,0,0,0,0,0,0,0,0,0,0,0,0,0,0,0,0,0,0,0,0,0,0,0,0,0,0,0,0,0,0,0,0,0,0,0,0,0,0,0,0,0,0,0,0,0,0,0,0,0,0,0,0,0,0,0,0,0,0,0,0,0,0,0,0,0,0,0,0,0,0,0,0,0,0,0,0,0,0,0,0,0,0,0,0,0,0,0,0,0,0,0,0,0,0,0]
[null,null,{"$f":"IFERROR(TRANSPOSE(INDEX(_xlfn._xlws.FILTER(INDIRECT(\"SubcategoriesTable[Subcategory name]\"),INDIRECT(\"SubcategoriesTable[Category name]\")=$B11),,)),\"No subcategories\")","v":0},0,0,0,0,0,0,0,0,0,0,0,0,0,0,0,0,0,0,0,0,0,0,0,0,0,0,0,0,0,0,0,0,0,0,0,0,0,0,0,0,0,0,0,0,0,0,0,0,0,0,0,0,0,0,0,0,0,0,0,0,0,0,0,0,0,0,0,0,0,0,0,0,0,0,0,0,0,0,0,0,0,0,0,0,0,0,0,0,0,0,0,0,0,0,0,0,0,0,0,0,0,0,0,0,0,0,0,0,0,0,0,0,0,0,0,0,0,0,0,0,0,0,0,0,0,0,0,0,0,0,0,0,0,0,0,0,0,0,0,0,0,0,0,0,0,0,0,0,0,0,0,0,0,0,0,0,0,0,0,0,0,0,0,0,0,0,0,0,0,0,0,0,0,0,0,0,0,0,0,0,0,0,0,0,0,0,0,0,0,0,0,0,0,0,0,0,0,0,0,0,0,0,0,0,0,0,0,0,0,0,0,0,0,0,0,0,0,0,0,0,0,0,0,0,0,0,0,0,0,0,0,0,0,0,0,0,0,0,0,0,0,0]
[null,null,{"$f":"IFERROR(TRANSPOSE(INDEX(_xlfn._xlws.FILTER(INDIRECT(\"SubcategoriesTable[Subcategory name]\"),INDIRECT(\"SubcategoriesTable[Category name]\")=$B12),,)),\"No subcategories\")","v":0},0,0,0,0,0,0,0,0,0,0,0,0,0,0,0,0,0,0,0,0,0,0,0,0,0,0,0,0,0,0,0,0,0,0,0,0,0,0,0,0,0,0,0,0,0,0,0,0,0,0,0,0,0,0,0,0,0,0,0,0,0,0,0,0,0,0,0,0,0,0,0,0,0,0,0,0,0,0,0,0,0,0,0,0,0,0,0,0,0,0,0,0,0,0,0,0,0,0,0,0,0,0,0,0,0,0,0,0,0,0,0,0,0,0,0,0,0,0,0,0,0,0,0,0,0,0,0,0,0,0,0,0,0,0,0,0,0,0,0,0,0,0,0,0,0,0,0,0,0,0,0,0,0,0,0,0,0,0,0,0,0,0,0,0,0,0,0,0,0,0,0,0,0,0,0,0,0,0,0,0,0,0,0,0,0,0,0,0,0,0,0,0,0,0,0,0,0,0,0,0,0,0,0,0,0,0,0,0,0,0,0,0,0,0,0,0,0,0,0,0,0,0,0,0,0,0,0,0,0,0,0,0,0,0,0,0,0,0,0,0,0,0]
[null,null,{"$f":"IFERROR(TRANSPOSE(INDEX(_xlfn._xlws.FILTER(INDIRECT(\"SubcategoriesTable[Subcategory name]\"),INDIRECT(\"SubcategoriesTable[Category name]\")=$B13),,)),\"No subcategories\")","v":0},0,0,0,0,0,0,0,0,0,0,0,0,0,0,0,0,0,0,0,0,0,0,0,0,0,0,0,0,0,0,0,0,0,0,0,0,0,0,0,0,0,0,0,0,0,0,0,0,0,0,0,0,0,0,0,0,0,0,0,0,0,0,0,0,0,0,0,0,0,0,0,0,0,0,0,0,0,0,0,0,0,0,0,0,0,0,0,0,0,0,0,0,0,0,0,0,0,0,0,0,0,0,0,0,0,0,0,0,0,0,0,0,0,0,0,0,0,0,0,0,0,0,0,0,0,0,0,0,0,0,0,0,0,0,0,0,0,0,0,0,0,0,0,0,0,0,0,0,0,0,0,0,0,0,0,0,0,0,0,0,0,0,0,0,0,0,0,0,0,0,0,0,0,0,0,0,0,0,0,0,0,0,0,0,0,0,0,0,0,0,0,0,0,0,0,0,0,0,0,0,0,0,0,0,0,0,0,0,0,0,0,0,0,0,0,0,0,0,0,0,0,0,0,0,0,0,0,0,0,0,0,0,0,0,0,0,0,0,0,0,0,0]
[null,null,{"$f":"IFERROR(TRANSPOSE(INDEX(_xlfn._xlws.FILTER(INDIRECT(\"SubcategoriesTable[Subcategory name]\"),INDIRECT(\"SubcategoriesTable[Category name]\")=$B14),,)),\"No subcategories\")","v":0},0,0,0,0,0,0,0,0,0,0,0,0,0,0,0,0,0,0,0,0,0,0,0,0,0,0,0,0,0,0,0,0,0,0,0,0,0,0,0,0,0,0,0,0,0,0,0,0,0,0,0,0,0,0,0,0,0,0,0,0,0,0,0,0,0,0,0,0,0,0,0,0,0,0,0,0,0,0,0,0,0,0,0,0,0,0,0,0,0,0,0,0,0,0,0,0,0,0,0,0,0,0,0,0,0,0,0,0,0,0,0,0,0,0,0,0,0,0,0,0,0,0,0,0,0,0,0,0,0,0,0,0,0,0,0,0,0,0,0,0,0,0,0,0,0,0,0,0,0,0,0,0,0,0,0,0,0,0,0,0,0,0,0,0,0,0,0,0,0,0,0,0,0,0,0,0,0,0,0,0,0,0,0,0,0,0,0,0,0,0,0,0,0,0,0,0,0,0,0,0,0,0,0,0,0,0,0,0,0,0,0,0,0,0,0,0,0,0,0,0,0,0,0,0,0,0,0,0,0,0,0,0,0,0,0,0,0,0,0,0,0,0]
[null,null,{"$f":"IFERROR(TRANSPOSE(INDEX(_xlfn._xlws.FILTER(INDIRECT(\"SubcategoriesTable[Subcategory name]\"),INDIRECT(\"SubcategoriesTable[Category name]\")=$B15),,)),\"No subcategories\")","v":0},0,0,0,0,0,0,0,0,0,0,0,0,0,0,0,0,0,0,0,0,0,0,0,0,0,0,0,0,0,0,0,0,0,0,0,0,0,0,0,0,0,0,0,0,0,0,0,0,0,0,0,0,0,0,0,0,0,0,0,0,0,0,0,0,0,0,0,0,0,0,0,0,0,0,0,0,0,0,0,0,0,0,0,0,0,0,0,0,0,0,0,0,0,0,0,0,0,0,0,0,0,0,0,0,0,0,0,0,0,0,0,0,0,0,0,0,0,0,0,0,0,0,0,0,0,0,0,0,0,0,0,0,0,0,0,0,0,0,0,0,0,0,0,0,0,0,0,0,0,0,0,0,0,0,0,0,0,0,0,0,0,0,0,0,0,0,0,0,0,0,0,0,0,0,0,0,0,0,0,0,0,0,0,0,0,0,0,0,0,0,0,0,0,0,0,0,0,0,0,0,0,0,0,0,0,0,0,0,0,0,0,0,0,0,0,0,0,0,0,0,0,0,0,0,0,0,0,0,0,0,0,0,0,0,0,0,0,0,0,0,0,0]
[null,null,{"$f":"IFERROR(TRANSPOSE(INDEX(_xlfn._xlws.FILTER(INDIRECT(\"SubcategoriesTable[Subcategory name]\"),INDIRECT(\"SubcategoriesTable[Category name]\")=$B16),,)),\"No subcategories\")","v":0},0,0,0,0,0,0,0,0,0,0,0,0,0,0,0,0,0,0,0,0,0,0,0,0,0,0,0,0,0,0,0,0,0,0,0,0,0,0,0,0,0,0,0,0,0,0,0,0,0,0,0,0,0,0,0,0,0,0,0,0,0,0,0,0,0,0,0,0,0,0,0,0,0,0,0,0,0,0,0,0,0,0,0,0,0,0,0,0,0,0,0,0,0,0,0,0,0,0,0,0,0,0,0,0,0,0,0,0,0,0,0,0,0,0,0,0,0,0,0,0,0,0,0,0,0,0,0,0,0,0,0,0,0,0,0,0,0,0,0,0,0,0,0,0,0,0,0,0,0,0,0,0,0,0,0,0,0,0,0,0,0,0,0,0,0,0,0,0,0,0,0,0,0,0,0,0,0,0,0,0,0,0,0,0,0,0,0,0,0,0,0,0,0,0,0,0,0,0,0,0,0,0,0,0,0,0,0,0,0,0,0,0,0,0,0,0,0,0,0,0,0,0,0,0,0,0,0,0,0,0,0,0,0,0,0,0,0,0,0,0,0,0]
[null,null,{"$f":"IFERROR(TRANSPOSE(INDEX(_xlfn._xlws.FILTER(INDIRECT(\"SubcategoriesTable[Subcategory name]\"),INDIRECT(\"SubcategoriesTable[Category name]\")=$B17),,)),\"No subcategories\")","v":0},0,0,0,0,0,0,0,0,0,0,0,0,0,0,0,0,0,0,0,0,0,0,0,0,0,0,0,0,0,0,0,0,0,0,0,0,0,0,0,0,0,0,0,0,0,0,0,0,0,0,0,0,0,0,0,0,0,0,0,0,0,0,0,0,0,0,0,0,0,0,0,0,0,0,0,0,0,0,0,0,0,0,0,0,0,0,0,0,0,0,0,0,0,0,0,0,0,0,0,0,0,0,0,0,0,0,0,0,0,0,0,0,0,0,0,0,0,0,0,0,0,0,0,0,0,0,0,0,0,0,0,0,0,0,0,0,0,0,0,0,0,0,0,0,0,0,0,0,0,0,0,0,0,0,0,0,0,0,0,0,0,0,0,0,0,0,0,0,0,0,0,0,0,0,0,0,0,0,0,0,0,0,0,0,0,0,0,0,0,0,0,0,0,0,0,0,0,0,0,0,0,0,0,0,0,0,0,0,0,0,0,0,0,0,0,0,0,0,0,0,0,0,0,0,0,0,0,0,0,0,0,0,0,0,0,0,0,0,0,0,0,0]
[null,null,{"$f":"IFERROR(TRANSPOSE(INDEX(_xlfn._xlws.FILTER(INDIRECT(\"SubcategoriesTable[Subcategory name]\"),INDIRECT(\"SubcategoriesTable[Category name]\")=$B18),,)),\"No subcategories\")","v":0},0,0,0,0,0,0,0,0,0,0,0,0,0,0,0,0,0,0,0,0,0,0,0,0,0,0,0,0,0,0,0,0,0,0,0,0,0,0,0,0,0,0,0,0,0,0,0,0,0,0,0,0,0,0,0,0,0,0,0,0,0,0,0,0,0,0,0,0,0,0,0,0,0,0,0,0,0,0,0,0,0,0,0,0,0,0,0,0,0,0,0,0,0,0,0,0,0,0,0,0,0,0,0,0,0,0,0,0,0,0,0,0,0,0,0,0,0,0,0,0,0,0,0,0,0,0,0,0,0,0,0,0,0,0,0,0,0,0,0,0,0,0,0,0,0,0,0,0,0,0,0,0,0,0,0,0,0,0,0,0,0,0,0,0,0,0,0,0,0,0,0,0,0,0,0,0,0,0,0,0,0,0,0,0,0,0,0,0,0,0,0,0,0,0,0,0,0,0,0,0,0,0,0,0,0,0,0,0,0,0,0,0,0,0,0,0,0,0,0,0,0,0,0,0,0,0,0,0,0,0,0,0,0,0,0,0,0,0,0,0,0,0]
[null,null,{"$f":"IFERROR(TRANSPOSE(INDEX(_xlfn._xlws.FILTER(INDIRECT(\"SubcategoriesTable[Subcategory name]\"),INDIRECT(\"SubcategoriesTable[Category name]\")=$B19),,)),\"No subcategories\")","v":0},0,0,0,0,0,0,0,0,0,0,0,0,0,0,0,0,0,0,0,0,0,0,0,0,0,0,0,0,0,0,0,0,0,0,0,0,0,0,0,0,0,0,0,0,0,0,0,0,0,0,0,0,0,0,0,0,0,0,0,0,0,0,0,0,0,0,0,0,0,0,0,0,0,0,0,0,0,0,0,0,0,0,0,0,0,0,0,0,0,0,0,0,0,0,0,0,0,0,0,0,0,0,0,0,0,0,0,0,0,0,0,0,0,0,0,0,0,0,0,0,0,0,0,0,0,0,0,0,0,0,0,0,0,0,0,0,0,0,0,0,0,0,0,0,0,0,0,0,0,0,0,0,0,0,0,0,0,0,0,0,0,0,0,0,0,0,0,0,0,0,0,0,0,0,0,0,0,0,0,0,0,0,0,0,0,0,0,0,0,0,0,0,0,0,0,0,0,0,0,0,0,0,0,0,0,0,0,0,0,0,0,0,0,0,0,0,0,0,0,0,0,0,0,0,0,0,0,0,0,0,0,0,0,0,0,0,0,0,0,0,0,0]
[null,null,{"$f":"IFERROR(TRANSPOSE(INDEX(_xlfn._xlws.FILTER(INDIRECT(\"SubcategoriesTable[Subcategory name]\"),INDIRECT(\"SubcategoriesTable[Category name]\")=$B20),,)),\"No subcategories\")","v":0},0,0,0,0,0,0,0,0,0,0,0,0,0,0,0,0,0,0,0,0,0,0,0,0,0,0,0,0,0,0,0,0,0,0,0,0,0,0,0,0,0,0,0,0,0,0,0,0,0,0,0,0,0,0,0,0,0,0,0,0,0,0,0,0,0,0,0,0,0,0,0,0,0,0,0,0,0,0,0,0,0,0,0,0,0,0,0,0,0,0,0,0,0,0,0,0,0,0,0,0,0,0,0,0,0,0,0,0,0,0,0,0,0,0,0,0,0,0,0,0,0,0,0,0,0,0,0,0,0,0,0,0,0,0,0,0,0,0,0,0,0,0,0,0,0,0,0,0,0,0,0,0,0,0,0,0,0,0,0,0,0,0,0,0,0,0,0,0,0,0,0,0,0,0,0,0,0,0,0,0,0,0,0,0,0,0,0,0,0,0,0,0,0,0,0,0,0,0,0,0,0,0,0,0,0,0,0,0,0,0,0,0,0,0,0,0,0,0,0,0,0,0,0,0,0,0,0,0,0,0,0,0,0,0,0,0,0,0,0,0,0,0]
[null,null,{"$f":"IFERROR(TRANSPOSE(INDEX(_xlfn._xlws.FILTER(INDIRECT(\"SubcategoriesTable[Subcategory name]\"),INDIRECT(\"SubcategoriesTable[Category name]\")=$B21),,)),\"No subcategories\")","v":0},0,0,0,0,0,0,0,0,0,0,0,0,0,0,0,0,0,0,0,0,0,0,0,0,0,0,0,0,0,0,0,0,0,0,0,0,0,0,0,0,0,0,0,0,0,0,0,0,0,0,0,0,0,0,0,0,0,0,0,0,0,0,0,0,0,0,0,0,0,0,0,0,0,0,0,0,0,0,0,0,0,0,0,0,0,0,0,0,0,0,0,0,0,0,0,0,0,0,0,0,0,0,0,0,0,0,0,0,0,0,0,0,0,0,0,0,0,0,0,0,0,0,0,0,0,0,0,0,0,0,0,0,0,0,0,0,0,0,0,0,0,0,0,0,0,0,0,0,0,0,0,0,0,0,0,0,0,0,0,0,0,0,0,0,0,0,0,0,0,0,0,0,0,0,0,0,0,0,0,0,0,0,0,0,0,0,0,0,0,0,0,0,0,0,0,0,0,0,0,0,0,0,0,0,0,0,0,0,0,0,0,0,0,0,0,0,0,0,0,0,0,0,0,0,0,0,0,0,0,0,0,0,0,0,0,0,0,0,0,0,0,0]
[null,null,{"$f":"IFERROR(TRANSPOSE(INDEX(_xlfn._xlws.FILTER(INDIRECT(\"SubcategoriesTable[Subcategory name]\"),INDIRECT(\"SubcategoriesTable[Category name]\")=$B22),,)),\"No subcategories\")","v":0},0,0,0,0,0,0,0,0,0,0,0,0,0,0,0,0,0,0,0,0,0,0,0,0,0,0,0,0,0,0,0,0,0,0,0,0,0,0,0,0,0,0,0,0,0,0,0,0,0,0,0,0,0,0,0,0,0,0,0,0,0,0,0,0,0,0,0,0,0,0,0,0,0,0,0,0,0,0,0,0,0,0,0,0,0,0,0,0,0,0,0,0,0,0,0,0,0,0,0,0,0,0,0,0,0,0,0,0,0,0,0,0,0,0,0,0,0,0,0,0,0,0,0,0,0,0,0,0,0,0,0,0,0,0,0,0,0,0,0,0,0,0,0,0,0,0,0,0,0,0,0,0,0,0,0,0,0,0,0,0,0,0,0,0,0,0,0,0,0,0,0,0,0,0,0,0,0,0,0,0,0,0,0,0,0,0,0,0,0,0,0,0,0,0,0,0,0,0,0,0,0,0,0,0,0,0,0,0,0,0,0,0,0,0,0,0,0,0,0,0,0,0,0,0,0,0,0,0,0,0,0,0,0,0,0,0,0,0,0,0,0,0]
[null,null,{"$f":"IFERROR(TRANSPOSE(INDEX(_xlfn._xlws.FILTER(INDIRECT(\"SubcategoriesTable[Subcategory name]\"),INDIRECT(\"SubcategoriesTable[Category name]\")=$B23),,)),\"No subcategories\")","v":0},0,0,0,0,0,0,0,0,0,0,0,0,0,0,0,0,0,0,0,0,0,0,0,0,0,0,0,0,0,0,0,0,0,0,0,0,0,0,0,0,0,0,0,0,0,0,0,0,0,0,0,0,0,0,0,0,0,0,0,0,0,0,0,0,0,0,0,0,0,0,0,0,0,0,0,0,0,0,0,0,0,0,0,0,0,0,0,0,0,0,0,0,0,0,0,0,0,0,0,0,0,0,0,0,0,0,0,0,0,0,0,0,0,0,0,0,0,0,0,0,0,0,0,0,0,0,0,0,0,0,0,0,0,0,0,0,0,0,0,0,0,0,0,0,0,0,0,0,0,0,0,0,0,0,0,0,0,0,0,0,0,0,0,0,0,0,0,0,0,0,0,0,0,0,0,0,0,0,0,0,0,0,0,0,0,0,0,0,0,0,0,0,0,0,0,0,0,0,0,0,0,0,0,0,0,0,0,0,0,0,0,0,0,0,0,0,0,0,0,0,0,0,0,0,0,0,0,0,0,0,0,0,0,0,0,0,0,0,0,0,0,0]
[null,null,{"$f":"IFERROR(TRANSPOSE(INDEX(_xlfn._xlws.FILTER(INDIRECT(\"SubcategoriesTable[Subcategory name]\"),INDIRECT(\"SubcategoriesTable[Category name]\")=$B24),,)),\"No subcategories\")","v":0},0,0,0,0,0,0,0,0,0,0,0,0,0,0,0,0,0,0,0,0,0,0,0,0,0,0,0,0,0,0,0,0,0,0,0,0,0,0,0,0,0,0,0,0,0,0,0,0,0,0,0,0,0,0,0,0,0,0,0,0,0,0,0,0,0,0,0,0,0,0,0,0,0,0,0,0,0,0,0,0,0,0,0,0,0,0,0,0,0,0,0,0,0,0,0,0,0,0,0,0,0,0,0,0,0,0,0,0,0,0,0,0,0,0,0,0,0,0,0,0,0,0,0,0,0,0,0,0,0,0,0,0,0,0,0,0,0,0,0,0,0,0,0,0,0,0,0,0,0,0,0,0,0,0,0,0,0,0,0,0,0,0,0,0,0,0,0,0,0,0,0,0,0,0,0,0,0,0,0,0,0,0,0,0,0,0,0,0,0,0,0,0,0,0,0,0,0,0,0,0,0,0,0,0,0,0,0,0,0,0,0,0,0,0,0,0,0,0,0,0,0,0,0,0,0,0,0,0,0,0,0,0,0,0,0,0,0,0,0,0,0,0]
[null,null,{"$f":"IFERROR(TRANSPOSE(INDEX(_xlfn._xlws.FILTER(INDIRECT(\"SubcategoriesTable[Subcategory name]\"),INDIRECT(\"SubcategoriesTable[Category name]\")=$B25),,)),\"No subcategories\")","v":0},0,0,0,0,0,0,0,0,0,0,0,0,0,0,0,0,0,0,0,0,0,0,0,0,0,0,0,0,0,0,0,0,0,0,0,0,0,0,0,0,0,0,0,0,0,0,0,0,0,0,0,0,0,0,0,0,0,0,0,0,0,0,0,0,0,0,0,0,0,0,0,0,0,0,0,0,0,0,0,0,0,0,0,0,0,0,0,0,0,0,0,0,0,0,0,0,0,0,0,0,0,0,0,0,0,0,0,0,0,0,0,0,0,0,0,0,0,0,0,0,0,0,0,0,0,0,0,0,0,0,0,0,0,0,0,0,0,0,0,0,0,0,0,0,0,0,0,0,0,0,0,0,0,0,0,0,0,0,0,0,0,0,0,0,0,0,0,0,0,0,0,0,0,0,0,0,0,0,0,0,0,0,0,0,0,0,0,0,0,0,0,0,0,0,0,0,0,0,0,0,0,0,0,0,0,0,0,0,0,0,0,0,0,0,0,0,0,0,0,0,0,0,0,0,0,0,0,0,0,0,0,0,0,0,0,0,0,0,0,0,0,0]
[null,null,{"$f":"IFERROR(TRANSPOSE(INDEX(_xlfn._xlws.FILTER(INDIRECT(\"SubcategoriesTable[Subcategory name]\"),INDIRECT(\"SubcategoriesTable[Category name]\")=$B26),,)),\"No subcategories\")","v":0},0,0,0,0,0,0,0,0,0,0,0,0,0,0,0,0,0,0,0,0,0,0,0,0,0,0,0,0,0,0,0,0,0,0,0,0,0,0,0,0,0,0,0,0,0,0,0,0,0,0,0,0,0,0,0,0,0,0,0,0,0,0,0,0,0,0,0,0,0,0,0,0,0,0,0,0,0,0,0,0,0,0,0,0,0,0,0,0,0,0,0,0,0,0,0,0,0,0,0,0,0,0,0,0,0,0,0,0,0,0,0,0,0,0,0,0,0,0,0,0,0,0,0,0,0,0,0,0,0,0,0,0,0,0,0,0,0,0,0,0,0,0,0,0,0,0,0,0,0,0,0,0,0,0,0,0,0,0,0,0,0,0,0,0,0,0,0,0,0,0,0,0,0,0,0,0,0,0,0,0,0,0,0,0,0,0,0,0,0,0,0,0,0,0,0,0,0,0,0,0,0,0,0,0,0,0,0,0,0,0,0,0,0,0,0,0,0,0,0,0,0,0,0,0,0,0,0,0,0,0,0,0,0,0,0,0,0,0,0,0,0,0]
[null,null,{"$f":"IFERROR(TRANSPOSE(INDEX(_xlfn._xlws.FILTER(INDIRECT(\"SubcategoriesTable[Subcategory name]\"),INDIRECT(\"SubcategoriesTable[Category name]\")=$B27),,)),\"No subcategories\")","v":0},0,0,0,0,0,0,0,0,0,0,0,0,0,0,0,0,0,0,0,0,0,0,0,0,0,0,0,0,0,0,0,0,0,0,0,0,0,0,0,0,0,0,0,0,0,0,0,0,0,0,0,0,0,0,0,0,0,0,0,0,0,0,0,0,0,0,0,0,0,0,0,0,0,0,0,0,0,0,0,0,0,0,0,0,0,0,0,0,0,0,0,0,0,0,0,0,0,0,0,0,0,0,0,0,0,0,0,0,0,0,0,0,0,0,0,0,0,0,0,0,0,0,0,0,0,0,0,0,0,0,0,0,0,0,0,0,0,0,0,0,0,0,0,0,0,0,0,0,0,0,0,0,0,0,0,0,0,0,0,0,0,0,0,0,0,0,0,0,0,0,0,0,0,0,0,0,0,0,0,0,0,0,0,0,0,0,0,0,0,0,0,0,0,0,0,0,0,0,0,0,0,0,0,0,0,0,0,0,0,0,0,0,0,0,0,0,0,0,0,0,0,0,0,0,0,0,0,0,0,0,0,0,0,0,0,0,0,0,0,0,0,0]
[null,null,{"$f":"IFERROR(TRANSPOSE(INDEX(_xlfn._xlws.FILTER(INDIRECT(\"SubcategoriesTable[Subcategory name]\"),INDIRECT(\"SubcategoriesTable[Category name]\")=$B28),,)),\"No subcategories\")","v":0},0,0,0,0,0,0,0,0,0,0,0,0,0,0,0,0,0,0,0,0,0,0,0,0,0,0,0,0,0,0,0,0,0,0,0,0,0,0,0,0,0,0,0,0,0,0,0,0,0,0,0,0,0,0,0,0,0,0,0,0,0,0,0,0,0,0,0,0,0,0,0,0,0,0,0,0,0,0,0,0,0,0,0,0,0,0,0,0,0,0,0,0,0,0,0,0,0,0,0,0,0,0,0,0,0,0,0,0,0,0,0,0,0,0,0,0,0,0,0,0,0,0,0,0,0,0,0,0,0,0,0,0,0,0,0,0,0,0,0,0,0,0,0,0,0,0,0,0,0,0,0,0,0,0,0,0,0,0,0,0,0,0,0,0,0,0,0,0,0,0,0,0,0,0,0,0,0,0,0,0,0,0,0,0,0,0,0,0,0,0,0,0,0,0,0,0,0,0,0,0,0,0,0,0,0,0,0,0,0,0,0,0,0,0,0,0,0,0,0,0,0,0,0,0,0,0,0,0,0,0,0,0,0,0,0,0,0,0,0,0,0,0]
[null,null,{"$f":"IFERROR(TRANSPOSE(INDEX(_xlfn._xlws.FILTER(INDIRECT(\"SubcategoriesTable[Subcategory name]\"),INDIRECT(\"SubcategoriesTable[Category name]\")=$B29),,)),\"No subcategories\")","v":0},0,0,0,0,0,0,0,0,0,0,0,0,0,0,0,0,0,0,0,0,0,0,0,0,0,0,0,0,0,0,0,0,0,0,0,0,0,0,0,0,0,0,0,0,0,0,0,0,0,0,0,0,0,0,0,0,0,0,0,0,0,0,0,0,0,0,0,0,0,0,0,0,0,0,0,0,0,0,0,0,0,0,0,0,0,0,0,0,0,0,0,0,0,0,0,0,0,0,0,0,0,0,0,0,0,0,0,0,0,0,0,0,0,0,0,0,0,0,0,0,0,0,0,0,0,0,0,0,0,0,0,0,0,0,0,0,0,0,0,0,0,0,0,0,0,0,0,0,0,0,0,0,0,0,0,0,0,0,0,0,0,0,0,0,0,0,0,0,0,0,0,0,0,0,0,0,0,0,0,0,0,0,0,0,0,0,0,0,0,0,0,0,0,0,0,0,0,0,0,0,0,0,0,0,0,0,0,0,0,0,0,0,0,0,0,0,0,0,0,0,0,0,0,0,0,0,0,0,0,0,0,0,0,0,0,0,0,0,0,0,0,0]
[null,null,{"$f":"IFERROR(TRANSPOSE(INDEX(_xlfn._xlws.FILTER(INDIRECT(\"SubcategoriesTable[Subcategory name]\"),INDIRECT(\"SubcategoriesTable[Category name]\")=$B30),,)),\"No subcategories\")","v":0},0,0,0,0,0,0,0,0,0,0,0,0,0,0,0,0,0,0,0,0,0,0,0,0,0,0,0,0,0,0,0,0,0,0,0,0,0,0,0,0,0,0,0,0,0,0,0,0,0,0,0,0,0,0,0,0,0,0,0,0,0,0,0,0,0,0,0,0,0,0,0,0,0,0,0,0,0,0,0,0,0,0,0,0,0,0,0,0,0,0,0,0,0,0,0,0,0,0,0,0,0,0,0,0,0,0,0,0,0,0,0,0,0,0,0,0,0,0,0,0,0,0,0,0,0,0,0,0,0,0,0,0,0,0,0,0,0,0,0,0,0,0,0,0,0,0,0,0,0,0,0,0,0,0,0,0,0,0,0,0,0,0,0,0,0,0,0,0,0,0,0,0,0,0,0,0,0,0,0,0,0,0,0,0,0,0,0,0,0,0,0,0,0,0,0,0,0,0,0,0,0,0,0,0,0,0,0,0,0,0,0,0,0,0,0,0,0,0,0,0,0,0,0,0,0,0,0,0,0,0,0,0,0,0,0,0,0,0,0,0,0,0]
[null,null,{"$f":"IFERROR(TRANSPOSE(INDEX(_xlfn._xlws.FILTER(INDIRECT(\"SubcategoriesTable[Subcategory name]\"),INDIRECT(\"SubcategoriesTable[Category name]\")=$B31),,)),\"No subcategories\")","v":0},0,0,0,0,0,0,0,0,0,0,0,0,0,0,0,0,0,0,0,0,0,0,0,0,0,0,0,0,0,0,0,0,0,0,0,0,0,0,0,0,0,0,0,0,0,0,0,0,0,0,0,0,0,0,0,0,0,0,0,0,0,0,0,0,0,0,0,0,0,0,0,0,0,0,0,0,0,0,0,0,0,0,0,0,0,0,0,0,0,0,0,0,0,0,0,0,0,0,0,0,0,0,0,0,0,0,0,0,0,0,0,0,0,0,0,0,0,0,0,0,0,0,0,0,0,0,0,0,0,0,0,0,0,0,0,0,0,0,0,0,0,0,0,0,0,0,0,0,0,0,0,0,0,0,0,0,0,0,0,0,0,0,0,0,0,0,0,0,0,0,0,0,0,0,0,0,0,0,0,0,0,0,0,0,0,0,0,0,0,0,0,0,0,0,0,0,0,0,0,0,0,0,0,0,0,0,0,0,0,0,0,0,0,0,0,0,0,0,0,0,0,0,0,0,0,0,0,0,0,0,0,0,0,0,0,0,0,0,0,0,0,0]
[null,null,{"$f":"IFERROR(TRANSPOSE(INDEX(_xlfn._xlws.FILTER(INDIRECT(\"SubcategoriesTable[Subcategory name]\"),INDIRECT(\"SubcategoriesTable[Category name]\")=$B32),,)),\"No subcategories\")","v":0},0,0,0,0,0,0,0,0,0,0,0,0,0,0,0,0,0,0,0,0,0,0,0,0,0,0,0,0,0,0,0,0,0,0,0,0,0,0,0,0,0,0,0,0,0,0,0,0,0,0,0,0,0,0,0,0,0,0,0,0,0,0,0,0,0,0,0,0,0,0,0,0,0,0,0,0,0,0,0,0,0,0,0,0,0,0,0,0,0,0,0,0,0,0,0,0,0,0,0,0,0,0,0,0,0,0,0,0,0,0,0,0,0,0,0,0,0,0,0,0,0,0,0,0,0,0,0,0,0,0,0,0,0,0,0,0,0,0,0,0,0,0,0,0,0,0,0,0,0,0,0,0,0,0,0,0,0,0,0,0,0,0,0,0,0,0,0,0,0,0,0,0,0,0,0,0,0,0,0,0,0,0,0,0,0,0,0,0,0,0,0,0,0,0,0,0,0,0,0,0,0,0,0,0,0,0,0,0,0,0,0,0,0,0,0,0,0,0,0,0,0,0,0,0,0,0,0,0,0,0,0,0,0,0,0,0,0,0,0,0,0,0]
[null,null,{"$f":"IFERROR(TRANSPOSE(INDEX(_xlfn._xlws.FILTER(INDIRECT(\"SubcategoriesTable[Subcategory name]\"),INDIRECT(\"SubcategoriesTable[Category name]\")=$B33),,)),\"No subcategories\")","v":0},0,0,0,0,0,0,0,0,0,0,0,0,0,0,0,0,0,0,0,0,0,0,0,0,0,0,0,0,0,0,0,0,0,0,0,0,0,0,0,0,0,0,0,0,0,0,0,0,0,0,0,0,0,0,0,0,0,0,0,0,0,0,0,0,0,0,0,0,0,0,0,0,0,0,0,0,0,0,0,0,0,0,0,0,0,0,0,0,0,0,0,0,0,0,0,0,0,0,0,0,0,0,0,0,0,0,0,0,0,0,0,0,0,0,0,0,0,0,0,0,0,0,0,0,0,0,0,0,0,0,0,0,0,0,0,0,0,0,0,0,0,0,0,0,0,0,0,0,0,0,0,0,0,0,0,0,0,0,0,0,0,0,0,0,0,0,0,0,0,0,0,0,0,0,0,0,0,0,0,0,0,0,0,0,0,0,0,0,0,0,0,0,0,0,0,0,0,0,0,0,0,0,0,0,0,0,0,0,0,0,0,0,0,0,0,0,0,0,0,0,0,0,0,0,0,0,0,0,0,0,0,0,0,0,0,0,0,0,0,0,0,0]
[null,null,{"$f":"IFERROR(TRANSPOSE(INDEX(_xlfn._xlws.FILTER(INDIRECT(\"SubcategoriesTable[Subcategory name]\"),INDIRECT(\"SubcategoriesTable[Category name]\")=$B34),,)),\"No subcategories\")","v":0},0,0,0,0,0,0,0,0,0,0,0,0,0,0,0,0,0,0,0,0,0,0,0,0,0,0,0,0,0,0,0,0,0,0,0,0,0,0,0,0,0,0,0,0,0,0,0,0,0,0,0,0,0,0,0,0,0,0,0,0,0,0,0,0,0,0,0,0,0,0,0,0,0,0,0,0,0,0,0,0,0,0,0,0,0,0,0,0,0,0,0,0,0,0,0,0,0,0,0,0,0,0,0,0,0,0,0,0,0,0,0,0,0,0,0,0,0,0,0,0,0,0,0,0,0,0,0,0,0,0,0,0,0,0,0,0,0,0,0,0,0,0,0,0,0,0,0,0,0,0,0,0,0,0,0,0,0,0,0,0,0,0,0,0,0,0,0,0,0,0,0,0,0,0,0,0,0,0,0,0,0,0,0,0,0,0,0,0,0,0,0,0,0,0,0,0,0,0,0,0,0,0,0,0,0,0,0,0,0,0,0,0,0,0,0,0,0,0,0,0,0,0,0,0,0,0,0,0,0,0,0,0,0,0,0,0,0,0,0,0,0,0]
[null,null,{"$f":"IFERROR(TRANSPOSE(INDEX(_xlfn._xlws.FILTER(INDIRECT(\"SubcategoriesTable[Subcategory name]\"),INDIRECT(\"SubcategoriesTable[Category name]\")=$B35),,)),\"No subcategories\")","v":0},0,0,0,0,0,0,0,0,0,0,0,0,0,0,0,0,0,0,0,0,0,0,0,0,0,0,0,0,0,0,0,0,0,0,0,0,0,0,0,0,0,0,0,0,0,0,0,0,0,0,0,0,0,0,0,0,0,0,0,0,0,0,0,0,0,0,0,0,0,0,0,0,0,0,0,0,0,0,0,0,0,0,0,0,0,0,0,0,0,0,0,0,0,0,0,0,0,0,0,0,0,0,0,0,0,0,0,0,0,0,0,0,0,0,0,0,0,0,0,0,0,0,0,0,0,0,0,0,0,0,0,0,0,0,0,0,0,0,0,0,0,0,0,0,0,0,0,0,0,0,0,0,0,0,0,0,0,0,0,0,0,0,0,0,0,0,0,0,0,0,0,0,0,0,0,0,0,0,0,0,0,0,0,0,0,0,0,0,0,0,0,0,0,0,0,0,0,0,0,0,0,0,0,0,0,0,0,0,0,0,0,0,0,0,0,0,0,0,0,0,0,0,0,0,0,0,0,0,0,0,0,0,0,0,0,0,0,0,0,0,0,0]
[null,null,{"$f":"IFERROR(TRANSPOSE(INDEX(_xlfn._xlws.FILTER(INDIRECT(\"SubcategoriesTable[Subcategory name]\"),INDIRECT(\"SubcategoriesTable[Category name]\")=$B36),,)),\"No subcategories\")","v":0},0,0,0,0,0,0,0,0,0,0,0,0,0,0,0,0,0,0,0,0,0,0,0,0,0,0,0,0,0,0,0,0,0,0,0,0,0,0,0,0,0,0,0,0,0,0,0,0,0,0,0,0,0,0,0,0,0,0,0,0,0,0,0,0,0,0,0,0,0,0,0,0,0,0,0,0,0,0,0,0,0,0,0,0,0,0,0,0,0,0,0,0,0,0,0,0,0,0,0,0,0,0,0,0,0,0,0,0,0,0,0,0,0,0,0,0,0,0,0,0,0,0,0,0,0,0,0,0,0,0,0,0,0,0,0,0,0,0,0,0,0,0,0,0,0,0,0,0,0,0,0,0,0,0,0,0,0,0,0,0,0,0,0,0,0,0,0,0,0,0,0,0,0,0,0,0,0,0,0,0,0,0,0,0,0,0,0,0,0,0,0,0,0,0,0,0,0,0,0,0,0,0,0,0,0,0,0,0,0,0,0,0,0,0,0,0,0,0,0,0,0,0,0,0,0,0,0,0,0,0,0,0,0,0,0,0,0,0,0,0,0,0]
[null,null,{"$f":"IFERROR(TRANSPOSE(INDEX(_xlfn._xlws.FILTER(INDIRECT(\"SubcategoriesTable[Subcategory name]\"),INDIRECT(\"SubcategoriesTable[Category name]\")=$B37),,)),\"No subcategories\")","v":0},0,0,0,0,0,0,0,0,0,0,0,0,0,0,0,0,0,0,0,0,0,0,0,0,0,0,0,0,0,0,0,0,0,0,0,0,0,0,0,0,0,0,0,0,0,0,0,0,0,0,0,0,0,0,0,0,0,0,0,0,0,0,0,0,0,0,0,0,0,0,0,0,0,0,0,0,0,0,0,0,0,0,0,0,0,0,0,0,0,0,0,0,0,0,0,0,0,0,0,0,0,0,0,0,0,0,0,0,0,0,0,0,0,0,0,0,0,0,0,0,0,0,0,0,0,0,0,0,0,0,0,0,0,0,0,0,0,0,0,0,0,0,0,0,0,0,0,0,0,0,0,0,0,0,0,0,0,0,0,0,0,0,0,0,0,0,0,0,0,0,0,0,0,0,0,0,0,0,0,0,0,0,0,0,0,0,0,0,0,0,0,0,0,0,0,0,0,0,0,0,0,0,0,0,0,0,0,0,0,0,0,0,0,0,0,0,0,0,0,0,0,0,0,0,0,0,0,0,0,0,0,0,0,0,0,0,0,0,0,0,0,0]
[null,null,{"$f":"IFERROR(TRANSPOSE(INDEX(_xlfn._xlws.FILTER(INDIRECT(\"SubcategoriesTable[Subcategory name]\"),INDIRECT(\"SubcategoriesTable[Category name]\")=$B38),,)),\"No subcategories\")","v":0},0,0,0,0,0,0,0,0,0,0,0,0,0,0,0,0,0,0,0,0,0,0,0,0,0,0,0,0,0,0,0,0,0,0,0,0,0,0,0,0,0,0,0,0,0,0,0,0,0,0,0,0,0,0,0,0,0,0,0,0,0,0,0,0,0,0,0,0,0,0,0,0,0,0,0,0,0,0,0,0,0,0,0,0,0,0,0,0,0,0,0,0,0,0,0,0,0,0,0,0,0,0,0,0,0,0,0,0,0,0,0,0,0,0,0,0,0,0,0,0,0,0,0,0,0,0,0,0,0,0,0,0,0,0,0,0,0,0,0,0,0,0,0,0,0,0,0,0,0,0,0,0,0,0,0,0,0,0,0,0,0,0,0,0,0,0,0,0,0,0,0,0,0,0,0,0,0,0,0,0,0,0,0,0,0,0,0,0,0,0,0,0,0,0,0,0,0,0,0,0,0,0,0,0,0,0,0,0,0,0,0,0,0,0,0,0,0,0,0,0,0,0,0,0,0,0,0,0,0,0,0,0,0,0,0,0,0,0,0,0,0,0]
[null,null,{"$f":"IFERROR(TRANSPOSE(INDEX(_xlfn._xlws.FILTER(INDIRECT(\"SubcategoriesTable[Subcategory name]\"),INDIRECT(\"SubcategoriesTable[Category name]\")=$B39),,)),\"No subcategories\")","v":0},0,0,0,0,0,0,0,0,0,0,0,0,0,0,0,0,0,0,0,0,0,0,0,0,0,0,0,0,0,0,0,0,0,0,0,0,0,0,0,0,0,0,0,0,0,0,0,0,0,0,0,0,0,0,0,0,0,0,0,0,0,0,0,0,0,0,0,0,0,0,0,0,0,0,0,0,0,0,0,0,0,0,0,0,0,0,0,0,0,0,0,0,0,0,0,0,0,0,0,0,0,0,0,0,0,0,0,0,0,0,0,0,0,0,0,0,0,0,0,0,0,0,0,0,0,0,0,0,0,0,0,0,0,0,0,0,0,0,0,0,0,0,0,0,0,0,0,0,0,0,0,0,0,0,0,0,0,0,0,0,0,0,0,0,0,0,0,0,0,0,0,0,0,0,0,0,0,0,0,0,0,0,0,0,0,0,0,0,0,0,0,0,0,0,0,0,0,0,0,0,0,0,0,0,0,0,0,0,0,0,0,0,0,0,0,0,0,0,0,0,0,0,0,0,0,0,0,0,0,0,0,0,0,0,0,0,0,0,0,0,0,0]
[null,null,{"$f":"IFERROR(TRANSPOSE(INDEX(_xlfn._xlws.FILTER(INDIRECT(\"SubcategoriesTable[Subcategory name]\"),INDIRECT(\"SubcategoriesTable[Category name]\")=$B40),,)),\"No subcategories\")","v":0},0,0,0,0,0,0,0,0,0,0,0,0,0,0,0,0,0,0,0,0,0,0,0,0,0,0,0,0,0,0,0,0,0,0,0,0,0,0,0,0,0,0,0,0,0,0,0,0,0,0,0,0,0,0,0,0,0,0,0,0,0,0,0,0,0,0,0,0,0,0,0,0,0,0,0,0,0,0,0,0,0,0,0,0,0,0,0,0,0,0,0,0,0,0,0,0,0,0,0,0,0,0,0,0,0,0,0,0,0,0,0,0,0,0,0,0,0,0,0,0,0,0,0,0,0,0,0,0,0,0,0,0,0,0,0,0,0,0,0,0,0,0,0,0,0,0,0,0,0,0,0,0,0,0,0,0,0,0,0,0,0,0,0,0,0,0,0,0,0,0,0,0,0,0,0,0,0,0,0,0,0,0,0,0,0,0,0,0,0,0,0,0,0,0,0,0,0,0,0,0,0,0,0,0,0,0,0,0,0,0,0,0,0,0,0,0,0,0,0,0,0,0,0,0,0,0,0,0,0,0,0,0,0,0,0,0,0,0,0,0,0,0]
[null,null,{"$f":"IFERROR(TRANSPOSE(INDEX(_xlfn._xlws.FILTER(INDIRECT(\"SubcategoriesTable[Subcategory name]\"),INDIRECT(\"SubcategoriesTable[Category name]\")=$B41),,)),\"No subcategories\")","v":0},0,0,0,0,0,0,0,0,0,0,0,0,0,0,0,0,0,0,0,0,0,0,0,0,0,0,0,0,0,0,0,0,0,0,0,0,0,0,0,0,0,0,0,0,0,0,0,0,0,0,0,0,0,0,0,0,0,0,0,0,0,0,0,0,0,0,0,0,0,0,0,0,0,0,0,0,0,0,0,0,0,0,0,0,0,0,0,0,0,0,0,0,0,0,0,0,0,0,0,0,0,0,0,0,0,0,0,0,0,0,0,0,0,0,0,0,0,0,0,0,0,0,0,0,0,0,0,0,0,0,0,0,0,0,0,0,0,0,0,0,0,0,0,0,0,0,0,0,0,0,0,0,0,0,0,0,0,0,0,0,0,0,0,0,0,0,0,0,0,0,0,0,0,0,0,0,0,0,0,0,0,0,0,0,0,0,0,0,0,0,0,0,0,0,0,0,0,0,0,0,0,0,0,0,0,0,0,0,0,0,0,0,0,0,0,0,0,0,0,0,0,0,0,0,0,0,0,0,0,0,0,0,0,0,0,0,0,0,0,0,0,0]
[null,null,{"$f":"IFERROR(TRANSPOSE(INDEX(_xlfn._xlws.FILTER(INDIRECT(\"SubcategoriesTable[Subcategory name]\"),INDIRECT(\"SubcategoriesTable[Category name]\")=$B42),,)),\"No subcategories\")","v":0},0,0,0,0,0,0,0,0,0,0,0,0,0,0,0,0,0,0,0,0,0,0,0,0,0,0,0,0,0,0,0,0,0,0,0,0,0,0,0,0,0,0,0,0,0,0,0,0,0,0,0,0,0,0,0,0,0,0,0,0,0,0,0,0,0,0,0,0,0,0,0,0,0,0,0,0,0,0,0,0,0,0,0,0,0,0,0,0,0,0,0,0,0,0,0,0,0,0,0,0,0,0,0,0,0,0,0,0,0,0,0,0,0,0,0,0,0,0,0,0,0,0,0,0,0,0,0,0,0,0,0,0,0,0,0,0,0,0,0,0,0,0,0,0,0,0,0,0,0,0,0,0,0,0,0,0,0,0,0,0,0,0,0,0,0,0,0,0,0,0,0,0,0,0,0,0,0,0,0,0,0,0,0,0,0,0,0,0,0,0,0,0,0,0,0,0,0,0,0,0,0,0,0,0,0,0,0,0,0,0,0,0,0,0,0,0,0,0,0,0,0,0,0,0,0,0,0,0,0,0,0,0,0,0,0,0,0,0,0,0,0,0]
[null,null,{"$f":"IFERROR(TRANSPOSE(INDEX(_xlfn._xlws.FILTER(INDIRECT(\"SubcategoriesTable[Subcategory name]\"),INDIRECT(\"SubcategoriesTable[Category name]\")=$B43),,)),\"No subcategories\")","v":0},0,0,0,0,0,0,0,0,0,0,0,0,0,0,0,0,0,0,0,0,0,0,0,0,0,0,0,0,0,0,0,0,0,0,0,0,0,0,0,0,0,0,0,0,0,0,0,0,0,0,0,0,0,0,0,0,0,0,0,0,0,0,0,0,0,0,0,0,0,0,0,0,0,0,0,0,0,0,0,0,0,0,0,0,0,0,0,0,0,0,0,0,0,0,0,0,0,0,0,0,0,0,0,0,0,0,0,0,0,0,0,0,0,0,0,0,0,0,0,0,0,0,0,0,0,0,0,0,0,0,0,0,0,0,0,0,0,0,0,0,0,0,0,0,0,0,0,0,0,0,0,0,0,0,0,0,0,0,0,0,0,0,0,0,0,0,0,0,0,0,0,0,0,0,0,0,0,0,0,0,0,0,0,0,0,0,0,0,0,0,0,0,0,0,0,0,0,0,0,0,0,0,0,0,0,0,0,0,0,0,0,0,0,0,0,0,0,0,0,0,0,0,0,0,0,0,0,0,0,0,0,0,0,0,0,0,0,0,0,0,0,0]
[null,null,{"$f":"IFERROR(TRANSPOSE(INDEX(_xlfn._xlws.FILTER(INDIRECT(\"SubcategoriesTable[Subcategory name]\"),INDIRECT(\"SubcategoriesTable[Category name]\")=$B44),,)),\"No subcategories\")","v":0},0,0,0,0,0,0,0,0,0,0,0,0,0,0,0,0,0,0,0,0,0,0,0,0,0,0,0,0,0,0,0,0,0,0,0,0,0,0,0,0,0,0,0,0,0,0,0,0,0,0,0,0,0,0,0,0,0,0,0,0,0,0,0,0,0,0,0,0,0,0,0,0,0,0,0,0,0,0,0,0,0,0,0,0,0,0,0,0,0,0,0,0,0,0,0,0,0,0,0,0,0,0,0,0,0,0,0,0,0,0,0,0,0,0,0,0,0,0,0,0,0,0,0,0,0,0,0,0,0,0,0,0,0,0,0,0,0,0,0,0,0,0,0,0,0,0,0,0,0,0,0,0,0,0,0,0,0,0,0,0,0,0,0,0,0,0,0,0,0,0,0,0,0,0,0,0,0,0,0,0,0,0,0,0,0,0,0,0,0,0,0,0,0,0,0,0,0,0,0,0,0,0,0,0,0,0,0,0,0,0,0,0,0,0,0,0,0,0,0,0,0,0,0,0,0,0,0,0,0,0,0,0,0,0,0,0,0,0,0,0,0,0]
[null,null,{"$f":"IFERROR(TRANSPOSE(INDEX(_xlfn._xlws.FILTER(INDIRECT(\"SubcategoriesTable[Subcategory name]\"),INDIRECT(\"SubcategoriesTable[Category name]\")=$B45),,)),\"No subcategories\")","v":0},0,0,0,0,0,0,0,0,0,0,0,0,0,0,0,0,0,0,0,0,0,0,0,0,0,0,0,0,0,0,0,0,0,0,0,0,0,0,0,0,0,0,0,0,0,0,0,0,0,0,0,0,0,0,0,0,0,0,0,0,0,0,0,0,0,0,0,0,0,0,0,0,0,0,0,0,0,0,0,0,0,0,0,0,0,0,0,0,0,0,0,0,0,0,0,0,0,0,0,0,0,0,0,0,0,0,0,0,0,0,0,0,0,0,0,0,0,0,0,0,0,0,0,0,0,0,0,0,0,0,0,0,0,0,0,0,0,0,0,0,0,0,0,0,0,0,0,0,0,0,0,0,0,0,0,0,0,0,0,0,0,0,0,0,0,0,0,0,0,0,0,0,0,0,0,0,0,0,0,0,0,0,0,0,0,0,0,0,0,0,0,0,0,0,0,0,0,0,0,0,0,0,0,0,0,0,0,0,0,0,0,0,0,0,0,0,0,0,0,0,0,0,0,0,0,0,0,0,0,0,0,0,0,0,0,0,0,0,0,0,0,0]
[null,null,{"$f":"IFERROR(TRANSPOSE(INDEX(_xlfn._xlws.FILTER(INDIRECT(\"SubcategoriesTable[Subcategory name]\"),INDIRECT(\"SubcategoriesTable[Category name]\")=$B46),,)),\"No subcategories\")","v":0},0,0,0,0,0,0,0,0,0,0,0,0,0,0,0,0,0,0,0,0,0,0,0,0,0,0,0,0,0,0,0,0,0,0,0,0,0,0,0,0,0,0,0,0,0,0,0,0,0,0,0,0,0,0,0,0,0,0,0,0,0,0,0,0,0,0,0,0,0,0,0,0,0,0,0,0,0,0,0,0,0,0,0,0,0,0,0,0,0,0,0,0,0,0,0,0,0,0,0,0,0,0,0,0,0,0,0,0,0,0,0,0,0,0,0,0,0,0,0,0,0,0,0,0,0,0,0,0,0,0,0,0,0,0,0,0,0,0,0,0,0,0,0,0,0,0,0,0,0,0,0,0,0,0,0,0,0,0,0,0,0,0,0,0,0,0,0,0,0,0,0,0,0,0,0,0,0,0,0,0,0,0,0,0,0,0,0,0,0,0,0,0,0,0,0,0,0,0,0,0,0,0,0,0,0,0,0,0,0,0,0,0,0,0,0,0,0,0,0,0,0,0,0,0,0,0,0,0,0,0,0,0,0,0,0,0,0,0,0,0,0,0]
[null,null,{"$f":"IFERROR(TRANSPOSE(INDEX(_xlfn._xlws.FILTER(INDIRECT(\"SubcategoriesTable[Subcategory name]\"),INDIRECT(\"SubcategoriesTable[Category name]\")=$B47),,)),\"No subcategories\")","v":0},0,0,0,0,0,0,0,0,0,0,0,0,0,0,0,0,0,0,0,0,0,0,0,0,0,0,0,0,0,0,0,0,0,0,0,0,0,0,0,0,0,0,0,0,0,0,0,0,0,0,0,0,0,0,0,0,0,0,0,0,0,0,0,0,0,0,0,0,0,0,0,0,0,0,0,0,0,0,0,0,0,0,0,0,0,0,0,0,0,0,0,0,0,0,0,0,0,0,0,0,0,0,0,0,0,0,0,0,0,0,0,0,0,0,0,0,0,0,0,0,0,0,0,0,0,0,0,0,0,0,0,0,0,0,0,0,0,0,0,0,0,0,0,0,0,0,0,0,0,0,0,0,0,0,0,0,0,0,0,0,0,0,0,0,0,0,0,0,0,0,0,0,0,0,0,0,0,0,0,0,0,0,0,0,0,0,0,0,0,0,0,0,0,0,0,0,0,0,0,0,0,0,0,0,0,0,0,0,0,0,0,0,0,0,0,0,0,0,0,0,0,0,0,0,0,0,0,0,0,0,0,0,0,0,0,0,0,0,0,0,0,0]
[null,null,{"$f":"IFERROR(TRANSPOSE(INDEX(_xlfn._xlws.FILTER(INDIRECT(\"SubcategoriesTable[Subcategory name]\"),INDIRECT(\"SubcategoriesTable[Category name]\")=$B48),,)),\"No subcategories\")","v":0},0,0,0,0,0,0,0,0,0,0,0,0,0,0,0,0,0,0,0,0,0,0,0,0,0,0,0,0,0,0,0,0,0,0,0,0,0,0,0,0,0,0,0,0,0,0,0,0,0,0,0,0,0,0,0,0,0,0,0,0,0,0,0,0,0,0,0,0,0,0,0,0,0,0,0,0,0,0,0,0,0,0,0,0,0,0,0,0,0,0,0,0,0,0,0,0,0,0,0,0,0,0,0,0,0,0,0,0,0,0,0,0,0,0,0,0,0,0,0,0,0,0,0,0,0,0,0,0,0,0,0,0,0,0,0,0,0,0,0,0,0,0,0,0,0,0,0,0,0,0,0,0,0,0,0,0,0,0,0,0,0,0,0,0,0,0,0,0,0,0,0,0,0,0,0,0,0,0,0,0,0,0,0,0,0,0,0,0,0,0,0,0,0,0,0,0,0,0,0,0,0,0,0,0,0,0,0,0,0,0,0,0,0,0,0,0,0,0,0,0,0,0,0,0,0,0,0,0,0,0,0,0,0,0,0,0,0,0,0,0,0,0]
[null,null,{"$f":"IFERROR(TRANSPOSE(INDEX(_xlfn._xlws.FILTER(INDIRECT(\"SubcategoriesTable[Subcategory name]\"),INDIRECT(\"SubcategoriesTable[Category name]\")=$B49),,)),\"No subcategories\")","v":0},0,0,0,0,0,0,0,0,0,0,0,0,0,0,0,0,0,0,0,0,0,0,0,0,0,0,0,0,0,0,0,0,0,0,0,0,0,0,0,0,0,0,0,0,0,0,0,0,0,0,0,0,0,0,0,0,0,0,0,0,0,0,0,0,0,0,0,0,0,0,0,0,0,0,0,0,0,0,0,0,0,0,0,0,0,0,0,0,0,0,0,0,0,0,0,0,0,0,0,0,0,0,0,0,0,0,0,0,0,0,0,0,0,0,0,0,0,0,0,0,0,0,0,0,0,0,0,0,0,0,0,0,0,0,0,0,0,0,0,0,0,0,0,0,0,0,0,0,0,0,0,0,0,0,0,0,0,0,0,0,0,0,0,0,0,0,0,0,0,0,0,0,0,0,0,0,0,0,0,0,0,0,0,0,0,0,0,0,0,0,0,0,0,0,0,0,0,0,0,0,0,0,0,0,0,0,0,0,0,0,0,0,0,0,0,0,0,0,0,0,0,0,0,0,0,0,0,0,0,0,0,0,0,0,0,0,0,0,0,0,0,0]
[null,null,{"$f":"IFERROR(TRANSPOSE(INDEX(_xlfn._xlws.FILTER(INDIRECT(\"SubcategoriesTable[Subcategory name]\"),INDIRECT(\"SubcategoriesTable[Category name]\")=$B50),,)),\"No subcategories\")","v":0},0,0,0,0,0,0,0,0,0,0,0,0,0,0,0,0,0,0,0,0,0,0,0,0,0,0,0,0,0,0,0,0,0,0,0,0,0,0,0,0,0,0,0,0,0,0,0,0,0,0,0,0,0,0,0,0,0,0,0,0,0,0,0,0,0,0,0,0,0,0,0,0,0,0,0,0,0,0,0,0,0,0,0,0,0,0,0,0,0,0,0,0,0,0,0,0,0,0,0,0,0,0,0,0,0,0,0,0,0,0,0,0,0,0,0,0,0,0,0,0,0,0,0,0,0,0,0,0,0,0,0,0,0,0,0,0,0,0,0,0,0,0,0,0,0,0,0,0,0,0,0,0,0,0,0,0,0,0,0,0,0,0,0,0,0,0,0,0,0,0,0,0,0,0,0,0,0,0,0,0,0,0,0,0,0,0,0,0,0,0,0,0,0,0,0,0,0,0,0,0,0,0,0,0,0,0,0,0,0,0,0,0,0,0,0,0,0,0,0,0,0,0,0,0,0,0,0,0,0,0,0,0,0,0,0,0,0,0,0,0,0,0]
[null,null,{"$f":"IFERROR(TRANSPOSE(INDEX(_xlfn._xlws.FILTER(INDIRECT(\"SubcategoriesTable[Subcategory name]\"),INDIRECT(\"SubcategoriesTable[Category name]\")=$B51),,)),\"No subcategories\")","v":0},0,0,0,0,0,0,0,0,0,0,0,0,0,0,0,0,0,0,0,0,0,0,0,0,0,0,0,0,0,0,0,0,0,0,0,0,0,0,0,0,0,0,0,0,0,0,0,0,0,0,0,0,0,0,0,0,0,0,0,0,0,0,0,0,0,0,0,0,0,0,0,0,0,0,0,0,0,0,0,0,0,0,0,0,0,0,0,0,0,0,0,0,0,0,0,0,0,0,0,0,0,0,0,0,0,0,0,0,0,0,0,0,0,0,0,0,0,0,0,0,0,0,0,0,0,0,0,0,0,0,0,0,0,0,0,0,0,0,0,0,0,0,0,0,0,0,0,0,0,0,0,0,0,0,0,0,0,0,0,0,0,0,0,0,0,0,0,0,0,0,0,0,0,0,0,0,0,0,0,0,0,0,0,0,0,0,0,0,0,0,0,0,0,0,0,0,0,0,0,0,0,0,0,0,0,0,0,0,0,0,0,0,0,0,0,0,0,0,0,0,0,0,0,0,0,0,0,0,0,0,0,0,0,0,0,0,0,0,0,0,0,0]
[null,null,{"$f":"IFERROR(TRANSPOSE(INDEX(_xlfn._xlws.FILTER(INDIRECT(\"SubcategoriesTable[Subcategory name]\"),INDIRECT(\"SubcategoriesTable[Category name]\")=$B52),,)),\"No subcategories\")","v":0},0,0,0,0,0,0,0,0,0,0,0,0,0,0,0,0,0,0,0,0,0,0,0,0,0,0,0,0,0,0,0,0,0,0,0,0,0,0,0,0,0,0,0,0,0,0,0,0,0,0,0,0,0,0,0,0,0,0,0,0,0,0,0,0,0,0,0,0,0,0,0,0,0,0,0,0,0,0,0,0,0,0,0,0,0,0,0,0,0,0,0,0,0,0,0,0,0,0,0,0,0,0,0,0,0,0,0,0,0,0,0,0,0,0,0,0,0,0,0,0,0,0,0,0,0,0,0,0,0,0,0,0,0,0,0,0,0,0,0,0,0,0,0,0,0,0,0,0,0,0,0,0,0,0,0,0,0,0,0,0,0,0,0,0,0,0,0,0,0,0,0,0,0,0,0,0,0,0,0,0,0,0,0,0,0,0,0,0,0,0,0,0,0,0,0,0,0,0,0,0,0,0,0,0,0,0,0,0,0,0,0,0,0,0,0,0,0,0,0,0,0,0,0,0,0,0,0,0,0,0,0,0,0,0,0,0,0,0,0,0,0,0]
[null,null,{"$f":"IFERROR(TRANSPOSE(INDEX(_xlfn._xlws.FILTER(INDIRECT(\"SubcategoriesTable[Subcategory name]\"),INDIRECT(\"SubcategoriesTable[Category name]\")=$B53),,)),\"No subcategories\")","v":0},0,0,0,0,0,0,0,0,0,0,0,0,0,0,0,0,0,0,0,0,0,0,0,0,0,0,0,0,0,0,0,0,0,0,0,0,0,0,0,0,0,0,0,0,0,0,0,0,0,0,0,0,0,0,0,0,0,0,0,0,0,0,0,0,0,0,0,0,0,0,0,0,0,0,0,0,0,0,0,0,0,0,0,0,0,0,0,0,0,0,0,0,0,0,0,0,0,0,0,0,0,0,0,0,0,0,0,0,0,0,0,0,0,0,0,0,0,0,0,0,0,0,0,0,0,0,0,0,0,0,0,0,0,0,0,0,0,0,0,0,0,0,0,0,0,0,0,0,0,0,0,0,0,0,0,0,0,0,0,0,0,0,0,0,0,0,0,0,0,0,0,0,0,0,0,0,0,0,0,0,0,0,0,0,0,0,0,0,0,0,0,0,0,0,0,0,0,0,0,0,0,0,0,0,0,0,0,0,0,0,0,0,0,0,0,0,0,0,0,0,0,0,0,0,0,0,0,0,0,0,0,0,0,0,0,0,0,0,0,0,0,0]
[null,null,{"$f":"IFERROR(TRANSPOSE(INDEX(_xlfn._xlws.FILTER(INDIRECT(\"SubcategoriesTable[Subcategory name]\"),INDIRECT(\"SubcategoriesTable[Category name]\")=$B54),,)),\"No subcategories\")","v":0},0,0,0,0,0,0,0,0,0,0,0,0,0,0,0,0,0,0,0,0,0,0,0,0,0,0,0,0,0,0,0,0,0,0,0,0,0,0,0,0,0,0,0,0,0,0,0,0,0,0,0,0,0,0,0,0,0,0,0,0,0,0,0,0,0,0,0,0,0,0,0,0,0,0,0,0,0,0,0,0,0,0,0,0,0,0,0,0,0,0,0,0,0,0,0,0,0,0,0,0,0,0,0,0,0,0,0,0,0,0,0,0,0,0,0,0,0,0,0,0,0,0,0,0,0,0,0,0,0,0,0,0,0,0,0,0,0,0,0,0,0,0,0,0,0,0,0,0,0,0,0,0,0,0,0,0,0,0,0,0,0,0,0,0,0,0,0,0,0,0,0,0,0,0,0,0,0,0,0,0,0,0,0,0,0,0,0,0,0,0,0,0,0,0,0,0,0,0,0,0,0,0,0,0,0,0,0,0,0,0,0,0,0,0,0,0,0,0,0,0,0,0,0,0,0,0,0,0,0,0,0,0,0,0,0,0,0,0,0,0,0,0]
[null,null,{"$f":"IFERROR(TRANSPOSE(INDEX(_xlfn._xlws.FILTER(INDIRECT(\"SubcategoriesTable[Subcategory name]\"),INDIRECT(\"SubcategoriesTable[Category name]\")=$B55),,)),\"No subcategories\")","v":0},0,0,0,0,0,0,0,0,0,0,0,0,0,0,0,0,0,0,0,0,0,0,0,0,0,0,0,0,0,0,0,0,0,0,0,0,0,0,0,0,0,0,0,0,0,0,0,0,0,0,0,0,0,0,0,0,0,0,0,0,0,0,0,0,0,0,0,0,0,0,0,0,0,0,0,0,0,0,0,0,0,0,0,0,0,0,0,0,0,0,0,0,0,0,0,0,0,0,0,0,0,0,0,0,0,0,0,0,0,0,0,0,0,0,0,0,0,0,0,0,0,0,0,0,0,0,0,0,0,0,0,0,0,0,0,0,0,0,0,0,0,0,0,0,0,0,0,0,0,0,0,0,0,0,0,0,0,0,0,0,0,0,0,0,0,0,0,0,0,0,0,0,0,0,0,0,0,0,0,0,0,0,0,0,0,0,0,0,0,0,0,0,0,0,0,0,0,0,0,0,0,0,0,0,0,0,0,0,0,0,0,0,0,0,0,0,0,0,0,0,0,0,0,0,0,0,0,0,0,0,0,0,0,0,0,0,0,0,0,0,0,0]
[null,null,{"$f":"IFERROR(TRANSPOSE(INDEX(_xlfn._xlws.FILTER(INDIRECT(\"SubcategoriesTable[Subcategory name]\"),INDIRECT(\"SubcategoriesTable[Category name]\")=$B56),,)),\"No subcategories\")","v":0},0,0,0,0,0,0,0,0,0,0,0,0,0,0,0,0,0,0,0,0,0,0,0,0,0,0,0,0,0,0,0,0,0,0,0,0,0,0,0,0,0,0,0,0,0,0,0,0,0,0,0,0,0,0,0,0,0,0,0,0,0,0,0,0,0,0,0,0,0,0,0,0,0,0,0,0,0,0,0,0,0,0,0,0,0,0,0,0,0,0,0,0,0,0,0,0,0,0,0,0,0,0,0,0,0,0,0,0,0,0,0,0,0,0,0,0,0,0,0,0,0,0,0,0,0,0,0,0,0,0,0,0,0,0,0,0,0,0,0,0,0,0,0,0,0,0,0,0,0,0,0,0,0,0,0,0,0,0,0,0,0,0,0,0,0,0,0,0,0,0,0,0,0,0,0,0,0,0,0,0,0,0,0,0,0,0,0,0,0,0,0,0,0,0,0,0,0,0,0,0,0,0,0,0,0,0,0,0,0,0,0,0,0,0,0,0,0,0,0,0,0,0,0,0,0,0,0,0,0,0,0,0,0,0,0,0,0,0,0,0,0,0]
[null,null,{"$f":"IFERROR(TRANSPOSE(INDEX(_xlfn._xlws.FILTER(INDIRECT(\"SubcategoriesTable[Subcategory name]\"),INDIRECT(\"SubcategoriesTable[Category name]\")=$B57),,)),\"No subcategories\")","v":0},0,0,0,0,0,0,0,0,0,0,0,0,0,0,0,0,0,0,0,0,0,0,0,0,0,0,0,0,0,0,0,0,0,0,0,0,0,0,0,0,0,0,0,0,0,0,0,0,0,0,0,0,0,0,0,0,0,0,0,0,0,0,0,0,0,0,0,0,0,0,0,0,0,0,0,0,0,0,0,0,0,0,0,0,0,0,0,0,0,0,0,0,0,0,0,0,0,0,0,0,0,0,0,0,0,0,0,0,0,0,0,0,0,0,0,0,0,0,0,0,0,0,0,0,0,0,0,0,0,0,0,0,0,0,0,0,0,0,0,0,0,0,0,0,0,0,0,0,0,0,0,0,0,0,0,0,0,0,0,0,0,0,0,0,0,0,0,0,0,0,0,0,0,0,0,0,0,0,0,0,0,0,0,0,0,0,0,0,0,0,0,0,0,0,0,0,0,0,0,0,0,0,0,0,0,0,0,0,0,0,0,0,0,0,0,0,0,0,0,0,0,0,0,0,0,0,0,0,0,0,0,0,0,0,0,0,0,0,0,0,0,0]
[null,null,{"$f":"IFERROR(TRANSPOSE(INDEX(_xlfn._xlws.FILTER(INDIRECT(\"SubcategoriesTable[Subcategory name]\"),INDIRECT(\"SubcategoriesTable[Category name]\")=$B58),,)),\"No subcategories\")","v":0},0,0,0,0,0,0,0,0,0,0,0,0,0,0,0,0,0,0,0,0,0,0,0,0,0,0,0,0,0,0,0,0,0,0,0,0,0,0,0,0,0,0,0,0,0,0,0,0,0,0,0,0,0,0,0,0,0,0,0,0,0,0,0,0,0,0,0,0,0,0,0,0,0,0,0,0,0,0,0,0,0,0,0,0,0,0,0,0,0,0,0,0,0,0,0,0,0,0,0,0,0,0,0,0,0,0,0,0,0,0,0,0,0,0,0,0,0,0,0,0,0,0,0,0,0,0,0,0,0,0,0,0,0,0,0,0,0,0,0,0,0,0,0,0,0,0,0,0,0,0,0,0,0,0,0,0,0,0,0,0,0,0,0,0,0,0,0,0,0,0,0,0,0,0,0,0,0,0,0,0,0,0,0,0,0,0,0,0,0,0,0,0,0,0,0,0,0,0,0,0,0,0,0,0,0,0,0,0,0,0,0,0,0,0,0,0,0,0,0,0,0,0,0,0,0,0,0,0,0,0,0,0,0,0,0,0,0,0,0,0,0,0]
[null,null,{"$f":"IFERROR(TRANSPOSE(INDEX(_xlfn._xlws.FILTER(INDIRECT(\"SubcategoriesTable[Subcategory name]\"),INDIRECT(\"SubcategoriesTable[Category name]\")=$B59),,)),\"No subcategories\")","v":0},0,0,0,0,0,0,0,0,0,0,0,0,0,0,0,0,0,0,0,0,0,0,0,0,0,0,0,0,0,0,0,0,0,0,0,0,0,0,0,0,0,0,0,0,0,0,0,0,0,0,0,0,0,0,0,0,0,0,0,0,0,0,0,0,0,0,0,0,0,0,0,0,0,0,0,0,0,0,0,0,0,0,0,0,0,0,0,0,0,0,0,0,0,0,0,0,0,0,0,0,0,0,0,0,0,0,0,0,0,0,0,0,0,0,0,0,0,0,0,0,0,0,0,0,0,0,0,0,0,0,0,0,0,0,0,0,0,0,0,0,0,0,0,0,0,0,0,0,0,0,0,0,0,0,0,0,0,0,0,0,0,0,0,0,0,0,0,0,0,0,0,0,0,0,0,0,0,0,0,0,0,0,0,0,0,0,0,0,0,0,0,0,0,0,0,0,0,0,0,0,0,0,0,0,0,0,0,0,0,0,0,0,0,0,0,0,0,0,0,0,0,0,0,0,0,0,0,0,0,0,0,0,0,0,0,0,0,0,0,0,0,0]
[null,null,{"$f":"IFERROR(TRANSPOSE(INDEX(_xlfn._xlws.FILTER(INDIRECT(\"SubcategoriesTable[Subcategory name]\"),INDIRECT(\"SubcategoriesTable[Category name]\")=$B60),,)),\"No subcategories\")","v":0},0,0,0,0,0,0,0,0,0,0,0,0,0,0,0,0,0,0,0,0,0,0,0,0,0,0,0,0,0,0,0,0,0,0,0,0,0,0,0,0,0,0,0,0,0,0,0,0,0,0,0,0,0,0,0,0,0,0,0,0,0,0,0,0,0,0,0,0,0,0,0,0,0,0,0,0,0,0,0,0,0,0,0,0,0,0,0,0,0,0,0,0,0,0,0,0,0,0,0,0,0,0,0,0,0,0,0,0,0,0,0,0,0,0,0,0,0,0,0,0,0,0,0,0,0,0,0,0,0,0,0,0,0,0,0,0,0,0,0,0,0,0,0,0,0,0,0,0,0,0,0,0,0,0,0,0,0,0,0,0,0,0,0,0,0,0,0,0,0,0,0,0,0,0,0,0,0,0,0,0,0,0,0,0,0,0,0,0,0,0,0,0,0,0,0,0,0,0,0,0,0,0,0,0,0,0,0,0,0,0,0,0,0,0,0,0,0,0,0,0,0,0,0,0,0,0,0,0,0,0,0,0,0,0,0,0,0,0,0,0,0,0]
[null,null,{"$f":"IFERROR(TRANSPOSE(INDEX(_xlfn._xlws.FILTER(INDIRECT(\"SubcategoriesTable[Subcategory name]\"),INDIRECT(\"SubcategoriesTable[Category name]\")=$B61),,)),\"No subcategories\")","v":0},0,0,0,0,0,0,0,0,0,0,0,0,0,0,0,0,0,0,0,0,0,0,0,0,0,0,0,0,0,0,0,0,0,0,0,0,0,0,0,0,0,0,0,0,0,0,0,0,0,0,0,0,0,0,0,0,0,0,0,0,0,0,0,0,0,0,0,0,0,0,0,0,0,0,0,0,0,0,0,0,0,0,0,0,0,0,0,0,0,0,0,0,0,0,0,0,0,0,0,0,0,0,0,0,0,0,0,0,0,0,0,0,0,0,0,0,0,0,0,0,0,0,0,0,0,0,0,0,0,0,0,0,0,0,0,0,0,0,0,0,0,0,0,0,0,0,0,0,0,0,0,0,0,0,0,0,0,0,0,0,0,0,0,0,0,0,0,0,0,0,0,0,0,0,0,0,0,0,0,0,0,0,0,0,0,0,0,0,0,0,0,0,0,0,0,0,0,0,0,0,0,0,0,0,0,0,0,0,0,0,0,0,0,0,0,0,0,0,0,0,0,0,0,0,0,0,0,0,0,0,0,0,0,0,0,0,0,0,0,0,0,0]
[null,null,{"$f":"IFERROR(TRANSPOSE(INDEX(_xlfn._xlws.FILTER(INDIRECT(\"SubcategoriesTable[Subcategory name]\"),INDIRECT(\"SubcategoriesTable[Category name]\")=$B62),,)),\"No subcategories\")","v":0},0,0,0,0,0,0,0,0,0,0,0,0,0,0,0,0,0,0,0,0,0,0,0,0,0,0,0,0,0,0,0,0,0,0,0,0,0,0,0,0,0,0,0,0,0,0,0,0,0,0,0,0,0,0,0,0,0,0,0,0,0,0,0,0,0,0,0,0,0,0,0,0,0,0,0,0,0,0,0,0,0,0,0,0,0,0,0,0,0,0,0,0,0,0,0,0,0,0,0,0,0,0,0,0,0,0,0,0,0,0,0,0,0,0,0,0,0,0,0,0,0,0,0,0,0,0,0,0,0,0,0,0,0,0,0,0,0,0,0,0,0,0,0,0,0,0,0,0,0,0,0,0,0,0,0,0,0,0,0,0,0,0,0,0,0,0,0,0,0,0,0,0,0,0,0,0,0,0,0,0,0,0,0,0,0,0,0,0,0,0,0,0,0,0,0,0,0,0,0,0,0,0,0,0,0,0,0,0,0,0,0,0,0,0,0,0,0,0,0,0,0,0,0,0,0,0,0,0,0,0,0,0,0,0,0,0,0,0,0,0,0,0]
[null,null,{"$f":"IFERROR(TRANSPOSE(INDEX(_xlfn._xlws.FILTER(INDIRECT(\"SubcategoriesTable[Subcategory name]\"),INDIRECT(\"SubcategoriesTable[Category name]\")=$B63),,)),\"No subcategories\")","v":0},0,0,0,0,0,0,0,0,0,0,0,0,0,0,0,0,0,0,0,0,0,0,0,0,0,0,0,0,0,0,0,0,0,0,0,0,0,0,0,0,0,0,0,0,0,0,0,0,0,0,0,0,0,0,0,0,0,0,0,0,0,0,0,0,0,0,0,0,0,0,0,0,0,0,0,0,0,0,0,0,0,0,0,0,0,0,0,0,0,0,0,0,0,0,0,0,0,0,0,0,0,0,0,0,0,0,0,0,0,0,0,0,0,0,0,0,0,0,0,0,0,0,0,0,0,0,0,0,0,0,0,0,0,0,0,0,0,0,0,0,0,0,0,0,0,0,0,0,0,0,0,0,0,0,0,0,0,0,0,0,0,0,0,0,0,0,0,0,0,0,0,0,0,0,0,0,0,0,0,0,0,0,0,0,0,0,0,0,0,0,0,0,0,0,0,0,0,0,0,0,0,0,0,0,0,0,0,0,0,0,0,0,0,0,0,0,0,0,0,0,0,0,0,0,0,0,0,0,0,0,0,0,0,0,0,0,0,0,0,0,0,0]
[null,null,{"$f":"IFERROR(TRANSPOSE(INDEX(_xlfn._xlws.FILTER(INDIRECT(\"SubcategoriesTable[Subcategory name]\"),INDIRECT(\"SubcategoriesTable[Category name]\")=$B64),,)),\"No subcategories\")","v":0},0,0,0,0,0,0,0,0,0,0,0,0,0,0,0,0,0,0,0,0,0,0,0,0,0,0,0,0,0,0,0,0,0,0,0,0,0,0,0,0,0,0,0,0,0,0,0,0,0,0,0,0,0,0,0,0,0,0,0,0,0,0,0,0,0,0,0,0,0,0,0,0,0,0,0,0,0,0,0,0,0,0,0,0,0,0,0,0,0,0,0,0,0,0,0,0,0,0,0,0,0,0,0,0,0,0,0,0,0,0,0,0,0,0,0,0,0,0,0,0,0,0,0,0,0,0,0,0,0,0,0,0,0,0,0,0,0,0,0,0,0,0,0,0,0,0,0,0,0,0,0,0,0,0,0,0,0,0,0,0,0,0,0,0,0,0,0,0,0,0,0,0,0,0,0,0,0,0,0,0,0,0,0,0,0,0,0,0,0,0,0,0,0,0,0,0,0,0,0,0,0,0,0,0,0,0,0,0,0,0,0,0,0,0,0,0,0,0,0,0,0,0,0,0,0,0,0,0,0,0,0,0,0,0,0,0,0,0,0,0,0,0]
[null,null,{"$f":"IFERROR(TRANSPOSE(INDEX(_xlfn._xlws.FILTER(INDIRECT(\"SubcategoriesTable[Subcategory name]\"),INDIRECT(\"SubcategoriesTable[Category name]\")=$B65),,)),\"No subcategories\")","v":0},0,0,0,0,0,0,0,0,0,0,0,0,0,0,0,0,0,0,0,0,0,0,0,0,0,0,0,0,0,0,0,0,0,0,0,0,0,0,0,0,0,0,0,0,0,0,0,0,0,0,0,0,0,0,0,0,0,0,0,0,0,0,0,0,0,0,0,0,0,0,0,0,0,0,0,0,0,0,0,0,0,0,0,0,0,0,0,0,0,0,0,0,0,0,0,0,0,0,0,0,0,0,0,0,0,0,0,0,0,0,0,0,0,0,0,0,0,0,0,0,0,0,0,0,0,0,0,0,0,0,0,0,0,0,0,0,0,0,0,0,0,0,0,0,0,0,0,0,0,0,0,0,0,0,0,0,0,0,0,0,0,0,0,0,0,0,0,0,0,0,0,0,0,0,0,0,0,0,0,0,0,0,0,0,0,0,0,0,0,0,0,0,0,0,0,0,0,0,0,0,0,0,0,0,0,0,0,0,0,0,0,0,0,0,0,0,0,0,0,0,0,0,0,0,0,0,0,0,0,0,0,0,0,0,0,0,0,0,0,0,0,0]
[null,null,{"$f":"IFERROR(TRANSPOSE(INDEX(_xlfn._xlws.FILTER(INDIRECT(\"SubcategoriesTable[Subcategory name]\"),INDIRECT(\"SubcategoriesTable[Category name]\")=$B66),,)),\"No subcategories\")","v":0},0,0,0,0,0,0,0,0,0,0,0,0,0,0,0,0,0,0,0,0,0,0,0,0,0,0,0,0,0,0,0,0,0,0,0,0,0,0,0,0,0,0,0,0,0,0,0,0,0,0,0,0,0,0,0,0,0,0,0,0,0,0,0,0,0,0,0,0,0,0,0,0,0,0,0,0,0,0,0,0,0,0,0,0,0,0,0,0,0,0,0,0,0,0,0,0,0,0,0,0,0,0,0,0,0,0,0,0,0,0,0,0,0,0,0,0,0,0,0,0,0,0,0,0,0,0,0,0,0,0,0,0,0,0,0,0,0,0,0,0,0,0,0,0,0,0,0,0,0,0,0,0,0,0,0,0,0,0,0,0,0,0,0,0,0,0,0,0,0,0,0,0,0,0,0,0,0,0,0,0,0,0,0,0,0,0,0,0,0,0,0,0,0,0,0,0,0,0,0,0,0,0,0,0,0,0,0,0,0,0,0,0,0,0,0,0,0,0,0,0,0,0,0,0,0,0,0,0,0,0,0,0,0,0,0,0,0,0,0,0,0,0]
[null,null,{"$f":"IFERROR(TRANSPOSE(INDEX(_xlfn._xlws.FILTER(INDIRECT(\"SubcategoriesTable[Subcategory name]\"),INDIRECT(\"SubcategoriesTable[Category name]\")=$B67),,)),\"No subcategories\")","v":0},0,0,0,0,0,0,0,0,0,0,0,0,0,0,0,0,0,0,0,0,0,0,0,0,0,0,0,0,0,0,0,0,0,0,0,0,0,0,0,0,0,0,0,0,0,0,0,0,0,0,0,0,0,0,0,0,0,0,0,0,0,0,0,0,0,0,0,0,0,0,0,0,0,0,0,0,0,0,0,0,0,0,0,0,0,0,0,0,0,0,0,0,0,0,0,0,0,0,0,0,0,0,0,0,0,0,0,0,0,0,0,0,0,0,0,0,0,0,0,0,0,0,0,0,0,0,0,0,0,0,0,0,0,0,0,0,0,0,0,0,0,0,0,0,0,0,0,0,0,0,0,0,0,0,0,0,0,0,0,0,0,0,0,0,0,0,0,0,0,0,0,0,0,0,0,0,0,0,0,0,0,0,0,0,0,0,0,0,0,0,0,0,0,0,0,0,0,0,0,0,0,0,0,0,0,0,0,0,0,0,0,0,0,0,0,0,0,0,0,0,0,0,0,0,0,0,0,0,0,0,0,0,0,0,0,0,0,0,0,0,0,0]
[null,null,{"$f":"IFERROR(TRANSPOSE(INDEX(_xlfn._xlws.FILTER(INDIRECT(\"SubcategoriesTable[Subcategory name]\"),INDIRECT(\"SubcategoriesTable[Category name]\")=$B68),,)),\"No subcategories\")","v":0},0,0,0,0,0,0,0,0,0,0,0,0,0,0,0,0,0,0,0,0,0,0,0,0,0,0,0,0,0,0,0,0,0,0,0,0,0,0,0,0,0,0,0,0,0,0,0,0,0,0,0,0,0,0,0,0,0,0,0,0,0,0,0,0,0,0,0,0,0,0,0,0,0,0,0,0,0,0,0,0,0,0,0,0,0,0,0,0,0,0,0,0,0,0,0,0,0,0,0,0,0,0,0,0,0,0,0,0,0,0,0,0,0,0,0,0,0,0,0,0,0,0,0,0,0,0,0,0,0,0,0,0,0,0,0,0,0,0,0,0,0,0,0,0,0,0,0,0,0,0,0,0,0,0,0,0,0,0,0,0,0,0,0,0,0,0,0,0,0,0,0,0,0,0,0,0,0,0,0,0,0,0,0,0,0,0,0,0,0,0,0,0,0,0,0,0,0,0,0,0,0,0,0,0,0,0,0,0,0,0,0,0,0,0,0,0,0,0,0,0,0,0,0,0,0,0,0,0,0,0,0,0,0,0,0,0,0,0,0,0,0,0]
[null,null,{"$f":"IFERROR(TRANSPOSE(INDEX(_xlfn._xlws.FILTER(INDIRECT(\"SubcategoriesTable[Subcategory name]\"),INDIRECT(\"SubcategoriesTable[Category name]\")=$B69),,)),\"No subcategories\")","v":0},0,0,0,0,0,0,0,0,0,0,0,0,0,0,0,0,0,0,0,0,0,0,0,0,0,0,0,0,0,0,0,0,0,0,0,0,0,0,0,0,0,0,0,0,0,0,0,0,0,0,0,0,0,0,0,0,0,0,0,0,0,0,0,0,0,0,0,0,0,0,0,0,0,0,0,0,0,0,0,0,0,0,0,0,0,0,0,0,0,0,0,0,0,0,0,0,0,0,0,0,0,0,0,0,0,0,0,0,0,0,0,0,0,0,0,0,0,0,0,0,0,0,0,0,0,0,0,0,0,0,0,0,0,0,0,0,0,0,0,0,0,0,0,0,0,0,0,0,0,0,0,0,0,0,0,0,0,0,0,0,0,0,0,0,0,0,0,0,0,0,0,0,0,0,0,0,0,0,0,0,0,0,0,0,0,0,0,0,0,0,0,0,0,0,0,0,0,0,0,0,0,0,0,0,0,0,0,0,0,0,0,0,0,0,0,0,0,0,0,0,0,0,0,0,0,0,0,0,0,0,0,0,0,0,0,0,0,0,0,0,0,0]
[null,null,{"$f":"IFERROR(TRANSPOSE(INDEX(_xlfn._xlws.FILTER(INDIRECT(\"SubcategoriesTable[Subcategory name]\"),INDIRECT(\"SubcategoriesTable[Category name]\")=$B70),,)),\"No subcategories\")","v":0},0,0,0,0,0,0,0,0,0,0,0,0,0,0,0,0,0,0,0,0,0,0,0,0,0,0,0,0,0,0,0,0,0,0,0,0,0,0,0,0,0,0,0,0,0,0,0,0,0,0,0,0,0,0,0,0,0,0,0,0,0,0,0,0,0,0,0,0,0,0,0,0,0,0,0,0,0,0,0,0,0,0,0,0,0,0,0,0,0,0,0,0,0,0,0,0,0,0,0,0,0,0,0,0,0,0,0,0,0,0,0,0,0,0,0,0,0,0,0,0,0,0,0,0,0,0,0,0,0,0,0,0,0,0,0,0,0,0,0,0,0,0,0,0,0,0,0,0,0,0,0,0,0,0,0,0,0,0,0,0,0,0,0,0,0,0,0,0,0,0,0,0,0,0,0,0,0,0,0,0,0,0,0,0,0,0,0,0,0,0,0,0,0,0,0,0,0,0,0,0,0,0,0,0,0,0,0,0,0,0,0,0,0,0,0,0,0,0,0,0,0,0,0,0,0,0,0,0,0,0,0,0,0,0,0,0,0,0,0,0,0,0]
[null,null,{"$f":"IFERROR(TRANSPOSE(INDEX(_xlfn._xlws.FILTER(INDIRECT(\"SubcategoriesTable[Subcategory name]\"),INDIRECT(\"SubcategoriesTable[Category name]\")=$B71),,)),\"No subcategories\")","v":0},0,0,0,0,0,0,0,0,0,0,0,0,0,0,0,0,0,0,0,0,0,0,0,0,0,0,0,0,0,0,0,0,0,0,0,0,0,0,0,0,0,0,0,0,0,0,0,0,0,0,0,0,0,0,0,0,0,0,0,0,0,0,0,0,0,0,0,0,0,0,0,0,0,0,0,0,0,0,0,0,0,0,0,0,0,0,0,0,0,0,0,0,0,0,0,0,0,0,0,0,0,0,0,0,0,0,0,0,0,0,0,0,0,0,0,0,0,0,0,0,0,0,0,0,0,0,0,0,0,0,0,0,0,0,0,0,0,0,0,0,0,0,0,0,0,0,0,0,0,0,0,0,0,0,0,0,0,0,0,0,0,0,0,0,0,0,0,0,0,0,0,0,0,0,0,0,0,0,0,0,0,0,0,0,0,0,0,0,0,0,0,0,0,0,0,0,0,0,0,0,0,0,0,0,0,0,0,0,0,0,0,0,0,0,0,0,0,0,0,0,0,0,0,0,0,0,0,0,0,0,0,0,0,0,0,0,0,0,0,0,0,0]
[null,null,{"$f":"IFERROR(TRANSPOSE(INDEX(_xlfn._xlws.FILTER(INDIRECT(\"SubcategoriesTable[Subcategory name]\"),INDIRECT(\"SubcategoriesTable[Category name]\")=$B72),,)),\"No subcategories\")","v":0},0,0,0,0,0,0,0,0,0,0,0,0,0,0,0,0,0,0,0,0,0,0,0,0,0,0,0,0,0,0,0,0,0,0,0,0,0,0,0,0,0,0,0,0,0,0,0,0,0,0,0,0,0,0,0,0,0,0,0,0,0,0,0,0,0,0,0,0,0,0,0,0,0,0,0,0,0,0,0,0,0,0,0,0,0,0,0,0,0,0,0,0,0,0,0,0,0,0,0,0,0,0,0,0,0,0,0,0,0,0,0,0,0,0,0,0,0,0,0,0,0,0,0,0,0,0,0,0,0,0,0,0,0,0,0,0,0,0,0,0,0,0,0,0,0,0,0,0,0,0,0,0,0,0,0,0,0,0,0,0,0,0,0,0,0,0,0,0,0,0,0,0,0,0,0,0,0,0,0,0,0,0,0,0,0,0,0,0,0,0,0,0,0,0,0,0,0,0,0,0,0,0,0,0,0,0,0,0,0,0,0,0,0,0,0,0,0,0,0,0,0,0,0,0,0,0,0,0,0,0,0,0,0,0,0,0,0,0,0,0,0,0]
[null,null,{"$f":"IFERROR(TRANSPOSE(INDEX(_xlfn._xlws.FILTER(INDIRECT(\"SubcategoriesTable[Subcategory name]\"),INDIRECT(\"SubcategoriesTable[Category name]\")=$B73),,)),\"No subcategories\")","v":0},0,0,0,0,0,0,0,0,0,0,0,0,0,0,0,0,0,0,0,0,0,0,0,0,0,0,0,0,0,0,0,0,0,0,0,0,0,0,0,0,0,0,0,0,0,0,0,0,0,0,0,0,0,0,0,0,0,0,0,0,0,0,0,0,0,0,0,0,0,0,0,0,0,0,0,0,0,0,0,0,0,0,0,0,0,0,0,0,0,0,0,0,0,0,0,0,0,0,0,0,0,0,0,0,0,0,0,0,0,0,0,0,0,0,0,0,0,0,0,0,0,0,0,0,0,0,0,0,0,0,0,0,0,0,0,0,0,0,0,0,0,0,0,0,0,0,0,0,0,0,0,0,0,0,0,0,0,0,0,0,0,0,0,0,0,0,0,0,0,0,0,0,0,0,0,0,0,0,0,0,0,0,0,0,0,0,0,0,0,0,0,0,0,0,0,0,0,0,0,0,0,0,0,0,0,0,0,0,0,0,0,0,0,0,0,0,0,0,0,0,0,0,0,0,0,0,0,0,0,0,0,0,0,0,0,0,0,0,0,0,0,0]
[null,null,{"$f":"IFERROR(TRANSPOSE(INDEX(_xlfn._xlws.FILTER(INDIRECT(\"SubcategoriesTable[Subcategory name]\"),INDIRECT(\"SubcategoriesTable[Category name]\")=$B74),,)),\"No subcategories\")","v":0},0,0,0,0,0,0,0,0,0,0,0,0,0,0,0,0,0,0,0,0,0,0,0,0,0,0,0,0,0,0,0,0,0,0,0,0,0,0,0,0,0,0,0,0,0,0,0,0,0,0,0,0,0,0,0,0,0,0,0,0,0,0,0,0,0,0,0,0,0,0,0,0,0,0,0,0,0,0,0,0,0,0,0,0,0,0,0,0,0,0,0,0,0,0,0,0,0,0,0,0,0,0,0,0,0,0,0,0,0,0,0,0,0,0,0,0,0,0,0,0,0,0,0,0,0,0,0,0,0,0,0,0,0,0,0,0,0,0,0,0,0,0,0,0,0,0,0,0,0,0,0,0,0,0,0,0,0,0,0,0,0,0,0,0,0,0,0,0,0,0,0,0,0,0,0,0,0,0,0,0,0,0,0,0,0,0,0,0,0,0,0,0,0,0,0,0,0,0,0,0,0,0,0,0,0,0,0,0,0,0,0,0,0,0,0,0,0,0,0,0,0,0,0,0,0,0,0,0,0,0,0,0,0,0,0,0,0,0,0,0,0,0]
[null,null,{"$f":"IFERROR(TRANSPOSE(INDEX(_xlfn._xlws.FILTER(INDIRECT(\"SubcategoriesTable[Subcategory name]\"),INDIRECT(\"SubcategoriesTable[Category name]\")=$B75),,)),\"No subcategories\")","v":0},0,0,0,0,0,0,0,0,0,0,0,0,0,0,0,0,0,0,0,0,0,0,0,0,0,0,0,0,0,0,0,0,0,0,0,0,0,0,0,0,0,0,0,0,0,0,0,0,0,0,0,0,0,0,0,0,0,0,0,0,0,0,0,0,0,0,0,0,0,0,0,0,0,0,0,0,0,0,0,0,0,0,0,0,0,0,0,0,0,0,0,0,0,0,0,0,0,0,0,0,0,0,0,0,0,0,0,0,0,0,0,0,0,0,0,0,0,0,0,0,0,0,0,0,0,0,0,0,0,0,0,0,0,0,0,0,0,0,0,0,0,0,0,0,0,0,0,0,0,0,0,0,0,0,0,0,0,0,0,0,0,0,0,0,0,0,0,0,0,0,0,0,0,0,0,0,0,0,0,0,0,0,0,0,0,0,0,0,0,0,0,0,0,0,0,0,0,0,0,0,0,0,0,0,0,0,0,0,0,0,0,0,0,0,0,0,0,0,0,0,0,0,0,0,0,0,0,0,0,0,0,0,0,0,0,0,0,0,0,0,0,0]
[null,null,{"$f":"IFERROR(TRANSPOSE(INDEX(_xlfn._xlws.FILTER(INDIRECT(\"SubcategoriesTable[Subcategory name]\"),INDIRECT(\"SubcategoriesTable[Category name]\")=$B76),,)),\"No subcategories\")","v":0},0,0,0,0,0,0,0,0,0,0,0,0,0,0,0,0,0,0,0,0,0,0,0,0,0,0,0,0,0,0,0,0,0,0,0,0,0,0,0,0,0,0,0,0,0,0,0,0,0,0,0,0,0,0,0,0,0,0,0,0,0,0,0,0,0,0,0,0,0,0,0,0,0,0,0,0,0,0,0,0,0,0,0,0,0,0,0,0,0,0,0,0,0,0,0,0,0,0,0,0,0,0,0,0,0,0,0,0,0,0,0,0,0,0,0,0,0,0,0,0,0,0,0,0,0,0,0,0,0,0,0,0,0,0,0,0,0,0,0,0,0,0,0,0,0,0,0,0,0,0,0,0,0,0,0,0,0,0,0,0,0,0,0,0,0,0,0,0,0,0,0,0,0,0,0,0,0,0,0,0,0,0,0,0,0,0,0,0,0,0,0,0,0,0,0,0,0,0,0,0,0,0,0,0,0,0,0,0,0,0,0,0,0,0,0,0,0,0,0,0,0,0,0,0,0,0,0,0,0,0,0,0,0,0,0,0,0,0,0,0,0,0]
[null,null,{"$f":"IFERROR(TRANSPOSE(INDEX(_xlfn._xlws.FILTER(INDIRECT(\"SubcategoriesTable[Subcategory name]\"),INDIRECT(\"SubcategoriesTable[Category name]\")=$B77),,)),\"No subcategories\")","v":0},0,0,0,0,0,0,0,0,0,0,0,0,0,0,0,0,0,0,0,0,0,0,0,0,0,0,0,0,0,0,0,0,0,0,0,0,0,0,0,0,0,0,0,0,0,0,0,0,0,0,0,0,0,0,0,0,0,0,0,0,0,0,0,0,0,0,0,0,0,0,0,0,0,0,0,0,0,0,0,0,0,0,0,0,0,0,0,0,0,0,0,0,0,0,0,0,0,0,0,0,0,0,0,0,0,0,0,0,0,0,0,0,0,0,0,0,0,0,0,0,0,0,0,0,0,0,0,0,0,0,0,0,0,0,0,0,0,0,0,0,0,0,0,0,0,0,0,0,0,0,0,0,0,0,0,0,0,0,0,0,0,0,0,0,0,0,0,0,0,0,0,0,0,0,0,0,0,0,0,0,0,0,0,0,0,0,0,0,0,0,0,0,0,0,0,0,0,0,0,0,0,0,0,0,0,0,0,0,0,0,0,0,0,0,0,0,0,0,0,0,0,0,0,0,0,0,0,0,0,0,0,0,0,0,0,0,0,0,0,0,0,0]
[null,null,{"$f":"IFERROR(TRANSPOSE(INDEX(_xlfn._xlws.FILTER(INDIRECT(\"SubcategoriesTable[Subcategory name]\"),INDIRECT(\"SubcategoriesTable[Category name]\")=$B78),,)),\"No subcategories\")","v":0},0,0,0,0,0,0,0,0,0,0,0,0,0,0,0,0,0,0,0,0,0,0,0,0,0,0,0,0,0,0,0,0,0,0,0,0,0,0,0,0,0,0,0,0,0,0,0,0,0,0,0,0,0,0,0,0,0,0,0,0,0,0,0,0,0,0,0,0,0,0,0,0,0,0,0,0,0,0,0,0,0,0,0,0,0,0,0,0,0,0,0,0,0,0,0,0,0,0,0,0,0,0,0,0,0,0,0,0,0,0,0,0,0,0,0,0,0,0,0,0,0,0,0,0,0,0,0,0,0,0,0,0,0,0,0,0,0,0,0,0,0,0,0,0,0,0,0,0,0,0,0,0,0,0,0,0,0,0,0,0,0,0,0,0,0,0,0,0,0,0,0,0,0,0,0,0,0,0,0,0,0,0,0,0,0,0,0,0,0,0,0,0,0,0,0,0,0,0,0,0,0,0,0,0,0,0,0,0,0,0,0,0,0,0,0,0,0,0,0,0,0,0,0,0,0,0,0,0,0,0,0,0,0,0,0,0,0,0,0,0,0,0]
[null,null,{"$f":"IFERROR(TRANSPOSE(INDEX(_xlfn._xlws.FILTER(INDIRECT(\"SubcategoriesTable[Subcategory name]\"),INDIRECT(\"SubcategoriesTable[Category name]\")=$B79),,)),\"No subcategories\")","v":0},0,0,0,0,0,0,0,0,0,0,0,0,0,0,0,0,0,0,0,0,0,0,0,0,0,0,0,0,0,0,0,0,0,0,0,0,0,0,0,0,0,0,0,0,0,0,0,0,0,0,0,0,0,0,0,0,0,0,0,0,0,0,0,0,0,0,0,0,0,0,0,0,0,0,0,0,0,0,0,0,0,0,0,0,0,0,0,0,0,0,0,0,0,0,0,0,0,0,0,0,0,0,0,0,0,0,0,0,0,0,0,0,0,0,0,0,0,0,0,0,0,0,0,0,0,0,0,0,0,0,0,0,0,0,0,0,0,0,0,0,0,0,0,0,0,0,0,0,0,0,0,0,0,0,0,0,0,0,0,0,0,0,0,0,0,0,0,0,0,0,0,0,0,0,0,0,0,0,0,0,0,0,0,0,0,0,0,0,0,0,0,0,0,0,0,0,0,0,0,0,0,0,0,0,0,0,0,0,0,0,0,0,0,0,0,0,0,0,0,0,0,0,0,0,0,0,0,0,0,0,0,0,0,0,0,0,0,0,0,0,0,0]
[null,null,{"$f":"IFERROR(TRANSPOSE(INDEX(_xlfn._xlws.FILTER(INDIRECT(\"SubcategoriesTable[Subcategory name]\"),INDIRECT(\"SubcategoriesTable[Category name]\")=$B80),,)),\"No subcategories\")","v":0},0,0,0,0,0,0,0,0,0,0,0,0,0,0,0,0,0,0,0,0,0,0,0,0,0,0,0,0,0,0,0,0,0,0,0,0,0,0,0,0,0,0,0,0,0,0,0,0,0,0,0,0,0,0,0,0,0,0,0,0,0,0,0,0,0,0,0,0,0,0,0,0,0,0,0,0,0,0,0,0,0,0,0,0,0,0,0,0,0,0,0,0,0,0,0,0,0,0,0,0,0,0,0,0,0,0,0,0,0,0,0,0,0,0,0,0,0,0,0,0,0,0,0,0,0,0,0,0,0,0,0,0,0,0,0,0,0,0,0,0,0,0,0,0,0,0,0,0,0,0,0,0,0,0,0,0,0,0,0,0,0,0,0,0,0,0,0,0,0,0,0,0,0,0,0,0,0,0,0,0,0,0,0,0,0,0,0,0,0,0,0,0,0,0,0,0,0,0,0,0,0,0,0,0,0,0,0,0,0,0,0,0,0,0,0,0,0,0,0,0,0,0,0,0,0,0,0,0,0,0,0,0,0,0,0,0,0,0,0,0,0,0]
[null,null,{"$f":"IFERROR(TRANSPOSE(INDEX(_xlfn._xlws.FILTER(INDIRECT(\"SubcategoriesTable[Subcategory name]\"),INDIRECT(\"SubcategoriesTable[Category name]\")=$B81),,)),\"No subcategories\")","v":0},0,0,0,0,0,0,0,0,0,0,0,0,0,0,0,0,0,0,0,0,0,0,0,0,0,0,0,0,0,0,0,0,0,0,0,0,0,0,0,0,0,0,0,0,0,0,0,0,0,0,0,0,0,0,0,0,0,0,0,0,0,0,0,0,0,0,0,0,0,0,0,0,0,0,0,0,0,0,0,0,0,0,0,0,0,0,0,0,0,0,0,0,0,0,0,0,0,0,0,0,0,0,0,0,0,0,0,0,0,0,0,0,0,0,0,0,0,0,0,0,0,0,0,0,0,0,0,0,0,0,0,0,0,0,0,0,0,0,0,0,0,0,0,0,0,0,0,0,0,0,0,0,0,0,0,0,0,0,0,0,0,0,0,0,0,0,0,0,0,0,0,0,0,0,0,0,0,0,0,0,0,0,0,0,0,0,0,0,0,0,0,0,0,0,0,0,0,0,0,0,0,0,0,0,0,0,0,0,0,0,0,0,0,0,0,0,0,0,0,0,0,0,0,0,0,0,0,0,0,0,0,0,0,0,0,0,0,0,0,0,0,0]
[null,null,{"$f":"IFERROR(TRANSPOSE(INDEX(_xlfn._xlws.FILTER(INDIRECT(\"SubcategoriesTable[Subcategory name]\"),INDIRECT(\"SubcategoriesTable[Category name]\")=$B82),,)),\"No subcategories\")","v":0},0,0,0,0,0,0,0,0,0,0,0,0,0,0,0,0,0,0,0,0,0,0,0,0,0,0,0,0,0,0,0,0,0,0,0,0,0,0,0,0,0,0,0,0,0,0,0,0,0,0,0,0,0,0,0,0,0,0,0,0,0,0,0,0,0,0,0,0,0,0,0,0,0,0,0,0,0,0,0,0,0,0,0,0,0,0,0,0,0,0,0,0,0,0,0,0,0,0,0,0,0,0,0,0,0,0,0,0,0,0,0,0,0,0,0,0,0,0,0,0,0,0,0,0,0,0,0,0,0,0,0,0,0,0,0,0,0,0,0,0,0,0,0,0,0,0,0,0,0,0,0,0,0,0,0,0,0,0,0,0,0,0,0,0,0,0,0,0,0,0,0,0,0,0,0,0,0,0,0,0,0,0,0,0,0,0,0,0,0,0,0,0,0,0,0,0,0,0,0,0,0,0,0,0,0,0,0,0,0,0,0,0,0,0,0,0,0,0,0,0,0,0,0,0,0,0,0,0,0,0,0,0,0,0,0,0,0,0,0,0,0,0]
[null,null,{"$f":"IFERROR(TRANSPOSE(INDEX(_xlfn._xlws.FILTER(INDIRECT(\"SubcategoriesTable[Subcategory name]\"),INDIRECT(\"SubcategoriesTable[Category name]\")=$B83),,)),\"No subcategories\")","v":0},0,0,0,0,0,0,0,0,0,0,0,0,0,0,0,0,0,0,0,0,0,0,0,0,0,0,0,0,0,0,0,0,0,0,0,0,0,0,0,0,0,0,0,0,0,0,0,0,0,0,0,0,0,0,0,0,0,0,0,0,0,0,0,0,0,0,0,0,0,0,0,0,0,0,0,0,0,0,0,0,0,0,0,0,0,0,0,0,0,0,0,0,0,0,0,0,0,0,0,0,0,0,0,0,0,0,0,0,0,0,0,0,0,0,0,0,0,0,0,0,0,0,0,0,0,0,0,0,0,0,0,0,0,0,0,0,0,0,0,0,0,0,0,0,0,0,0,0,0,0,0,0,0,0,0,0,0,0,0,0,0,0,0,0,0,0,0,0,0,0,0,0,0,0,0,0,0,0,0,0,0,0,0,0,0,0,0,0,0,0,0,0,0,0,0,0,0,0,0,0,0,0,0,0,0,0,0,0,0,0,0,0,0,0,0,0,0,0,0,0,0,0,0,0,0,0,0,0,0,0,0,0,0,0,0,0,0,0,0,0,0,0]
[null,null,{"$f":"IFERROR(TRANSPOSE(INDEX(_xlfn._xlws.FILTER(INDIRECT(\"SubcategoriesTable[Subcategory name]\"),INDIRECT(\"SubcategoriesTable[Category name]\")=$B84),,)),\"No subcategories\")","v":0},0,0,0,0,0,0,0,0,0,0,0,0,0,0,0,0,0,0,0,0,0,0,0,0,0,0,0,0,0,0,0,0,0,0,0,0,0,0,0,0,0,0,0,0,0,0,0,0,0,0,0,0,0,0,0,0,0,0,0,0,0,0,0,0,0,0,0,0,0,0,0,0,0,0,0,0,0,0,0,0,0,0,0,0,0,0,0,0,0,0,0,0,0,0,0,0,0,0,0,0,0,0,0,0,0,0,0,0,0,0,0,0,0,0,0,0,0,0,0,0,0,0,0,0,0,0,0,0,0,0,0,0,0,0,0,0,0,0,0,0,0,0,0,0,0,0,0,0,0,0,0,0,0,0,0,0,0,0,0,0,0,0,0,0,0,0,0,0,0,0,0,0,0,0,0,0,0,0,0,0,0,0,0,0,0,0,0,0,0,0,0,0,0,0,0,0,0,0,0,0,0,0,0,0,0,0,0,0,0,0,0,0,0,0,0,0,0,0,0,0,0,0,0,0,0,0,0,0,0,0,0,0,0,0,0,0,0,0,0,0,0,0]
[null,null,{"$f":"IFERROR(TRANSPOSE(INDEX(_xlfn._xlws.FILTER(INDIRECT(\"SubcategoriesTable[Subcategory name]\"),INDIRECT(\"SubcategoriesTable[Category name]\")=$B85),,)),\"No subcategories\")","v":0},0,0,0,0,0,0,0,0,0,0,0,0,0,0,0,0,0,0,0,0,0,0,0,0,0,0,0,0,0,0,0,0,0,0,0,0,0,0,0,0,0,0,0,0,0,0,0,0,0,0,0,0,0,0,0,0,0,0,0,0,0,0,0,0,0,0,0,0,0,0,0,0,0,0,0,0,0,0,0,0,0,0,0,0,0,0,0,0,0,0,0,0,0,0,0,0,0,0,0,0,0,0,0,0,0,0,0,0,0,0,0,0,0,0,0,0,0,0,0,0,0,0,0,0,0,0,0,0,0,0,0,0,0,0,0,0,0,0,0,0,0,0,0,0,0,0,0,0,0,0,0,0,0,0,0,0,0,0,0,0,0,0,0,0,0,0,0,0,0,0,0,0,0,0,0,0,0,0,0,0,0,0,0,0,0,0,0,0,0,0,0,0,0,0,0,0,0,0,0,0,0,0,0,0,0,0,0,0,0,0,0,0,0,0,0,0,0,0,0,0,0,0,0,0,0,0,0,0,0,0,0,0,0,0,0,0,0,0,0,0,0,0]
[null,null,{"$f":"IFERROR(TRANSPOSE(INDEX(_xlfn._xlws.FILTER(INDIRECT(\"SubcategoriesTable[Subcategory name]\"),INDIRECT(\"SubcategoriesTable[Category name]\")=$B86),,)),\"No subcategories\")","v":0},0,0,0,0,0,0,0,0,0,0,0,0,0,0,0,0,0,0,0,0,0,0,0,0,0,0,0,0,0,0,0,0,0,0,0,0,0,0,0,0,0,0,0,0,0,0,0,0,0,0,0,0,0,0,0,0,0,0,0,0,0,0,0,0,0,0,0,0,0,0,0,0,0,0,0,0,0,0,0,0,0,0,0,0,0,0,0,0,0,0,0,0,0,0,0,0,0,0,0,0,0,0,0,0,0,0,0,0,0,0,0,0,0,0,0,0,0,0,0,0,0,0,0,0,0,0,0,0,0,0,0,0,0,0,0,0,0,0,0,0,0,0,0,0,0,0,0,0,0,0,0,0,0,0,0,0,0,0,0,0,0,0,0,0,0,0,0,0,0,0,0,0,0,0,0,0,0,0,0,0,0,0,0,0,0,0,0,0,0,0,0,0,0,0,0,0,0,0,0,0,0,0,0,0,0,0,0,0,0,0,0,0,0,0,0,0,0,0,0,0,0,0,0,0,0,0,0,0,0,0,0,0,0,0,0,0,0,0,0,0,0,0]
[null,null,{"$f":"IFERROR(TRANSPOSE(INDEX(_xlfn._xlws.FILTER(INDIRECT(\"SubcategoriesTable[Subcategory name]\"),INDIRECT(\"SubcategoriesTable[Category name]\")=$B87),,)),\"No subcategories\")","v":0},0,0,0,0,0,0,0,0,0,0,0,0,0,0,0,0,0,0,0,0,0,0,0,0,0,0,0,0,0,0,0,0,0,0,0,0,0,0,0,0,0,0,0,0,0,0,0,0,0,0,0,0,0,0,0,0,0,0,0,0,0,0,0,0,0,0,0,0,0,0,0,0,0,0,0,0,0,0,0,0,0,0,0,0,0,0,0,0,0,0,0,0,0,0,0,0,0,0,0,0,0,0,0,0,0,0,0,0,0,0,0,0,0,0,0,0,0,0,0,0,0,0,0,0,0,0,0,0,0,0,0,0,0,0,0,0,0,0,0,0,0,0,0,0,0,0,0,0,0,0,0,0,0,0,0,0,0,0,0,0,0,0,0,0,0,0,0,0,0,0,0,0,0,0,0,0,0,0,0,0,0,0,0,0,0,0,0,0,0,0,0,0,0,0,0,0,0,0,0,0,0,0,0,0,0,0,0,0,0,0,0,0,0,0,0,0,0,0,0,0,0,0,0,0,0,0,0,0,0,0,0,0,0,0,0,0,0,0,0,0,0,0]
[null,null,{"$f":"IFERROR(TRANSPOSE(INDEX(_xlfn._xlws.FILTER(INDIRECT(\"SubcategoriesTable[Subcategory name]\"),INDIRECT(\"SubcategoriesTable[Category name]\")=$B88),,)),\"No subcategories\")","v":0},0,0,0,0,0,0,0,0,0,0,0,0,0,0,0,0,0,0,0,0,0,0,0,0,0,0,0,0,0,0,0,0,0,0,0,0,0,0,0,0,0,0,0,0,0,0,0,0,0,0,0,0,0,0,0,0,0,0,0,0,0,0,0,0,0,0,0,0,0,0,0,0,0,0,0,0,0,0,0,0,0,0,0,0,0,0,0,0,0,0,0,0,0,0,0,0,0,0,0,0,0,0,0,0,0,0,0,0,0,0,0,0,0,0,0,0,0,0,0,0,0,0,0,0,0,0,0,0,0,0,0,0,0,0,0,0,0,0,0,0,0,0,0,0,0,0,0,0,0,0,0,0,0,0,0,0,0,0,0,0,0,0,0,0,0,0,0,0,0,0,0,0,0,0,0,0,0,0,0,0,0,0,0,0,0,0,0,0,0,0,0,0,0,0,0,0,0,0,0,0,0,0,0,0,0,0,0,0,0,0,0,0,0,0,0,0,0,0,0,0,0,0,0,0,0,0,0,0,0,0,0,0,0,0,0,0,0,0,0,0,0,0]
[null,null,{"$f":"IFERROR(TRANSPOSE(INDEX(_xlfn._xlws.FILTER(INDIRECT(\"SubcategoriesTable[Subcategory name]\"),INDIRECT(\"SubcategoriesTable[Category name]\")=$B89),,)),\"No subcategories\")","v":0},0,0,0,0,0,0,0,0,0,0,0,0,0,0,0,0,0,0,0,0,0,0,0,0,0,0,0,0,0,0,0,0,0,0,0,0,0,0,0,0,0,0,0,0,0,0,0,0,0,0,0,0,0,0,0,0,0,0,0,0,0,0,0,0,0,0,0,0,0,0,0,0,0,0,0,0,0,0,0,0,0,0,0,0,0,0,0,0,0,0,0,0,0,0,0,0,0,0,0,0,0,0,0,0,0,0,0,0,0,0,0,0,0,0,0,0,0,0,0,0,0,0,0,0,0,0,0,0,0,0,0,0,0,0,0,0,0,0,0,0,0,0,0,0,0,0,0,0,0,0,0,0,0,0,0,0,0,0,0,0,0,0,0,0,0,0,0,0,0,0,0,0,0,0,0,0,0,0,0,0,0,0,0,0,0,0,0,0,0,0,0,0,0,0,0,0,0,0,0,0,0,0,0,0,0,0,0,0,0,0,0,0,0,0,0,0,0,0,0,0,0,0,0,0,0,0,0,0,0,0,0,0,0,0,0,0,0,0,0,0,0,0]
[null,null,{"$f":"IFERROR(TRANSPOSE(INDEX(_xlfn._xlws.FILTER(INDIRECT(\"SubcategoriesTable[Subcategory name]\"),INDIRECT(\"SubcategoriesTable[Category name]\")=$B90),,)),\"No subcategories\")","v":0},0,0,0,0,0,0,0,0,0,0,0,0,0,0,0,0,0,0,0,0,0,0,0,0,0,0,0,0,0,0,0,0,0,0,0,0,0,0,0,0,0,0,0,0,0,0,0,0,0,0,0,0,0,0,0,0,0,0,0,0,0,0,0,0,0,0,0,0,0,0,0,0,0,0,0,0,0,0,0,0,0,0,0,0,0,0,0,0,0,0,0,0,0,0,0,0,0,0,0,0,0,0,0,0,0,0,0,0,0,0,0,0,0,0,0,0,0,0,0,0,0,0,0,0,0,0,0,0,0,0,0,0,0,0,0,0,0,0,0,0,0,0,0,0,0,0,0,0,0,0,0,0,0,0,0,0,0,0,0,0,0,0,0,0,0,0,0,0,0,0,0,0,0,0,0,0,0,0,0,0,0,0,0,0,0,0,0,0,0,0,0,0,0,0,0,0,0,0,0,0,0,0,0,0,0,0,0,0,0,0,0,0,0,0,0,0,0,0,0,0,0,0,0,0,0,0,0,0,0,0,0,0,0,0,0,0,0,0,0,0,0,0]
[null,null,{"$f":"IFERROR(TRANSPOSE(INDEX(_xlfn._xlws.FILTER(INDIRECT(\"SubcategoriesTable[Subcategory name]\"),INDIRECT(\"SubcategoriesTable[Category name]\")=$B91),,)),\"No subcategories\")","v":0},0,0,0,0,0,0,0,0,0,0,0,0,0,0,0,0,0,0,0,0,0,0,0,0,0,0,0,0,0,0,0,0,0,0,0,0,0,0,0,0,0,0,0,0,0,0,0,0,0,0,0,0,0,0,0,0,0,0,0,0,0,0,0,0,0,0,0,0,0,0,0,0,0,0,0,0,0,0,0,0,0,0,0,0,0,0,0,0,0,0,0,0,0,0,0,0,0,0,0,0,0,0,0,0,0,0,0,0,0,0,0,0,0,0,0,0,0,0,0,0,0,0,0,0,0,0,0,0,0,0,0,0,0,0,0,0,0,0,0,0,0,0,0,0,0,0,0,0,0,0,0,0,0,0,0,0,0,0,0,0,0,0,0,0,0,0,0,0,0,0,0,0,0,0,0,0,0,0,0,0,0,0,0,0,0,0,0,0,0,0,0,0,0,0,0,0,0,0,0,0,0,0,0,0,0,0,0,0,0,0,0,0,0,0,0,0,0,0,0,0,0,0,0,0,0,0,0,0,0,0,0,0,0,0,0,0,0,0,0,0,0,0]
[null,null,{"$f":"IFERROR(TRANSPOSE(INDEX(_xlfn._xlws.FILTER(INDIRECT(\"SubcategoriesTable[Subcategory name]\"),INDIRECT(\"SubcategoriesTable[Category name]\")=$B92),,)),\"No subcategories\")","v":0},0,0,0,0,0,0,0,0,0,0,0,0,0,0,0,0,0,0,0,0,0,0,0,0,0,0,0,0,0,0,0,0,0,0,0,0,0,0,0,0,0,0,0,0,0,0,0,0,0,0,0,0,0,0,0,0,0,0,0,0,0,0,0,0,0,0,0,0,0,0,0,0,0,0,0,0,0,0,0,0,0,0,0,0,0,0,0,0,0,0,0,0,0,0,0,0,0,0,0,0,0,0,0,0,0,0,0,0,0,0,0,0,0,0,0,0,0,0,0,0,0,0,0,0,0,0,0,0,0,0,0,0,0,0,0,0,0,0,0,0,0,0,0,0,0,0,0,0,0,0,0,0,0,0,0,0,0,0,0,0,0,0,0,0,0,0,0,0,0,0,0,0,0,0,0,0,0,0,0,0,0,0,0,0,0,0,0,0,0,0,0,0,0,0,0,0,0,0,0,0,0,0,0,0,0,0,0,0,0,0,0,0,0,0,0,0,0,0,0,0,0,0,0,0,0,0,0,0,0,0,0,0,0,0,0,0,0,0,0,0,0,0]
[null,null,{"$f":"IFERROR(TRANSPOSE(INDEX(_xlfn._xlws.FILTER(INDIRECT(\"SubcategoriesTable[Subcategory name]\"),INDIRECT(\"SubcategoriesTable[Category name]\")=$B93),,)),\"No subcategories\")","v":0},0,0,0,0,0,0,0,0,0,0,0,0,0,0,0,0,0,0,0,0,0,0,0,0,0,0,0,0,0,0,0,0,0,0,0,0,0,0,0,0,0,0,0,0,0,0,0,0,0,0,0,0,0,0,0,0,0,0,0,0,0,0,0,0,0,0,0,0,0,0,0,0,0,0,0,0,0,0,0,0,0,0,0,0,0,0,0,0,0,0,0,0,0,0,0,0,0,0,0,0,0,0,0,0,0,0,0,0,0,0,0,0,0,0,0,0,0,0,0,0,0,0,0,0,0,0,0,0,0,0,0,0,0,0,0,0,0,0,0,0,0,0,0,0,0,0,0,0,0,0,0,0,0,0,0,0,0,0,0,0,0,0,0,0,0,0,0,0,0,0,0,0,0,0,0,0,0,0,0,0,0,0,0,0,0,0,0,0,0,0,0,0,0,0,0,0,0,0,0,0,0,0,0,0,0,0,0,0,0,0,0,0,0,0,0,0,0,0,0,0,0,0,0,0,0,0,0,0,0,0,0,0,0,0,0,0,0,0,0,0,0,0]
[null,null,{"$f":"IFERROR(TRANSPOSE(INDEX(_xlfn._xlws.FILTER(INDIRECT(\"SubcategoriesTable[Subcategory name]\"),INDIRECT(\"SubcategoriesTable[Category name]\")=$B94),,)),\"No subcategories\")","v":0},0,0,0,0,0,0,0,0,0,0,0,0,0,0,0,0,0,0,0,0,0,0,0,0,0,0,0,0,0,0,0,0,0,0,0,0,0,0,0,0,0,0,0,0,0,0,0,0,0,0,0,0,0,0,0,0,0,0,0,0,0,0,0,0,0,0,0,0,0,0,0,0,0,0,0,0,0,0,0,0,0,0,0,0,0,0,0,0,0,0,0,0,0,0,0,0,0,0,0,0,0,0,0,0,0,0,0,0,0,0,0,0,0,0,0,0,0,0,0,0,0,0,0,0,0,0,0,0,0,0,0,0,0,0,0,0,0,0,0,0,0,0,0,0,0,0,0,0,0,0,0,0,0,0,0,0,0,0,0,0,0,0,0,0,0,0,0,0,0,0,0,0,0,0,0,0,0,0,0,0,0,0,0,0,0,0,0,0,0,0,0,0,0,0,0,0,0,0,0,0,0,0,0,0,0,0,0,0,0,0,0,0,0,0,0,0,0,0,0,0,0,0,0,0,0,0,0,0,0,0,0,0,0,0,0,0,0,0,0,0,0,0]
[null,null,{"$f":"IFERROR(TRANSPOSE(INDEX(_xlfn._xlws.FILTER(INDIRECT(\"SubcategoriesTable[Subcategory name]\"),INDIRECT(\"SubcategoriesTable[Category name]\")=$B95),,)),\"No subcategories\")","v":0},0,0,0,0,0,0,0,0,0,0,0,0,0,0,0,0,0,0,0,0,0,0,0,0,0,0,0,0,0,0,0,0,0,0,0,0,0,0,0,0,0,0,0,0,0,0,0,0,0,0,0,0,0,0,0,0,0,0,0,0,0,0,0,0,0,0,0,0,0,0,0,0,0,0,0,0,0,0,0,0,0,0,0,0,0,0,0,0,0,0,0,0,0,0,0,0,0,0,0,0,0,0,0,0,0,0,0,0,0,0,0,0,0,0,0,0,0,0,0,0,0,0,0,0,0,0,0,0,0,0,0,0,0,0,0,0,0,0,0,0,0,0,0,0,0,0,0,0,0,0,0,0,0,0,0,0,0,0,0,0,0,0,0,0,0,0,0,0,0,0,0,0,0,0,0,0,0,0,0,0,0,0,0,0,0,0,0,0,0,0,0,0,0,0,0,0,0,0,0,0,0,0,0,0,0,0,0,0,0,0,0,0,0,0,0,0,0,0,0,0,0,0,0,0,0,0,0,0,0,0,0,0,0,0,0,0,0,0,0,0,0,0]
[null,null,{"$f":"IFERROR(TRANSPOSE(INDEX(_xlfn._xlws.FILTER(INDIRECT(\"SubcategoriesTable[Subcategory name]\"),INDIRECT(\"SubcategoriesTable[Category name]\")=$B96),,)),\"No subcategories\")","v":0},0,0,0,0,0,0,0,0,0,0,0,0,0,0,0,0,0,0,0,0,0,0,0,0,0,0,0,0,0,0,0,0,0,0,0,0,0,0,0,0,0,0,0,0,0,0,0,0,0,0,0,0,0,0,0,0,0,0,0,0,0,0,0,0,0,0,0,0,0,0,0,0,0,0,0,0,0,0,0,0,0,0,0,0,0,0,0,0,0,0,0,0,0,0,0,0,0,0,0,0,0,0,0,0,0,0,0,0,0,0,0,0,0,0,0,0,0,0,0,0,0,0,0,0,0,0,0,0,0,0,0,0,0,0,0,0,0,0,0,0,0,0,0,0,0,0,0,0,0,0,0,0,0,0,0,0,0,0,0,0,0,0,0,0,0,0,0,0,0,0,0,0,0,0,0,0,0,0,0,0,0,0,0,0,0,0,0,0,0,0,0,0,0,0,0,0,0,0,0,0,0,0,0,0,0,0,0,0,0,0,0,0,0,0,0,0,0,0,0,0,0,0,0,0,0,0,0,0,0,0,0,0,0,0,0,0,0,0,0,0,0,0]
[null,null,{"$f":"IFERROR(TRANSPOSE(INDEX(_xlfn._xlws.FILTER(INDIRECT(\"SubcategoriesTable[Subcategory name]\"),INDIRECT(\"SubcategoriesTable[Category name]\")=$B97),,)),\"No subcategories\")","v":0},0,0,0,0,0,0,0,0,0,0,0,0,0,0,0,0,0,0,0,0,0,0,0,0,0,0,0,0,0,0,0,0,0,0,0,0,0,0,0,0,0,0,0,0,0,0,0,0,0,0,0,0,0,0,0,0,0,0,0,0,0,0,0,0,0,0,0,0,0,0,0,0,0,0,0,0,0,0,0,0,0,0,0,0,0,0,0,0,0,0,0,0,0,0,0,0,0,0,0,0,0,0,0,0,0,0,0,0,0,0,0,0,0,0,0,0,0,0,0,0,0,0,0,0,0,0,0,0,0,0,0,0,0,0,0,0,0,0,0,0,0,0,0,0,0,0,0,0,0,0,0,0,0,0,0,0,0,0,0,0,0,0,0,0,0,0,0,0,0,0,0,0,0,0,0,0,0,0,0,0,0,0,0,0,0,0,0,0,0,0,0,0,0,0,0,0,0,0,0,0,0,0,0,0,0,0,0,0,0,0,0,0,0,0,0,0,0,0,0,0,0,0,0,0,0,0,0,0,0,0,0,0,0,0,0,0,0,0,0,0,0,0]
[null,null,{"$f":"IFERROR(TRANSPOSE(INDEX(_xlfn._xlws.FILTER(INDIRECT(\"SubcategoriesTable[Subcategory name]\"),INDIRECT(\"SubcategoriesTable[Category name]\")=$B98),,)),\"No subcategories\")","v":0},0,0,0,0,0,0,0,0,0,0,0,0,0,0,0,0,0,0,0,0,0,0,0,0,0,0,0,0,0,0,0,0,0,0,0,0,0,0,0,0,0,0,0,0,0,0,0,0,0,0,0,0,0,0,0,0,0,0,0,0,0,0,0,0,0,0,0,0,0,0,0,0,0,0,0,0,0,0,0,0,0,0,0,0,0,0,0,0,0,0,0,0,0,0,0,0,0,0,0,0,0,0,0,0,0,0,0,0,0,0,0,0,0,0,0,0,0,0,0,0,0,0,0,0,0,0,0,0,0,0,0,0,0,0,0,0,0,0,0,0,0,0,0,0,0,0,0,0,0,0,0,0,0,0,0,0,0,0,0,0,0,0,0,0,0,0,0,0,0,0,0,0,0,0,0,0,0,0,0,0,0,0,0,0,0,0,0,0,0,0,0,0,0,0,0,0,0,0,0,0,0,0,0,0,0,0,0,0,0,0,0,0,0,0,0,0,0,0,0,0,0,0,0,0,0,0,0,0,0,0,0,0,0,0,0,0,0,0,0,0,0,0]
[null,null,{"$f":"IFERROR(TRANSPOSE(INDEX(_xlfn._xlws.FILTER(INDIRECT(\"SubcategoriesTable[Subcategory name]\"),INDIRECT(\"SubcategoriesTable[Category name]\")=$B99),,)),\"No subcategories\")","v":0},0,0,0,0,0,0,0,0,0,0,0,0,0,0,0,0,0,0,0,0,0,0,0,0,0,0,0,0,0,0,0,0,0,0,0,0,0,0,0,0,0,0,0,0,0,0,0,0,0,0,0,0,0,0,0,0,0,0,0,0,0,0,0,0,0,0,0,0,0,0,0,0,0,0,0,0,0,0,0,0,0,0,0,0,0,0,0,0,0,0,0,0,0,0,0,0,0,0,0,0,0,0,0,0,0,0,0,0,0,0,0,0,0,0,0,0,0,0,0,0,0,0,0,0,0,0,0,0,0,0,0,0,0,0,0,0,0,0,0,0,0,0,0,0,0,0,0,0,0,0,0,0,0,0,0,0,0,0,0,0,0,0,0,0,0,0,0,0,0,0,0,0,0,0,0,0,0,0,0,0,0,0,0,0,0,0,0,0,0,0,0,0,0,0,0,0,0,0,0,0,0,0,0,0,0,0,0,0,0,0,0,0,0,0,0,0,0,0,0,0,0,0,0,0,0,0,0,0,0,0,0,0,0,0,0,0,0,0,0,0,0,0]
[null,null,{"$f":"IFERROR(TRANSPOSE(INDEX(_xlfn._xlws.FILTER(INDIRECT(\"SubcategoriesTable[Subcategory name]\"),INDIRECT(\"SubcategoriesTable[Category name]\")=$B100),,)),\"No subcategories\")","v":0},0,0,0,0,0,0,0,0,0,0,0,0,0,0,0,0,0,0,0,0,0,0,0,0,0,0,0,0,0,0,0,0,0,0,0,0,0,0,0,0,0,0,0,0,0,0,0,0,0,0,0,0,0,0,0,0,0,0,0,0,0,0,0,0,0,0,0,0,0,0,0,0,0,0,0,0,0,0,0,0,0,0,0,0,0,0,0,0,0,0,0,0,0,0,0,0,0,0,0,0,0,0,0,0,0,0,0,0,0,0,0,0,0,0,0,0,0,0,0,0,0,0,0,0,0,0,0,0,0,0,0,0,0,0,0,0,0,0,0,0,0,0,0,0,0,0,0,0,0,0,0,0,0,0,0,0,0,0,0,0,0,0,0,0,0,0,0,0,0,0,0,0,0,0,0,0,0,0,0,0,0,0,0,0,0,0,0,0,0,0,0,0,0,0,0,0,0,0,0,0,0,0,0,0,0,0,0,0,0,0,0,0,0,0,0,0,0,0,0,0,0,0,0,0,0,0,0,0,0,0,0,0,0,0,0,0,0,0,0,0,0,0]

{"sheet":"Institutions","index":6,"n_rows":1,"n_cols":16,"rows_kept":1,"hidden":true}
["ID","Institution name","Institution status","Institution logo","Needs reauth","Institution nickname",null,"ID","Institution ID","Account#","Account name","Account nickname","Account balance","Account type","Account enabled","Is manual"]